000
CXUS53 KGRB 171620
CF6AIG
PRELIMINARY LOCAL CLIMATOLOGICAL DATA (WS FORM: F-6)
STATION: ANTIGO AWOS
MONTH: FEBRUARY
YEAR: 2022
LATITUDE: 45 9 N
LONGITUDE: 89 8 W
TEMPERATURE IN F: :PCPN: SNOW: WIND :SUNSHINE: SKY :PK WND
================================================================================
1 2 3 4 5 6A 6B 7 8 9 10 11 12 13 14 15 16 17 18
12Z AVG MX 2MIN
DY MAX MIN AVG DEP HDD CDD WTR SNW DPTH SPD SPD DIR MIN PSBL S-S WX SPD DR
================================================================================
1 33 11 22 10 43 0 M M M 15.7 25 260 M M 2 37 250
2 11 0 6 -6 59 0 M M M 10.5 14 360 M M 0 21 290
3 7 -14 -3 -15 68 0 M M M 4.7 9 30 M M 0 M M
4 8 -17 -4 -16 69 0 M M M 2.0 7 310 M M 6 8 M M
5 12 -18 -3 -16 68 0 M M M 7.9 21 140 M M 7 1 24 140
6 25 12 19 6 46 0 M M M 5.8 13 340 M M 10 1 M M
7 20 11 16 3 49 0 M M M 6.8 10 320 M M 7 M M
8 31 10 21 8 44 0 M M M 6.8 10 160 M M 3 M M
9 34 20 27 13 38 0 M M M 13.2 21 300 M M 10 1 28 300
10 22 14 18 4 47 0 0.01 M M 11.7 20 150 M M 9 1 29 150
11 34 5 20 6 45 0 M M M 15.0 21 340 M M 10 8 33 340
12 7 -9 -1 -15 66 0 0.01 M M 5.3 23 340 M M 4 31 340
13 10 -14 -2 -17 67 0 M M M 2.5 8 360 M M 4 M M
14 15 -7 4 -11 61 0 M M M 2.3 12 300 M M 3 M M
15 24 -13 6 -9 59 0 M M M 11.5 25 140 M M 5 1 29 140
16 35 16 26 10 39 0 M M M 6.9 18 350 M M 3 1 25 350
17 21 -4 9 -7 56 0 M M M 10.9 16 330 M M 4 23 330
18 24 -21 2 -14 63 0 0.12 M M 13.0 32 270 M M 7 8 43 270
19 11 -6 3 -13 62 0 0.04 M M 14.3 22 280 M M 2 8 31 290
20 41 7 24 7 41 0 M M M 12.5 22 250 M M 1 31 260
21 24 10 17 0 48 0 0.05 M M 15.1 22 60 M M 10 1 27 60
22 16 9 13 -5 52 0 0.46 M M 15.5 21 30 M M 10 1 27 40
23 16 -5 6 -12 59 0 0.07 M M 5.7 15 360 M M 3 16 300
24 16 -7 5 -13 60 0 0.01 M M 7.0 10 110 M M 7 1 M M
25 19 -3 8 -10 57 0 0.02 M M 5.7 10 240 M M 4 1 M M
26 28 0 14 -5 51 0 0.54 M M 14.9 23 250 M M 0 28 250
27 29 12 21 2 44 0 0.01 M M 7.9 14 260 M M 2 20 260
28 32 9 21 1 44 0 M M M 6.2 15 110 M M 7 18 100
================================================================================
SM 605 8 1505 0 1.34 M 257.2 M 140
================================================================================
AV 21.6 0.3 9.2 FASTST M M 5 MAX(MPH)
MISC ----> 32 270 43 270
================================================================================
NOTES:
# LAST OF SEVERAL OCCURRENCES
COLUMN 17 PEAK WIND IN M.P.H.
PRELIMINARY LOCAL CLIMATOLOGICAL DATA (WS FORM: F-6) , PAGE 2
STATION: ANTIGO AWOS
MONTH: FEBRUARY
YEAR: 2022
LATITUDE: 45 9 N
LONGITUDE: 89 8 W
[TEMPERATURE DATA] [PRECIPITATION DATA] SYMBOLS USED IN COLUMN 16
AVERAGE MONTHLY: 10.9 TOTAL FOR MONTH: 1.34 1 = FOG OR MIST
DPTR FM NORMAL: -4.5 DPTR FM NORMAL: 0.65 2 = FOG REDUCING VISIBILITY
HIGHEST: 41 ON 20 GRTST 24HR 0.54 ON 26-26 TO 1/4 MILE OR LESS
LOWEST: -21 ON 18 3 = THUNDER
SNOW, ICE PELLETS, HAIL 4 = ICE PELLETS
TOTAL MONTH: M 5 = HAIL
GRTST 24HR M ON M 6 = FREEZING RAIN OR DRIZZLE
GRTST DEPTH: M ON M 7 = DUSTSTORM OR SANDSTORM:
VSBY 1/2 MILE OR LESS
8 = SMOKE OR HAZE
[NO. OF DAYS WITH] [WEATHER - DAYS WITH] 9 = BLOWING SNOW
X = TORNADO
MAX 32 OR BELOW: 23 0.01 INCH OR MORE: 11
MAX 90 OR ABOVE: 0 0.10 INCH OR MORE: 3
MIN 32 OR BELOW: 28 0.50 INCH OR MORE: 1
MIN 0 OR BELOW: 15 1.00 INCH OR MORE: 0
[HDD (BASE 65) ]
TOTAL THIS MO. 1505 CLEAR (SCALE 0-3) 11
DPTR FM NORMAL 115 PTCLDY (SCALE 4-7) 11
TOTAL FM JUL 1 6401 CLOUDY (SCALE 8-10) 6
DPTR FM NORMAL -270
[CDD (BASE 65) ]
TOTAL THIS MO. 0
DPTR FM NORMAL 0 [PRESSURE DATA]
TOTAL FM JAN 1 0 HIGHEST SLP M ON M
DPTR FM NORMAL 0 LOWEST SLP M ON M
[REMARKS]
#FINAL-02-22#