000
CXAK56 PAJK 011310
CF6AJN
PRELIMINARY LOCAL CLIMATOLOGICAL DATA (WS FORM: F-6)
STATION: JUNEAU
MONTH: MARCH
YEAR: 2024
LATITUDE: 58 22 N
LONGITUDE: 134 35 W
TEMPERATURE IN F: :PCPN: SNOW: WIND :SUNSHINE: SKY :PK WND
================================================================================
1 2 3 4 5 6A 6B 7 8 9 10 11 12 13 14 15 16 17 18
12Z AVG MX 2MIN
DY MAX MIN AVG DEP HDD CDD WTR SNW DPTH SPD SPD DIR MIN PSBL S-S WX SPD DR
================================================================================
1 26 12 19 -12 46 0 0.00 0.0 1 11.5 25 100 M M 2 37 110
2 20 12 16 -15 49 0 0.00 0.0 1 19.8 30 90 M M 2 40 100
3 20 6 13 -18 52 0 0.00 0.0 1 13.6 26 90 M M 3 35 90
4 23 6 15 -16 50 0 0.00 0.0 T 6.6 16 130 M M 3 21 130
5 27 6 17 -14 48 0 0.01 0.1 T 5.5 16 100 M M 7 1 21 100
6 34 24 29 -2 36 0 0.08 2.0 T 15.8 22 120 M M 10 1 29 120
7 42 33 38 7 27 0 0.06 T 2 11.4 21 90 M M 9 1 30 90
8 41 33 37 6 28 0 0.44 0.0 0 23.9 43 110 M M 10 1 58 110
9 41 27 34 2 31 0 0.07 0.0 0 11.7 31 120 M M 8 1 39 110
10 38 27 33 1 32 0 0.03 0.4 T 3.0 15 90 M M 8 12 19 80
11 43 26 35 3 30 0 T 0.1 T 7.6 17 110 M M 8 1 24 110
12 42 28 35 3 30 0 0.13 T 0 7.6 24 120 M M 8 1 34 130
13 40 34 37 5 28 0 0.86 T 0 19.2 29 120 M M 10 1 39 110
14 48 34 41 9 24 0 0.30 T 0 9.4 26 120 M M 9 1 41 210
15 46 34 40 8 25 0 0.62 0.0 0 12.7 25 110 M M 10 1 35 120
16 49 41 45 13 20 0 0.00 0.0 0 10.9 25 90 M M 10 32 80
17 48 39 44 11 21 0 0.20 0.0 0 7.0 20 120 M M 10 1 27 100
18 47 31 39 6 26 0 T 0.0 0 8.5 17 110 M M 10 1 21 110
19 56 29 43 10 22 0 0.00 0.0 0 2.6 17 70 M M 4 12 24 70
20 52 26 39 6 26 0 0.00 0.0 0 3.2 10 240 M M 2 13 220
21 52 25 39 5 26 0 0.00 0.0 0 2.1 9 230 M M 1 12 230
22 50 25 38 4 27 0 0.00 0.0 0 2.0 10 240 M M 5 1 12 230
23 52 25 39 5 26 0 0.00 0.0 0 2.4 10 240 M M 2 1 12 240
24 54 24 39 5 26 0 0.00 0.0 0 5.3 16 110 M M 4 1 21 110
25 48 40 44 10 21 0 T 0.0 0 11.2 22 130 M M 10 28 130
26 50 31 41 6 24 0 T 0.0 0 4.8 16 90 M M 9 1 20 90
27 52 28 40 5 25 0 0.00 0.0 0 3.2 12 240 M M 4 12 14 230
28 55 28 42 7 23 0 0.00 0.0 0 2.4 10 230 M M 2 1 13 230
29 51 27 39 3 26 0 T 0.0 0 5.2 16 270 M M 5 1 23 270
30 43 36 40 4 25 0 0.12 0.0 0 12.8 24 110 M M 10 1 33 110
31 46 38 42 6 23 0 0.16 0.0 0 11.8 29 250 M M 9 1 39 250
================================================================================
SM 1336 835 923 0 3.08 2.6 274.7 M 204
================================================================================
AV 43.1 26.9 8.9 FASTST M M 7 MAX(MPH)
MISC ----> 43 110 58 110
================================================================================
NOTES:
# LAST OF SEVERAL OCCURRENCES
COLUMN 17 PEAK WIND IN M.P.H.
PRELIMINARY LOCAL CLIMATOLOGICAL DATA (WS FORM: F-6) , PAGE 2
STATION: JUNEAU
MONTH: MARCH
YEAR: 2024
LATITUDE: 58 22 N
LONGITUDE: 134 35 W
[TEMPERATURE DATA] [PRECIPITATION DATA] SYMBOLS USED IN COLUMN 16
AVERAGE MONTHLY: 35.0 TOTAL FOR MONTH: 3.08 1 = FOG OR MIST
DPTR FM NORMAL: 2.1 DPTR FM NORMAL: -0.59 2 = FOG REDUCING VISIBILITY
HIGHEST: 56 ON 19 GRTST 24HR 1.16 ON 13-14 TO 1/4 MILE OR LESS
LOWEST: 6 ON 5, 4 3 = THUNDER
SNOW, ICE PELLETS, HAIL 4 = ICE PELLETS
TOTAL MONTH: 2.6 INCHES 5 = HAIL
GRTST 24HR 2.0 ON 6- 6 6 = FREEZING RAIN OR DRIZZLE
GRTST DEPTH: 2 ON 7 7 = DUSTSTORM OR SANDSTORM:
VSBY 1/2 MILE OR LESS
8 = SMOKE OR HAZE
[NO. OF DAYS WITH] [WEATHER - DAYS WITH] 9 = BLOWING SNOW
X = TORNADO
MAX 32 OR BELOW: 5 0.01 INCH OR MORE: 13
MAX 90 OR ABOVE: 0 0.10 INCH OR MORE: 8
MIN 32 OR BELOW: 21 0.50 INCH OR MORE: 2
MIN 0 OR BELOW: 0 1.00 INCH OR MORE: 0
[HDD (BASE 65) ]
TOTAL THIS MO. 923 CLEAR (SCALE 0-3) 8
DPTR FM NORMAL -72 PTCLDY (SCALE 4-7) 8
TOTAL FM JUL 1 6160 CLOUDY (SCALE 8-10) 15
DPTR FM NORMAL -640
[CDD (BASE 65) ]
TOTAL THIS MO. 0
DPTR FM NORMAL 0 [PRESSURE DATA]
TOTAL FM JAN 1 0 HIGHEST SLP 30.33 ON 18
DPTR FM NORMAL 0 LOWEST SLP 29.12 ON 10
[REMARKS]
#FINAL-03-24#