000
CXUS55 KBOU 010900
CF6AKO
PRELIMINARY LOCAL CLIMATOLOGICAL DATA (WS FORM: F-6)
STATION: AKRON CO
MONTH: MAY
YEAR: 2022
LATITUDE: 40 10 N
LONGITUDE: 103 13 W
TEMPERATURE IN F: :PCPN: SNOW: WIND :SUNSHINE: SKY :PK WND
================================================================================
1 2 3 4 5 6A 6B 7 8 9 10 11 12 13 14 15 16 17 18
12Z AVG MX 2MIN
DY MAX MIN AVG DEP HDD CDD WTR SNW DPTH SPD SPD DIR MIN PSBL S-S WX SPD DR
================================================================================
1 68 32 50 -1 15 0 0.02 M M 17.1 37 100 M M 3 49 90
2 43 32 38 -13 27 0 0.98 M M 12.4 36 100 M M 10 12 49 110
3 50 33 42 -10 23 0 0.00 M M 15.9 28 130 M M 9 18 39 120
4 46 38 42 -10 23 0 0.01 M M 10.4 26 110 M M 10 12 32 110
5 64 38 51 -1 14 0 0.00 M M 9.9 22 360 M M 5 1 31 360
6 82 46 64 11 1 0 0.00 M M 10.7 20 50 M M 0 27 300
7 90 51 71 18 0 6 T M M 17.3 41 360 M M 0 54 350
8 76 47 62 8 3 0 T M M 14.7 32 150 M M 2 8 47 150
9 71 39 55 1 10 0 0.00 M M 14.3 29 350 M M 2 40 60
10 74 36 55 1 10 0 0.00 M M 14.2 28 140 M M 0 38 130
11 90 55 73 18 0 8 0.00 M M 16.7 31 190 M M 1 8 46 180
12 84 42 63 8 2 0 0.00 M M 17.2 40 280 M M 0 18 56 220
13 75 38 57 1 8 0 0.00 M M 10.1 29 250 M M 0 8 40 210
14 79 44 62 6 3 0 0.00 M M 7.9 23 100 M M 1 29 150
15 73 47 60 4 5 0 0.00 M M 12.2 33 360 M M 0 43 360
16 88 50 69 12 0 4 0.00 M M 12.7 23 200 M M 0 33 180
17 84 50 67 10 0 2 0.00 M M 12.2 25 20 M M 0 34 20
18 82 47 65 7 0 0 0.00 M M 9.2 17 220 M M 1 25 170
19 88 56 72 14 0 7 0.00 M M 15.0 36 360 M M 0 50 360
20 44 35 40 -19 25 0 0.04 M M 14.1 23 340 M M 10 1 30 350
21 54 33 44 -15 21 0 T M M 7.8 15 350 M M 5 21 10
22 58 36 47 -13 18 0 T M M 14.7 29 170 M M 6 40 160
23 62 40 51 -9 14 0 T M M 14.2 31 160 M M 7 45 170
24 53 37 45 -15 20 0 0.00 M M 7.3 15 90 M M 8 12 18 70
25 69 33 51 -10 14 0 0.00 M M 12.7 26 360 M M 1 1 40 20
26 82 39 61 0 4 0 0.00 M M 7.2 16 290 M M 0 23 280
27 93 57 75 13 0 10 0.00 M M 11.6 24 340 M M 0 36 280
28 91 56 74 12 0 9 0.00 M M 11.0 25 300 M M 0 34 290
29 83 52 68 6 0 3 T M M 15.0 30 290 M M 2 3 42 290
30 68 41 55 -8 10 0 0.09 M M 12.7 37 270 M M 3 1 47 270
31 68 35 52 -11 13 0 0.48 M M 14.1 25 340 M M 5 1 33 330
================================================================================
SM 2232 1315 283 49 1.62 M 392.5 M 91
================================================================================
AV 72.0 42.4 12.7 FASTST M M 3 MAX(MPH)
MISC ----> 41 360 56 220
================================================================================
NOTES:
# LAST OF SEVERAL OCCURRENCES
COLUMN 17 PEAK WIND IN M.P.H.
PRELIMINARY LOCAL CLIMATOLOGICAL DATA (WS FORM: F-6) , PAGE 2
STATION: AKRON CO
MONTH: MAY
YEAR: 2022
LATITUDE: 40 10 N
LONGITUDE: 103 13 W
[TEMPERATURE DATA] [PRECIPITATION DATA] SYMBOLS USED IN COLUMN 16
AVERAGE MONTHLY: 57.2 TOTAL FOR MONTH: 1.62 1 = FOG OR MIST
DPTR FM NORMAL: 0.3 DPTR FM NORMAL: -1.03 2 = FOG REDUCING VISIBILITY
HIGHEST: 93 ON 27 GRTST 24HR 1.00 ON 1- 2 TO 1/4 MILE OR LESS
LOWEST: 32 ON 1, 2 3 = THUNDER
SNOW, ICE PELLETS, HAIL 4 = ICE PELLETS
TOTAL MONTH: M 5 = HAIL
GRTST 24HR M ON M 6 = FREEZING RAIN OR DRIZZLE
GRTST DEPTH: M ON M 7 = DUSTSTORM OR SANDSTORM:
VSBY 1/2 MILE OR LESS
8 = SMOKE OR HAZE
[NO. OF DAYS WITH] [WEATHER - DAYS WITH] 9 = BLOWING SNOW
X = TORNADO
MAX 32 OR BELOW: 0 0.01 INCH OR MORE: 6
MAX 90 OR ABOVE: 4 0.10 INCH OR MORE: 2
MIN 32 OR BELOW: 2 0.50 INCH OR MORE: 1
MIN 0 OR BELOW: 0 1.00 INCH OR MORE: 0
[HDD (BASE 65) ]
TOTAL THIS MO. 283 CLEAR (SCALE 0-3) 21
DPTR FM NORMAL 8 PTCLDY (SCALE 4-7) 5
TOTAL FM JUL 1 5725 CLOUDY (SCALE 8-10) 5
DPTR FM NORMAL -411
[CDD (BASE 65) ]
TOTAL THIS MO. 49
DPTR FM NORMAL 23 [PRESSURE DATA]
TOTAL FM JAN 1 55 HIGHEST SLP M ON M
DPTR FM NORMAL 27 LOWEST SLP 29.10 ON 8
[REMARKS]
#FINAL-05-22#