000
CXUS51 KALY 020445
CLMALB
CLIMATE REPORT
NATIONAL WEATHER SERVICE ALBANY NY
1245 AM EDT SUN APR 02 2023
...................................
...THE ALBANY NY CLIMATE SUMMARY FOR THE MONTH OF MARCH 2023...
CLIMATE NORMAL PERIOD: 1991 TO 2020
CLIMATE RECORD PERIOD: 1874 TO 2023
WEATHER OBSERVED NORMAL DEPART LAST YEAR`S
VALUE DATE(S) VALUE FROM VALUE DATE(S)
NORMAL
................................................................
TEMPERATURE (F)
RECORD
HIGH 89 03/31/1998
LOW -21 03/06/1948
HIGHEST 63 03/22 71 03/18
LOWEST 20 03/01 6 03/04
03/10
03/31
AVG. MAXIMUM 45.4 45.3 0.1 47.2
AVG. MINIMUM 28.2 26.1 2.1 27.4
MEAN 36.8 35.7 1.1 37.3
DAYS MAX >= 90 0 0.0 0.0 0
DAYS MAX <= 32 0 4.1 -4.1 3
DAYS MIN <= 32 23 23.5 -0.5 20
DAYS MIN <= 0 0 0.3 -0.3 0
PRECIPITATION (INCHES)
RECORD
MAXIMUM 7.37 1843
MINIMUM 0.09 1915
TOTALS 4.22 3.09 1.13 3.35
DAILY AVG. 0.14 0.11
DAYS >= .01 16 11.8 4.2 14
DAYS >= .10 11 6.5 4.5 7
DAYS >= .50 2 2.2 -0.2 2
DAYS >= 1.00 1 0.5 0.5 1
GREATEST
24 HR. TOTAL 1.83 03/13 TO 03/14
SNOWFALL (INCHES)
RECORDS
TOTAL 50.9 1888
24 HR TOTAL 30.4 03/12/1888 TO 03/12/1888
SNOW DEPTH 28 03/14/1993
TOTALS 21.0 12.0 9.0 9.1
SINCE 7/1 55.0 57.5 -2.5
SNOWDEPTH AVG. 2
DAYS >= TRACE 13 5.7 7.3 7
DAYS >= 1.0 4 2.6 1.4 2
GREATEST
SNOW DEPTH 9 03/04 4 03/01
03/10
03/13
24 HR TOTAL 9.9 03/14 TO 03/14
DEGREE DAYS
HEATING TOTAL 862 908 -46 852
SINCE 7/1 4901 5602 -701 5344
COOLING TOTAL 0 0 0 0
SINCE 1/1 0 0 0 0
................................................................
WIND (MPH)
AVERAGE WIND SPEED 8.7
HIGHEST WIND SPEED/DIRECTION 37/270 DATE 03/29
HIGHEST GUST SPEED/DIRECTION 48/280 DATE 03/29
SKY COVER
AVERAGE SKY COVER 0.69
AVERAGE RH (PERCENT) 63
WEATHER CONDITIONS. NUMBER OF DAYS WITH
THUNDERSTORM 0 MIXED PRECIP 0
HEAVY RAIN 0 RAIN 2
LIGHT RAIN 13 FREEZING RAIN 0
LT FREEZING RAIN 0 HAIL 1
HEAVY SNOW 1 SNOW 4
LIGHT SNOW 13 SLEET 2
FOG 14 FOG W/VIS <= 1/4 MILE 1
HAZE 1
- INDICATES NEGATIVE NUMBERS.
R INDICATES RECORD WAS SET OR TIED.
MM INDICATES DATA IS MISSING.
T INDICATES TRACE AMOUNT.
$$