000
CXUS54 KCRP 052010
CF6ALI
PRELIMINARY LOCAL CLIMATOLOGICAL DATA (WS FORM: F-6)
STATION: ALICE
MONTH: JANUARY
YEAR: 2023
LATITUDE: 27 44 N
LONGITUDE: 98 1 W
TEMPERATURE IN F: :PCPN: SNOW: WIND :SUNSHINE: SKY :PK WND
================================================================================
1 2 3 4 5 6A 6B 7 8 9 10 11 12 13 14 15 16 17 18
12Z AVG MX 2MIN
DY MAX MIN AVG DEP HDD CDD WTR SNW DPTH SPD SPD DIR MIN PSBL S-S WX SPD DR
================================================================================
1 86 61 74 17 0 9 0.00 0.0 0 9.6 17 160 M M 3 128 27 170
2 88 71 80 23 0 15 0.00 0.0 0 13.7 25 180 M M 5 18 36 180
3 86 51 69 12 0 4 0.00 0.0 0 7.8 20 30 M M 4 18 28 350
4 83 47 65 9 0 0 0.00 0.0 0 6.5 17 10 M M 0 8 24 350
5 83 43 63 7 2 0 0.00 0.0 0 5.0 13 130 M M 0 8 19 120
6 87 47 67 11 0 2 0.00 0.0 0 9.3 23 190 M M 1 12 33 190
7 86 68 77 21 0 12 0.00 0.0 0 10.3 17 130 M M 8 1 26 120
8 77 51 64 8 1 0 T 0.0 0 9.5 23 360 M M 5 12 30 350
9 73 51 62 6 3 0 0.00 0.0 0 4.4 9 120 M M 6 1 12 20
10 84 61 73 17 0 8 0.00 0.0 0 5.8 15 210 M M 5 12 20 250
11 89 62 76 20 0 11 0.00 0.0 0 11.9 22 180 M M 3 1 33 180
12 75 51 63 7 2 0 0.00 0.0 0 11.7 25 340 M M 1 1 34 360
13 70 39 55 -1 10 0 0.00 0.0 0 7.6 15 20 M M 0 21 60
14 73 32 53 -4 12 0 0.00 0.0 0 5.8 12 140 M M 0 M M
15 82 41 62 5 3 0 0.00 0.0 0 10.9 28 170 M M M 1 38 180
16 86 52 69 12 0 4 0.00 0.0 0 5.1 15 210 M M 4 1 21 210
17 85 50 68 11 0 3 0.00 0.0 0 7.8 21 130 M M 5 12 28 130
18 88 56 72 15 0 7 0.00 0.0 0 6.5 20 360 M M 5 18 25 350
19 77 47 62 5 3 0 0.00 0.0 0 7.7 20 20 M M 0 25 30
20 66 53 60 3 5 0 T 0.0 0 10.7 16 60 M M 10 24 60
21 63 56 60 3 5 0 T 0.0 0 8.8 10 360 M M 10 M M
22 51 51 51 -6 14 0 0.00 0.0 0 10.4 10 350 M M 0 M M
23 66 34 50 -7 15 0 0.00 0.0 0 11.1 22 80 M M 7 32 80
24 75 49 62 4 3 0 M 0.0 0 M 38 300 M M M 1 28 310
25 68 39 54 -4 11 0 0.00 0.0 0 M 21 340 M M M 27 310
26 59 32 46 -12 19 0 0.00 0.0 0 6.1 14 70 M M M 20 20
27 60 38 49 -9 16 0 T 0.0 0 M 12 40 M M M 18 15 40
28 75 54 65 7 0 0 T 0.0 0 M 17 160 M M M 12 25 140
29 84 62 73 15 0 8 0.00 0.0 0 M M M M M M 12 M M
30 68 37 53 -5 12 0 T 0.0 0 M M M M M M 1 M M
31 38 35 37 -22 28 0 T 0.0 0 M M M M M M 1 M M
================================================================================
SM 2331 1521 164 83 T 0.0 204.0 M 82
================================================================================
AV 75.2 49.1 8.5 FASTST M M 4 MAX(MPH)
MISC ----> 38 300 38 180
================================================================================
NOTES:
# LAST OF SEVERAL OCCURRENCES
COLUMN 17 PEAK WIND IN M.P.H.
PRELIMINARY LOCAL CLIMATOLOGICAL DATA (WS FORM: F-6) , PAGE 2
STATION: ALICE
MONTH: JANUARY
YEAR: 2023
LATITUDE: 27 44 N
LONGITUDE: 98 1 W
[TEMPERATURE DATA] [PRECIPITATION DATA] SYMBOLS USED IN COLUMN 16
AVERAGE MONTHLY: 62.1 TOTAL FOR MONTH: T 1 = FOG OR MIST
DPTR FM NORMAL: 5.1 DPTR FM NORMAL: -1.19 2 = FOG REDUCING VISIBILITY
HIGHEST: 89 ON 11 GRTST 24HR 0.28 ON 23-24 TO 1/4 MILE OR LESS
LOWEST: 32 ON 26,14 3 = THUNDER
SNOW, ICE PELLETS, HAIL 4 = ICE PELLETS
TOTAL MONTH: 0.0 INCH 5 = HAIL
GRTST 24HR 0.0 6 = FREEZING RAIN OR DRIZZLE
GRTST DEPTH: 0 7 = DUSTSTORM OR SANDSTORM:
VSBY 1/2 MILE OR LESS
8 = SMOKE OR HAZE
[NO. OF DAYS WITH] [WEATHER - DAYS WITH] 9 = BLOWING SNOW
X = TORNADO
MAX 32 OR BELOW: 0 0.01 INCH OR MORE: 0
MAX 90 OR ABOVE: 0 0.10 INCH OR MORE: 0
MIN 32 OR BELOW: 2 0.50 INCH OR MORE: 0
MIN 0 OR BELOW: 0 1.00 INCH OR MORE: 0
[HDD (BASE 65) ]
TOTAL THIS MO. 164 CLEAR (SCALE 0-3) 9
DPTR FM NORMAL -115 PTCLDY (SCALE 4-7) 10
TOTAL FM JUL 1 547 CLOUDY (SCALE 8-10) 12
DPTR FM NORMAL -85
[CDD (BASE 65) ]
TOTAL THIS MO. 83
DPTR FM NORMAL 50 [PRESSURE DATA]
TOTAL FM JAN 1 83 HIGHEST SLP M ON M
DPTR FM NORMAL 50 LOWEST SLP 29.62 ON 18
[REMARKS]
#FINAL-01-23#