000
CXUS54 KEPZ 011030
CF6ALM
PRELIMINARY LOCAL CLIMATOLOGICAL DATA (WS FORM: F-6)
STATION: ALAMOGORDO
MONTH: APRIL
YEAR: 2022
LATITUDE: 32 49 N
LONGITUDE: 106 0 W
TEMPERATURE IN F: :PCPN: SNOW: WIND :SUNSHINE: SKY :PK WND
================================================================================
1 2 3 4 5 6A 6B 7 8 9 10 11 12 13 14 15 16 17 18
12Z AVG MX 2MIN
DY MAX MIN AVG DEP HDD CDD WTR SNW DPTH SPD SPD DIR MIN PSBL S-S WX SPD DR
================================================================================
1 75 39 57 M 8 0 0.00 M M 6.6 14 260 M M 1 22 310
2 79 41 60 M 5 0 0.00 M M 8.0 20 230 M M 0 25 210
3 82 50 66 M 0 1 0.00 M M 8.6 14 240 M M 0 21 240
4 75 50 63 M 2 0 0.00 M M 8.6 20 190 M M 0 24 170
5 86 46 66 M 0 1 0.00 M M 7.3 15 330 M M 0 21 280
6 77 57 67 M 0 2 0.00 M M 12.8 20 360 M M 0 29 360
7 72 41 57 M 8 0 0.00 M M 7.6 16 210 M M 0 25 350
8 72 36 54 M 11 0 0.00 M M 5.8 10 170 M M 1 18 190
9 84 41 63 M 2 0 0.00 M M 8.1 20 240 M M 1 27 260
10 82 59 71 M 0 6 0.00 M M 11.6 22 250 M M 0 31 250
11 81 54 68 M 0 3 0.00 M M 11.9 20 220 M M 0 35 190
12 81 54 68 M 0 3 0.00 M M 18.0 28 220 M M 1 39 240
13 64 48 56 M 9 0 0.00 M M 10.2 17 340 M M 1 8 25 250
14 75 32 54 M 11 0 0.00 M M 9.6 17 200 M M 0 24 200
15 84 46 65 M 0 0 0.00 M M 7.7 18 230 M M 0 27 230
16 81 57 69 M 0 4 0.00 M M 8.7 17 180 M M 0 27 180
17 84 48 66 M 0 1 0.00 M M 10.3 22 10 M M 0 28 10
18 86 41 64 M 1 0 0.00 M M 8.5 21 180 M M 0 31 190
19 86 54 70 M 0 5 0.00 M M 6.8 17 260 M M 0 8 27 300
20 88 63 76 M 0 11 0.00 M M 9.5 22 260 M M 0 32 260
21 88 54 71 M 0 6 0.00 M M 9.9 21 200 M M 0 29 200
22 90 55 73 M 0 8 0.00 M M 17.8 36 200 M M 1 8 41 210
23 77 52 65 M 0 0 0.00 M M 9.9 18 250 M M 0 28 250
24 77 39 58 M 7 0 0.00 M M 5.7 15 270 M M 0 20 180
25 77 41 59 M 6 0 0.00 M M 5.6 14 160 M M 1 23 200
26 77 48 63 M 2 0 0.00 M M 9.9 23 180 M M 0 31 190
27 88 54 71 M 0 6 0.00 M M 8.7 16 230 M M 0 25 200
28 86 52 69 M 0 4 0.00 M M 9.2 20 240 M M 0 28 220
29 82 54 68 M 0 3 0.00 M M 6.8 14 290 M M 0 21 290
30 82 45 64 M 1 0 0.00 M M 9.4 18 170 M M 2 24 170
================================================================================
SM 2418 1451 73 64 0.00 M 279.1 M 9
================================================================================
AV 80.6 48.4 9.3 FASTST M M 0 MAX(MPH)
MISC ----> 36 200 41 210
================================================================================
NOTES:
# LAST OF SEVERAL OCCURRENCES
COLUMN 17 PEAK WIND IN M.P.H.
PRELIMINARY LOCAL CLIMATOLOGICAL DATA (WS FORM: F-6) , PAGE 2
STATION: ALAMOGORDO
MONTH: APRIL
YEAR: 2022
LATITUDE: 32 49 N
LONGITUDE: 106 0 W
[TEMPERATURE DATA] [PRECIPITATION DATA] SYMBOLS USED IN COLUMN 16
AVERAGE MONTHLY: 64.5 TOTAL FOR MONTH: 0.00 1 = FOG OR MIST
DPTR FM NORMAL: 0.0 DPTR FM NORMAL: M 2 = FOG REDUCING VISIBILITY
HIGHEST: 90 ON 22 GRTST 24HR 0.00 ON 1- 1 TO 1/4 MILE OR LESS
LOWEST: 32 ON 14 3 = THUNDER
SNOW, ICE PELLETS, HAIL 4 = ICE PELLETS
TOTAL MONTH: M 5 = HAIL
GRTST 24HR M ON M 6 = FREEZING RAIN OR DRIZZLE
GRTST DEPTH: M ON M 7 = DUSTSTORM OR SANDSTORM:
VSBY 1/2 MILE OR LESS
8 = SMOKE OR HAZE
[NO. OF DAYS WITH] [WEATHER - DAYS WITH] 9 = BLOWING SNOW
X = TORNADO
MAX 32 OR BELOW: 0 0.01 INCH OR MORE: 0
MAX 90 OR ABOVE: 1 0.10 INCH OR MORE: 0
MIN 32 OR BELOW: 1 0.50 INCH OR MORE: 0
MIN 0 OR BELOW: 0 1.00 INCH OR MORE: 0
[HDD (BASE 65) ]
TOTAL THIS MO. 73 CLEAR (SCALE 0-3) 30
DPTR FM NORMAL M PTCLDY (SCALE 4-7) 0
TOTAL FM JUL 1 2763 CLOUDY (SCALE 8-10) 0
DPTR FM NORMAL M
[CDD (BASE 65) ]
TOTAL THIS MO. 64
DPTR FM NORMAL M [PRESSURE DATA]
TOTAL FM JAN 1 64 HIGHEST SLP M ON M
DPTR FM NORMAL M LOWEST SLP M ON M
[REMARKS]
#FINAL-04-22#