000
CXUS53 KDMX 081429
CF6ALO
PRELIMINARY LOCAL CLIMATOLOGICAL DATA (WS FORM: F-6)
STATION: WATERLOO IA
MONTH: OCTOBER
YEAR: 2023
LATITUDE: 42 32 N
LONGITUDE: 92 24 W
TEMPERATURE IN F: :PCPN: SNOW: WIND :SUNSHINE: SKY :PK WND
================================================================================
1 2 3 4 5 6A 6B 7 8 9 10 11 12 13 14 15 16 17 18
12Z AVG MX 2MIN
DY MAX MIN AVG DEP HDD CDD WTR SNW DPTH SPD SPD DIR MIN PSBL S-S WX SPD DR
================================================================================
1 93 67 80 22 0 15 0.00 0.0 0 10.2 18 200 M M 0 27 180
2 90 59 75 17 0 10 0.00 0.0 0 8.3 15 160 M M 1 22 160
3 89 63 76 18 0 11 T 0.0 0 13.5 26 190 M M 3 3 38 200
4 78 52 65 8 0 0 0.02 0.0 0 10.7 21 230 M M 4 30 160
5 74 43 59 2 6 0 0.00 0.0 0 9.9 28 300 M M 0 18 40 330
6 55 43 49 -7 16 0 0.05 0.0 0 13.8 31 310 M M 6 43 310
7 61 42 52 -4 13 0 0.00 0.0 0 8.3 18 260 M M 4 25 330
8 69 42 56 1 9 0 0.00 0.0 0 4.5 16 330 M M 6 22 300
9 62 35 49 -6 16 0 0.00 0.0 0 7.4 21 320 M M 1 32 300
10 64 30 47 -7 18 0 0.00 0.0 0 4.6 17 270 M M 0 23 280
11 66 29 48 -6 17 0 0.04 0.0 0 7.4 17 90 M M 7 3 24 80
12 55 50 53 -1 12 0 0.67 0.0 0 17.3 30 90 M M 10 138 42 100
13 58 51 55 2 10 0 1.52 0.0 0 18.5 40 100 M M 10 13 50 100
14 58 45 52 -1 13 0 0.00 0.0 0 13.9 22 20 M M 10 1 32 20
15 58 42 50 -2 15 0 0.00 0.0 0 11.4 21 320 M M 5 27 350
16 61 35 48 -4 17 0 0.00 0.0 0 6.1 15 350 M M 1 20 350
17 69 32 51 0 14 0 0.00 0.0 0 5.1 15 210 M M 0 1 22 230
18 70 49 60 9 5 0 0.00 0.0 0 10.2 22 190 M M 3 29 200
19 60 46 53 3 12 0 0.00 0.0 0 8.3 18 300 M M 6 25 310
20 72 40 56 6 9 0 0.00 0.0 0 5.4 18 310 M M 0 1 24 310
21 68 40 54 5 11 0 0.00 0.0 0 15.0 33 330 M M 1 45 310
22 62 30 46 -3 19 0 0.00 0.0 0 4.6 18 110 M M 0 1 25 120
23 78 48 63 15 2 0 0.20 0.0 0 12.6 21 170 M M 5 3 29 180
24 81 62 72 24 0 7 0.00 0.0 0 17.1 32 210 M M 6 43 210
25 67 60 64 17 1 0 0.01 0.0 0 4.8 15 210 M M 10 1 21 200
26 72 64 68 21 0 3 0.72 0.0 0 10.1 22 200 M M 9 1 29 200
27 66 35 51 5 14 0 0.15 0.0 0 16.0 25 310 M M 9 1 34 320
28 36 32 34 -12 31 0 0.00 0.0 0 11.4 18 350 M M 10 22 10
29 39 28 34 -12 31 0 0.00 0.0 0 11.5 18 350 M M 7 23 350
30 41 24 33 -12 32 0 0.00 0.0 0 11.7 23 220 M M 2 36 220
31 41 26 34 -11 31 0 T T 0 18.4 31 330 M M 8 45 300
================================================================================
SM 2013 1344 374 46 3.38 T 328.0 M 144
================================================================================
AV 64.9 43.4 10.6 FASTST M M 5 MAX(MPH)
MISC ----> 40 100 50 100
================================================================================
NOTES:
# LAST OF SEVERAL OCCURRENCES
COLUMN 17 PEAK WIND IN M.P.H.
PRELIMINARY LOCAL CLIMATOLOGICAL DATA (WS FORM: F-6) , PAGE 2
STATION: WATERLOO IA
MONTH: OCTOBER
YEAR: 2023
LATITUDE: 42 32 N
LONGITUDE: 92 24 W
[TEMPERATURE DATA] [PRECIPITATION DATA] SYMBOLS USED IN COLUMN 16
AVERAGE MONTHLY: 54.1 TOTAL FOR MONTH: 3.38 1 = FOG OR MIST
DPTR FM NORMAL: 2.5 DPTR FM NORMAL: 0.62 2 = FOG REDUCING VISIBILITY
HIGHEST: 93 ON 1 GRTST 24HR 1.52 ON 12-13 TO 1/4 MILE OR LESS
LOWEST: 24 ON 30 3 = THUNDER
SNOW, ICE PELLETS, HAIL 4 = ICE PELLETS
TOTAL MONTH: T 5 = HAIL
GRTST 24HR T ON 31-31 6 = FREEZING RAIN OR DRIZZLE
GRTST DEPTH: 0 7 = DUSTSTORM OR SANDSTORM:
VSBY 1/2 MILE OR LESS
8 = SMOKE OR HAZE
[NO. OF DAYS WITH] [WEATHER - DAYS WITH] 9 = BLOWING SNOW
X = TORNADO
MAX 32 OR BELOW: 0 0.01 INCH OR MORE: 9
MAX 90 OR ABOVE: 2 0.10 INCH OR MORE: 5
MIN 32 OR BELOW: 8 0.50 INCH OR MORE: 3
MIN 0 OR BELOW: 0 1.00 INCH OR MORE: 1
[HDD (BASE 65) ]
TOTAL THIS MO. 374 CLEAR (SCALE 0-3) 12
DPTR FM NORMAL -54 PTCLDY (SCALE 4-7) 12
TOTAL FM JUL 1 392 CLOUDY (SCALE 8-10) 7
DPTR FM NORMAL -158
[CDD (BASE 65) ]
TOTAL THIS MO. 46
DPTR FM NORMAL 33 [PRESSURE DATA]
TOTAL FM JAN 1 1115 HIGHEST SLP 30.43 ON 31
DPTR FM NORMAL 199 LOWEST SLP 29.57 ON 13
[REMARKS]
#FINAL-10-23#