000
CXUS54 KAMA 010810
CF6AMA
PRELIMINARY LOCAL CLIMATOLOGICAL DATA (WS FORM: F-6)
STATION: AMARILLO
MONTH: JANUARY
YEAR: 2021
LATITUDE: 35 13 N
LONGITUDE: 101 42 W
TEMPERATURE IN F: :PCPN: SNOW: WIND :SUNSHINE: SKY :PK WND
================================================================================
1 2 3 4 5 6A 6B 7 8 9 10 11 12 13 14 15 16 17 18
12Z AVG MX 2MIN
DY MAX MIN AVG DEP HDD CDD WTR SNW DPTH SPD SPD DIR MIN PSBL S-S WX SPD DR
================================================================================
1 47 24 36 0 29 0 0.00 0.0 0 12.2 23 350 M M 1 27 350
2 58 23 41 5 24 0 0.00 0.0 0 7.7 21 220 M M 1 27 220
3 56 25 41 5 24 0 0.00 0.0 0 9.5 21 300 M M 0 27 300
4 59 25 42 6 23 0 0.00 0.0 0 9.7 24 10 M M 0 30 360
5 64 30 47 11 18 0 0.00 0.0 0 19.2 36 200 M M 0 43 200
6 50 29 40 4 25 0 T 0.0 0 20.5 33 340 M M 4 44 340
7 50 22 36 0 29 0 0.00 0.0 0 9.0 20 80 M M 0 24 80
8 42 21 32 -5 33 0 0.00 0.0 0 5.6 12 210 M M 5 12 12 210
9 40 21 31 -6 34 0 0.05 0.7 0 9.1 18 100 M M 5 1 21 110
10 33 27 30 -7 35 0 0.19 1.8 2 7.4 15 60 M M 10 1 19 60
11 40 21 31 -6 34 0 0.00 0.0 2 8.6 17 220 M M 3 20 220
12 54 15 35 -2 30 0 0.00 0.0 0 6.2 15 230 M M 0 18 220
13 64 21 43 6 22 0 0.00 0.0 0 7.8 15 250 M M 0 21 250
14 48 34 41 4 24 0 0.00 0.0 0 17.2 39 360 M M 3 49 360
15 47 26 37 0 28 0 0.00 0.0 0 19.4 40 330 M M 4 78 52 320
16 55 20 38 1 27 0 0.00 0.0 0 7.1 16 230 M M 0 21 210
17 50 28 39 2 26 0 0.00 0.0 0 9.0 17 200 M M 1 21 210
18 54 28 41 4 24 0 0.00 0.0 0 16.4 30 20 M M 3 36 10
19 43 27 35 -2 30 0 T T 0 10.9 24 20 M M 4 29 20
20 61 27 44 7 21 0 0.00 0.0 0 17.0 33 220 M M 3 42 210
21 65 35 50 13 15 0 0.00 0.0 0 10.4 20 290 M M 0 25 290
22 38 23 31 -6 34 0 0.00 0.0 0 9.0 17 170 M M 5 1 21 160
23 63 33 48 11 17 0 0.00 0.0 0 17.0 26 210 M M 5 1 33 210
24 39 27 33 -4 32 0 0.22 0.0 0 11.4 24 120 M M 7 123 30 130
25 51 24 38 1 27 0 0.07 0.0 0 12.1 25 280 M M 3 12 34 250
26 37 20 29 -9 36 0 T T 0 9.3 18 150 M M 7 12 22 150
27 45 20 33 -5 32 0 0.00 0.0 T 9.9 22 170 M M 4 12 27 170
28 55 25 40 2 25 0 0.00 0.0 0 18.9 30 200 M M 0 35 210
29 63 29 46 8 19 0 0.00 0.0 0 17.6 30 190 M M 2 35 200
30 61 39 50 12 15 0 0.05 0.0 0 20.3 37 350 M M 3 3 47 260
31 56 30 43 5 22 0 0.00 0.0 0 11.4 23 360 M M 0 8 28 10
================================================================================
SM 1588 799 814 0 0.58 2.5 376.8 M 83
================================================================================
AV 51.2 25.8 12.2 FASTST M M 3 MAX(MPH)
MISC ----> 40 330 52 320
================================================================================
NOTES:
# LAST OF SEVERAL OCCURRENCES
COLUMN 17 PEAK WIND IN M.P.H.
PRELIMINARY LOCAL CLIMATOLOGICAL DATA (WS FORM: F-6) , PAGE 2
STATION: AMARILLO
MONTH: JANUARY
YEAR: 2021
LATITUDE: 35 13 N
LONGITUDE: 101 42 W
[TEMPERATURE DATA] [PRECIPITATION DATA] SYMBOLS USED IN COLUMN 16
AVERAGE MONTHLY: 38.5 TOTAL FOR MONTH: 0.58 1 = FOG OR MIST
DPTR FM NORMAL: 1.5 DPTR FM NORMAL: -0.14 2 = FOG REDUCING VISIBILITY
HIGHEST: 65 ON 21 GRTST 24HR 0.22 ON 24-24 TO 1/4 MILE OR LESS
LOWEST: 15 ON 12 3 = THUNDER
SNOW, ICE PELLETS, HAIL 4 = ICE PELLETS
TOTAL MONTH: 2.5 INCHES 5 = HAIL
GRTST 24HR 1.8 ON 10-10 6 = FREEZING RAIN OR DRIZZLE
GRTST DEPTH: 2 ON 11,10 7 = DUSTSTORM OR SANDSTORM:
VSBY 1/2 MILE OR LESS
8 = SMOKE OR HAZE
[NO. OF DAYS WITH] [WEATHER - DAYS WITH] 9 = BLOWING SNOW
X = TORNADO
MAX 32 OR BELOW: 0 0.01 INCH OR MORE: 5
MAX 90 OR ABOVE: 0 0.10 INCH OR MORE: 2
MIN 32 OR BELOW: 27 0.50 INCH OR MORE: 0
MIN 0 OR BELOW: 0 1.00 INCH OR MORE: 0
[HDD (BASE 65) ]
TOTAL THIS MO. 814 CLEAR (SCALE 0-3) 19
DPTR FM NORMAL -54 PTCLDY (SCALE 4-7) 11
TOTAL FM JUL 1 2377 CLOUDY (SCALE 8-10) 1
DPTR FM NORMAL -208
[CDD (BASE 65) ]
TOTAL THIS MO. 0
DPTR FM NORMAL 0 [PRESSURE DATA]
TOTAL FM JAN 1 0 HIGHEST SLP M ON M
DPTR FM NORMAL 0 LOWEST SLP 29.48 ON 30
[REMARKS]
#FINAL-01-21#