000
CXUS52 KJAX 071148
CF6AMG
PRELIMINARY LOCAL CLIMATOLOGICAL DATA (WS FORM: F-6)
STATION: ALMA
MONTH: JUNE
YEAR: 2022
LATITUDE: 31 32 N
LONGITUDE: 82 30 W
TEMPERATURE IN F: :PCPN: SNOW: WIND :SUNSHINE: SKY :PK WND
================================================================================
1 2 3 4 5 6A 6B 7 8 9 10 11 12 13 14 15 16 17 18
12Z AVG MX 2MIN
DY MAX MIN AVG DEP HDD CDD WTR SNW DPTH SPD SPD DIR MIN PSBL S-S WX SPD DR
================================================================================
1 93 63 78 0 0 13 0.00 0.0 0 1.9 9 110 M M 3 12 14 130
2 95 66 81 3 0 16 0.00 0.0 0 3.8 10 170 M M 1 16 190
3 96 69 83 5 0 18 1.09 0.0 0 3.8 16 300 M M 2 13 26 310
4 90 68 79 1 0 14 0.03 0.0 0 3.1 14 70 M M 4 13 26 80
5 90 72 81 2 0 16 0.00 0.0 0 3.5 14 150 M M 6 3 18 60
6 87 70 79 0 0 14 0.51 0.0 0 3.6 14 100 M M 4 13 24 100
7 93 67 80 1 0 15 0.00 0.0 0 1.9 8 310 M M 4 12 13 290
8 94 73 84 5 0 19 0.00 0.0 0 4.2 15 310 M M 0 20 300
9 93 72 83 4 0 18 0.00 0.0 0 7.1 16 260 M M 2 3 27 280
10 93 71 82 3 0 17 0.00 0.0 0 3.6 14 240 M M 1 20 280
11 94 71 83 3 0 18 0.34 0.0 0 4.2 16 160 M M 2 13 24 30
12 92 70 81 1 0 16 0.00 0.0 0 5.2 14 220 M M 3 1 18 160
13 94 75 85 5 0 20 0.00 0.0 0 4.4 12 190 M M 3 1 16 180
14 94 73 84 4 0 19 0.27 0.0 0 4.4 25 20 M M 2 13 34 20
15 96 71 84 4 0 19 0.00 0.0 0 3.3 9 100 M M 3 12 16 90
16 94 74 84 4 0 19 0.00 0.0 0 4.4 13 110 M M 1 1 21 90
17 98 72 85 5 0 20 0.01 0.0 0 3.2 17 10 M M 1 13 35 20
18 100 74 87 6 0 22 0.00 0.0 0 5.2 17 300 M M 1 3 24 280
19 92 72 82 1 0 17 0.00 0.0 0 5.9 14 100 M M 1 21 100
20 93 65 79 -2 0 14 0.00 0.0 0 3.5 12 130 M M 0 1 19 130
21 97 63 80 -1 0 15 0.00 0.0 0 3.4 12 350 M M 0 19 330
22 101 66 84 3 0 19 0.00 0.0 0 4.1 10 190 M M 0 14 170
23 105 74 90 9 0 25 0.00 0.0 0 4.3 18 300 M M 1 3 25 300
24 95 76 86 5 0 21 0.00 0.0 0 5.6 15 100 M M 2 23 110
25 93 74 84 3 0 19 0.00 0.0 0 5.0 14 110 M M 2 1 21 120
26 94 67 81 0 0 16 0.00 0.0 0 3.9 15 140 M M 2 1 24 150
27 96 63 80 -1 0 15 0.00 0.0 0 3.0 12 140 M M 1 1 19 130
28 97 69 83 1 0 18 0.00 0.0 0 4.2 16 80 M M 2 13 30 120
29 92 72 82 0 0 17 0.45 0.0 0 1.9 15 290 M M 4 13 21 290
30 90 72 81 -1 0 16 0.95 0.0 0 3.2 15 100 M M 7 123 23 360
================================================================================
SM 2831 2104 0 525 3.65 0.0 118.8 M 65
================================================================================
AV 94.4 70.1 4.0 FASTST M M 2 MAX(MPH)
MISC ----> 25 20 35 20
================================================================================
NOTES:
# LAST OF SEVERAL OCCURRENCES
COLUMN 17 PEAK WIND IN M.P.H.
PRELIMINARY LOCAL CLIMATOLOGICAL DATA (WS FORM: F-6) , PAGE 2
STATION: ALMA
MONTH: JUNE
YEAR: 2022
LATITUDE: 31 32 N
LONGITUDE: 82 30 W
[TEMPERATURE DATA] [PRECIPITATION DATA] SYMBOLS USED IN COLUMN 16
AVERAGE MONTHLY: 82.3 TOTAL FOR MONTH: 3.65 1 = FOG OR MIST
DPTR FM NORMAL: 2.3 DPTR FM NORMAL: -1.69 2 = FOG REDUCING VISIBILITY
HIGHEST: 105 ON 23 GRTST 24HR 1.09 ON 3- 3 TO 1/4 MILE OR LESS
LOWEST: 63 ON 27,21 3 = THUNDER
SNOW, ICE PELLETS, HAIL 4 = ICE PELLETS
TOTAL MONTH: 0.0 INCH 5 = HAIL
GRTST 24HR 0.0 6 = FREEZING RAIN OR DRIZZLE
GRTST DEPTH: 0 7 = DUSTSTORM OR SANDSTORM:
VSBY 1/2 MILE OR LESS
8 = SMOKE OR HAZE
[NO. OF DAYS WITH] [WEATHER - DAYS WITH] 9 = BLOWING SNOW
X = TORNADO
MAX 32 OR BELOW: 0 0.01 INCH OR MORE: 8
MAX 90 OR ABOVE: 29 0.10 INCH OR MORE: 6
MIN 32 OR BELOW: 0 0.50 INCH OR MORE: 3
MIN 0 OR BELOW: 0 1.00 INCH OR MORE: 1
[HDD (BASE 65) ]
TOTAL THIS MO. 0 CLEAR (SCALE 0-3) 23
DPTR FM NORMAL 0 PTCLDY (SCALE 4-7) 7
TOTAL FM JUL 1 1512 CLOUDY (SCALE 8-10) 0
DPTR FM NORMAL -133
[CDD (BASE 65) ]
TOTAL THIS MO. 525
DPTR FM NORMAL 75 [PRESSURE DATA]
TOTAL FM JAN 1 1019 HIGHEST SLP 30.24 ON 20
DPTR FM NORMAL 115 LOWEST SLP 29.74 ON 14
[REMARKS]
#FINAL-06-22#