745
CXUS52 KJAX 032100
CF6AMG
PRELIMINARY LOCAL CLIMATOLOGICAL DATA (WS FORM: F-6)
STATION: ALMA
MONTH: MARCH
YEAR: 2021
LATITUDE: 31 32 N
LONGITUDE: 82 30 W
TEMPERATURE IN F: :PCPN: SNOW: WIND :SUNSHINE: SKY :PK WND
================================================================================
1 2 3 4 5 6A 6B 7 8 9 10 11 12 13 14 15 16 17 18
12Z AVG MX 2MIN
DY MAX MIN AVG DEP HDD CDD WTR SNW DPTH SPD SPD DIR MIN PSBL S-S WX SPD DR
================================================================================
1 77 58 68 11 0 3 0.37 0.0 0 6.7 22 350 M M 8 1 32 360
2 59 45 52 -5 13 0 1.75 0.0 0 5.0 14 90 M M 10 1 22 100
3 62 43 53 -5 12 0 0.38 0.0 0 6.0 16 340 M M 8 1 24 330
4 71 38 55 -3 10 0 0.00 0.0 0 2.5 12 310 M M 0 1 15 290
5 69 42 56 -2 9 0 0.00 0.0 0 3.9 8 120 M M 0 12 120
6 58 39 49 -9 16 0 0.00 0.0 0 4.5 12 50 M M 7 19 90
7 65 35 50 -8 15 0 0.00 0.0 0 4.2 16 350 M M 0 22 350
8 66 30 48 -10 17 0 0.00 0.0 0 2.0 9 150 M M 0 14 40
9 71 31 51 -8 14 0 0.00 0.0 0 1.9 9 110 M M 0 16 120
10 74 40 57 -2 8 0 0.00 0.0 0 4.2 13 150 M M 0 1 17 150
11 77 43 60 1 5 0 0.00 0.0 0 3.7 13 120 M M 0 1 17 100
12 81 46 64 5 1 0 0.00 0.0 0 2.0 10 280 M M 0 1 15 310
13 82 50 66 6 0 1 0.00 0.0 0 1.2 10 280 M M 0 1 14 290
14 84 51 68 8 0 3 0.00 0.0 0 2.4 12 240 M M 2 1 17 220
15 78 53 66 6 0 1 0.00 0.0 0 5.8 16 120 M M 5 1 27 130
16 82 54 68 8 0 3 T 0.0 0 5.2 16 210 M M 2 1 22 200
17 83 65 74 14 0 9 T 0.0 0 4.2 14 200 M M 7 1 20 180
18 80 59 70 9 0 5 0.79 0.0 0 9.0 25 150 M M 6 13 37 130
19 68 51 60 -1 5 0 0.00 0.0 0 8.6 17 330 M M 7 26 290
20 61 46 54 -7 11 0 0.04 0.0 0 6.7 14 340 M M 9 1 26 10
21 57 45 51 -10 14 0 1.70 0.0 0 8.1 14 30 M M 10 1 25 20
22 74 54 64 3 1 0 0.00 0.0 0 4.5 12 80 M M 4 20 350
23 77 51 64 2 1 0 0.00 0.0 0 2.7 10 170 M M 0 1 17 130
24 81 55 68 6 0 3 0.00 0.0 0 3.1 14 190 M M 4 12 20 180
25 87 57 72 10 0 7 0.00 0.0 0 7.4 20 210 M M 1 1 30 190
26 89 67 78 16 0 13 0.00 0.0 0 8.5 20 210 M M 4 1 31 260
27 88 64 76 14 0 11 0.00 0.0 0 3.4 13 170 M M 4 12 17 230
28 85 63 74 12 0 9 0.35 0.0 0 7.6 26 300 M M 3 13 43 290
29 73 53 63 0 2 0 0.00 0.0 0 6.4 12 160 M M 1 17 330
30 79 57 68 5 0 3 T 0.0 0 4.1 13 160 M M 4 1 17 170
31 87 63 75 12 0 10 0.86 0.0 0 7.0 23 330 M M 7 123 35 320
================================================================================
SM 2325 1548 154 81 6.24 0.0 152.5 M 113
================================================================================
AV 75.0 49.9 4.9 FASTST M M 4 MAX(MPH)
MISC ----> 26 300 43 290
================================================================================
NOTES:
# LAST OF SEVERAL OCCURRENCES
COLUMN 17 PEAK WIND IN M.P.H.
PRELIMINARY LOCAL CLIMATOLOGICAL DATA (WS FORM: F-6) , PAGE 2
STATION: ALMA
MONTH: MARCH
YEAR: 2021
LATITUDE: 31 32 N
LONGITUDE: 82 30 W
[TEMPERATURE DATA] [PRECIPITATION DATA] SYMBOLS USED IN COLUMN 16
AVERAGE MONTHLY: 62.5 TOTAL FOR MONTH: 6.24 1 = FOG OR MIST
DPTR FM NORMAL: 2.3 DPTR FM NORMAL: 1.49 2 = FOG REDUCING VISIBILITY
HIGHEST: 89 ON 26 GRTST 24HR 2.13 ON 2- 3 TO 1/4 MILE OR LESS
LOWEST: 30 ON 8 3 = THUNDER
SNOW, ICE PELLETS, HAIL 4 = ICE PELLETS
TOTAL MONTH: 0.0 INCH 5 = HAIL
GRTST 24HR 0.0 6 = FREEZING RAIN OR DRIZZLE
GRTST DEPTH: 0 7 = DUSTSTORM OR SANDSTORM:
VSBY 1/2 MILE OR LESS
8 = SMOKE OR HAZE
[NO. OF DAYS WITH] [WEATHER - DAYS WITH] 9 = BLOWING SNOW
X = TORNADO
MAX 32 OR BELOW: 0 0.01 INCH OR MORE: 8
MAX 90 OR ABOVE: 0 0.10 INCH OR MORE: 7
MIN 32 OR BELOW: 2 0.50 INCH OR MORE: 4
MIN 0 OR BELOW: 0 1.00 INCH OR MORE: 2
[HDD (BASE 65) ]
TOTAL THIS MO. 154 CLEAR (SCALE 0-3) 15
DPTR FM NORMAL -34 PTCLDY (SCALE 4-7) 13
TOTAL FM JUL 1 1497 CLOUDY (SCALE 8-10) 3
DPTR FM NORMAL -92
[CDD (BASE 65) ]
TOTAL THIS MO. 81
DPTR FM NORMAL 43 [PRESSURE DATA]
TOTAL FM JAN 1 106 HIGHEST SLP 30.59 ON 9
DPTR FM NORMAL 52 LOWEST SLP 29.70 ON 18
[REMARKS]
#FINAL-03-21#