000
CXUS53 KDMX 010910
CF6AMW
PRELIMINARY LOCAL CLIMATOLOGICAL DATA (WS FORM: F-6)
STATION: AMES IA
MONTH: NOVEMBER
YEAR: 2022
LATITUDE: 41 59 N
LONGITUDE: 93 37 W
TEMPERATURE IN F: :PCPN: SNOW: WIND :SUNSHINE: SKY :PK WND
================================================================================
1 2 3 4 5 6A 6B 7 8 9 10 11 12 13 14 15 16 17 18
12Z AVG MX 2MIN
DY MAX MIN AVG DEP HDD CDD WTR SNW DPTH SPD SPD DIR MIN PSBL S-S WX SPD DR
================================================================================
1 78 31 55 12 10 0 0.00 0.0 0 7.1 20 180 M M 0 25 180
2 76 41 59 16 6 0 0.00 0.0 0 11.8 22 180 M M 0 37 190
3 71 47 59 17 6 0 0.00 0.0 0 12.7 24 190 M M 6 33 190
4 57 37 47 5 18 0 1.07 0.0 0 11.8 22 300 M M 10 1 34 300
5 50 37 44 2 21 0 1.05 0.0 0 12.8 22 250 M M 5 1 31 250
6 58 33 46 5 19 0 0.00 0.0 0 12.3 26 310 M M 0 44 310
7 48 30 39 -2 26 0 0.00 0.0 0 7.7 16 50 M M 0 22 80
8 59 35 47 7 18 0 0.00 0.0 0 12.6 22 140 M M 5 31 140
9 73 56 65 25 0 0 0.00 0.0 0 13.3 25 180 M M 7 36 190
10 71 26 49 10 16 0 T 0.0 0 16.9 28 290 M M 7 1 40 290
11 29 20 25 -14 40 0 0.00 0.0 0 15.3 24 310 M M 7 8 34 330
12 31 24 28 -10 37 0 T M M 12.9 20 340 M M 10 28 310
13 33 23 28 -10 37 0 0.00 0.0 M 6.1 12 110 M M 6 15 110
14 43 25 34 -4 31 0 0.01 M M 10.2 20 170 M M 9 18 25 180
15 33 27 30 -7 35 0 0.35 M M 8.6 17 290 M M 10 18 25 300
16 27 19 23 -14 42 0 M M M 13.8 21 300 M M 10 18 29 290
17 32 18 25 -11 40 0 T M M 16.4 28 300 M M 8 18 39 300
18 22 13 18 -18 47 0 0.00 0.0 M 14.8 21 300 M M 6 8 31 290
19 26 10 18 -17 47 0 T M M 16.4 30 300 M M 3 8 41 300
20 40 10 25 -10 40 0 0.00 0.0 M 9.9 22 220 M M 0 31 240
21 44 22 33 -1 32 0 0.00 0.0 M 7.2 14 250 M M 0 19 230
22 54 18 36 2 29 0 0.00 0.0 M 3.0 14 210 M M 0 1 16 220
23 56 22 39 5 26 0 0.00 0.0 M 5.2 14 160 M M 0 19 160
24 50 34 42 9 23 0 0.00 0.0 M 6.6 16 310 M M 6 18 22 340
25 53 22 38 5 27 0 0.00 0.0 M 6.6 14 250 M M 0 20 220
26 55 29 42 10 23 0 0.01 0.0 M 9.0 26 210 M M 1 33 200
27 46 19 33 1 32 0 T 0.0 M 11.7 22 340 M M 3 30 310
28 53 16 35 3 30 0 0.00 0.0 M 7.0 22 190 M M 0 32 180
29 39 21 30 -1 35 0 0.02 M M 16.0 35 330 M M 8 16 48 320
30 25 9 17 -14 48 0 0.00 0.0 M 15.1 29 290 M M 0 40 300
================================================================================
SM 1432 774 841 0 2.51 0.0 330.8 M 127
================================================================================
AV 47.7 25.8 11.0 FASTST M M 4 MAX(MPH)
MISC ----> 35 330 48 320
================================================================================
NOTES:
# LAST OF SEVERAL OCCURRENCES
COLUMN 17 PEAK WIND IN M.P.H.
PRELIMINARY LOCAL CLIMATOLOGICAL DATA (WS FORM: F-6) , PAGE 2
STATION: AMES IA
MONTH: NOVEMBER
YEAR: 2022
LATITUDE: 41 59 N
LONGITUDE: 93 37 W
[TEMPERATURE DATA] [PRECIPITATION DATA] SYMBOLS USED IN COLUMN 16
AVERAGE MONTHLY: 36.8 TOTAL FOR MONTH: 2.51 1 = FOG OR MIST
DPTR FM NORMAL: -0.1 DPTR FM NORMAL: 0.63 2 = FOG REDUCING VISIBILITY
HIGHEST: 78 ON 1 GRTST 24HR 1.84 ON 4- 5 TO 1/4 MILE OR LESS
LOWEST: 9 ON 30 3 = THUNDER
SNOW, ICE PELLETS, HAIL 4 = ICE PELLETS
TOTAL MONTH: 0.0 INCH 5 = HAIL
GRTST 24HR 0.0 6 = FREEZING RAIN OR DRIZZLE
GRTST DEPTH: 0 7 = DUSTSTORM OR SANDSTORM:
VSBY 1/2 MILE OR LESS
8 = SMOKE OR HAZE
[NO. OF DAYS WITH] [WEATHER - DAYS WITH] 9 = BLOWING SNOW
X = TORNADO
MAX 32 OR BELOW: 7 0.01 INCH OR MORE: 6
MAX 90 OR ABOVE: 0 0.10 INCH OR MORE: 3
MIN 32 OR BELOW: 22 0.50 INCH OR MORE: 2
MIN 0 OR BELOW: 0 1.00 INCH OR MORE: 2
[HDD (BASE 65) ]
TOTAL THIS MO. 841 CLEAR (SCALE 0-3) 13
DPTR FM NORMAL -2 PTCLDY (SCALE 4-7) 11
TOTAL FM JUL 1 1376 CLOUDY (SCALE 8-10) 6
DPTR FM NORMAL -53
[CDD (BASE 65) ]
TOTAL THIS MO. 0
DPTR FM NORMAL 0 [PRESSURE DATA]
TOTAL FM JAN 1 1046 HIGHEST SLP 30.59 ON 7
DPTR FM NORMAL 260 LOWEST SLP 29.39 ON 5
[REMARKS]
#FINAL-11-22#