000
CXUS54 KBMX 011110
CF6ANB
PRELIMINARY LOCAL CLIMATOLOGICAL DATA (WS FORM: F-6)
STATION: ANNISTON
MONTH: JANUARY
YEAR: 2023
LATITUDE: 33 35 N
LONGITUDE: 85 51 W
TEMPERATURE IN F: :PCPN: SNOW: WIND :SUNSHINE: SKY :PK WND
================================================================================
1 2 3 4 5 6A 6B 7 8 9 10 11 12 13 14 15 16 17 18
12Z AVG MX 2MIN
DY MAX MIN AVG DEP HDD CDD WTR SNW DPTH SPD SPD DIR MIN PSBL S-S WX SPD DR
================================================================================
1 71 47 59 14 6 0 T M 0 2.1 12 240 M M 4 1 16 230
2 71 48 60 15 5 0 0.04 M 0 4.5 14 160 M M 8 1 23 150
3 74 63 69 25 0 4 1.03 0.0 0 6.9 22 260 M M 8 13 30 250
4 70 43 57 13 8 0 1.24 0.0 0 5.0 18 250 M M 4 13 28 240
5 60 36 48 4 17 0 0.00 0.0 0 5.3 20 250 M M 0 1 25 230
6 58 30 44 0 21 0 0.00 0.0 0 3.6 13 320 M M 0 16 310
7 69 33 51 7 14 0 0.00 0.0 0 3.5 13 240 M M 3 18 240
8 63 48 56 12 9 0 0.40 0.0 0 4.4 18 240 M M 8 1 25 240
9 56 35 46 2 19 0 0.00 0.0 0 3.5 12 10 M M 2 1 15 10
10 62 30 46 2 19 0 0.00 0.0 0 2.7 13 220 M M 1 12 15 230
11 66 39 53 9 12 0 0.00 0.0 M 3.0 15 210 M M 8 1 20 210
12 68 49 59 15 6 0 0.82 0.0 0 11.0 31 250 M M 6 13 44 290
13 49 36 43 -1 22 0 T 0.0 M 9.2 17 300 M M 10 1 27 310
14 44 30 37 -7 28 0 0.00 0.0 M 7.4 20 360 M M 5 26 10
15 58 25 42 -2 23 0 0.00 0.0 0 1.9 7 250 M M 0 9 50
16 65 31 48 4 17 0 0.00 0.0 0 4.7 16 230 M M 3 20 230
17 64 50 57 13 8 0 0.50 M M 4.0 13 220 M M 10 12 17 230
18 69 51 60 16 5 0 0.00 0.0 0 5.2 15 220 M M 9 12 23 220
19 70 51 61 17 4 0 0.19 0.0 0 12.5 24 240 M M 3 1 32 210
20 58 39 49 5 16 0 0.00 0.0 0 4.8 14 270 M M 0 21 280
21 53 40 47 3 18 0 0.29 0.0 0 5.5 13 70 M M 3 1 16 70
22 49 43 46 2 19 0 1.01 0.0 0 6.9 15 60 M M 10 13 20 260
23 50 31 41 -3 24 0 T 0.0 0 5.3 15 360 M M 2 23 340
24 58 27 43 -1 22 0 T M M 6.2 20 100 M M 2 29 100
25 60 40 50 6 15 0 0.52 0.0 0 11.9 23 240 M M 9 13 31 250
26 49 32 41 -4 24 0 0.00 0.0 0 8.3 18 260 M M 5 27 260
27 53 26 40 -5 25 0 0.00 0.0 0 3.4 16 240 M M 0 22 250
28 60 28 44 -1 21 0 0.00 0.0 0 2.4 10 130 M M 2 15 170
29 58 47 53 8 12 0 1.12 0.0 0 6.0 12 50 M M 8 1 15 50
30 63 52 58 13 7 0 0.23 0.0 0 4.0 10 60 M M 8 1 13 70
31 64 50 57 12 8 0 0.22 0.0 0 3.5 15 360 M M 10 1 19 350
================================================================================
SM 1882 1230 454 4 7.61 0.0 168.6 M 151
================================================================================
AV 60.7 39.7 5.4 FASTST M M 5 MAX(MPH)
MISC ----> 31 250 44 290
================================================================================
NOTES:
# LAST OF SEVERAL OCCURRENCES
COLUMN 17 PEAK WIND IN M.P.H.
PRELIMINARY LOCAL CLIMATOLOGICAL DATA (WS FORM: F-6) , PAGE 2
STATION: ANNISTON
MONTH: JANUARY
YEAR: 2023
LATITUDE: 33 35 N
LONGITUDE: 85 51 W
[TEMPERATURE DATA] [PRECIPITATION DATA] SYMBOLS USED IN COLUMN 16
AVERAGE MONTHLY: 50.2 TOTAL FOR MONTH: 7.61 1 = FOG OR MIST
DPTR FM NORMAL: 5.8 DPTR FM NORMAL: 2.77 2 = FOG REDUCING VISIBILITY
HIGHEST: 74 ON 3 GRTST 24HR 2.54 ON 3- 4 TO 1/4 MILE OR LESS
LOWEST: 25 ON 15 3 = THUNDER
SNOW, ICE PELLETS, HAIL 4 = ICE PELLETS
TOTAL MONTH: 0.0 INCH 5 = HAIL
GRTST 24HR 0.0 6 = FREEZING RAIN OR DRIZZLE
GRTST DEPTH: 0 7 = DUSTSTORM OR SANDSTORM:
VSBY 1/2 MILE OR LESS
8 = SMOKE OR HAZE
[NO. OF DAYS WITH] [WEATHER - DAYS WITH] 9 = BLOWING SNOW
X = TORNADO
MAX 32 OR BELOW: 0 0.01 INCH OR MORE: 13
MAX 90 OR ABOVE: 0 0.10 INCH OR MORE: 12
MIN 32 OR BELOW: 10 0.50 INCH OR MORE: 7
MIN 0 OR BELOW: 0 1.00 INCH OR MORE: 4
[HDD (BASE 65) ]
TOTAL THIS MO. 454 CLEAR (SCALE 0-3) 12
DPTR FM NORMAL -187 PTCLDY (SCALE 4-7) 9
TOTAL FM JUL 1 1460 CLOUDY (SCALE 8-10) 10
DPTR FM NORMAL -239
[CDD (BASE 65) ]
TOTAL THIS MO. 4
DPTR FM NORMAL 3 [PRESSURE DATA]
TOTAL FM JAN 1 4 HIGHEST SLP 30.46 ON 28
DPTR FM NORMAL 3 LOWEST SLP 29.69 ON 25
[REMARKS]
#FINAL-01-23#