000
CXAK56 PAFC 010957
CF6ANC
PRELIMINARY LOCAL CLIMATOLOGICAL DATA (WS FORM: F-6)
STATION: ANCHORAGE AK
MONTH: AUGUST
YEAR: 2022
LATITUDE: 61 10 N
LONGITUDE: 150 2 W
TEMPERATURE IN F: :PCPN: SNOW: WIND :SUNSHINE: SKY :PK WND
================================================================================
1 2 3 4 5 6A 6B 7 8 9 10 11 12 13 14 15 16 17 18
12Z AVG MX 2MIN
DY MAX MIN AVG DEP HDD CDD WTR SNW DPTH SPD SPD DIR MIN PSBL S-S WX SPD DR
================================================================================
1 59 52 56 -4 9 0 0.39 0.0 0 5.2 18 170 M M 9 1 28 170
2 64 53 59 -1 6 0 0.00 0.0 0 4.9 8 230 M M 7 19 330
3 71 52 62 2 3 0 0.00 0.0 0 5.2 10 240 M M 3 1 19 330
4 66 51 59 0 6 0 0.07 0.0 0 7.6 20 150 M M 7 1 29 150
5 63 53 58 -1 7 0 0.62 0.0 0 10.3 17 170 M M 9 1 27 160
6 61 53 57 -2 8 0 0.07 0.0 0 8.7 20 180 M M 7 8 29 180
7 61 50 56 -3 9 0 0.23 0.0 0 10.1 22 200 M M 8 35 190
8 55 51 53 -6 12 0 1.48 0.0 0 15.3 26 150 M M 10 1 39 150
9 57 51 54 -5 11 0 0.01 0.0 0 7.6 16 150 M M 9 1 23 150
10 69 46 58 -1 7 0 0.00 0.0 0 6.2 14 140 M M 5 19 40
11 64 54 59 0 6 0 0.01 0.0 0 3.4 14 150 M M 10 21 150
12 60 55 58 0 7 0 0.75 0.0 0 4.2 10 80 M M 10 1 23 40
13 62 55 59 1 6 0 0.17 0.0 0 3.8 17 150 M M 10 1 27 160
14 61 53 57 -1 8 0 0.03 0.0 0 4.1 17 160 M M 9 1 23 160
15 61 52 57 -1 8 0 0.04 0.0 0 6.0 23 150 M M 9 1 31 140
16 58 51 55 -3 10 0 0.11 0.0 0 5.7 20 150 M M 8 1 27 160
17 58 50 54 -4 11 0 0.51 0.0 0 7.5 20 200 M M 9 1 29 170
18 56 50 53 -4 12 0 0.38 0.0 0 8.9 21 150 M M 10 1 32 150
19 53 49 51 -6 14 0 0.52 0.0 0 3.7 10 70 M M 10 1 19 30
20 58 50 54 -3 11 0 0.15 0.0 0 5.1 13 350 M M 10 1 18 270
21 63 52 58 1 7 0 0.11 0.0 0 3.0 10 30 M M 8 20 10
22 58 53 56 0 9 0 0.04 0.0 0 3.9 12 130 M M 9 1 21 50
23 64 54 59 3 6 0 T 0.0 0 9.1 20 140 M M 7 12 29 160
24 59 51 55 -1 10 0 0.10 0.0 0 4.8 17 140 M M 9 29 150
25 60 52 56 0 9 0 0.10 0.0 0 7.5 16 160 M M 9 1 23 180
26 57 52 55 -1 10 0 0.18 0.0 0 12.3 22 150 M M 10 1 32 140
27 60 51 56 1 9 0 0.17 0.0 0 4.2 13 140 M M 10 1 16 350
28 64 48 56 1 9 0 0.09 0.0 0 2.6 12 280 M M 7 1 20 360
29 63 47 55 0 10 0 0.00 0.0 0 5.3 15 160 M M 6 12 22 160
30 64 52 58 4 7 0 0.01 0.0 0 12.1 18 140 M M 7 28 140
31 58 50 54 0 11 0 0.46 0.0 0 10.4 21 140 M M 9 1 31 150
================================================================================
SM 1887 1593 268 0 6.80 0.0 208.7 M 260
================================================================================
AV 60.9 51.4 6.7 FASTST M M 8 MAX(MPH)
MISC ----> 26 150 39 150
================================================================================
NOTES:
# LAST OF SEVERAL OCCURRENCES
COLUMN 17 PEAK WIND IN M.P.H.
PRELIMINARY LOCAL CLIMATOLOGICAL DATA (WS FORM: F-6) , PAGE 2
STATION: ANCHORAGE AK
MONTH: AUGUST
YEAR: 2022
LATITUDE: 61 10 N
LONGITUDE: 150 2 W
[TEMPERATURE DATA] [PRECIPITATION DATA] SYMBOLS USED IN COLUMN 16
AVERAGE MONTHLY: 56.1 TOTAL FOR MONTH: 6.80 1 = FOG OR MIST
DPTR FM NORMAL: -1.4 DPTR FM NORMAL: 3.87 2 = FOG REDUCING VISIBILITY
HIGHEST: 71 ON 3 GRTST 24HR 1.61 ON 7- 8 TO 1/4 MILE OR LESS
LOWEST: 46 ON 10 3 = THUNDER
SNOW, ICE PELLETS, HAIL 4 = ICE PELLETS
TOTAL MONTH: 0.0 INCH 5 = HAIL
GRTST 24HR 0.0 6 = FREEZING RAIN OR DRIZZLE
GRTST DEPTH: 0 7 = DUSTSTORM OR SANDSTORM:
VSBY 1/2 MILE OR LESS
8 = SMOKE OR HAZE
[NO. OF DAYS WITH] [WEATHER - DAYS WITH] 9 = BLOWING SNOW
X = TORNADO
MAX 32 OR BELOW: 0 0.01 INCH OR MORE: 26
MAX 90 OR ABOVE: 0 0.10 INCH OR MORE: 17
MIN 32 OR BELOW: 0 0.50 INCH OR MORE: 5
MIN 0 OR BELOW: 0 1.00 INCH OR MORE: 1
[HDD (BASE 65) ]
TOTAL THIS MO. 268 CLEAR (SCALE 0-3) 1
DPTR FM NORMAL 32 PTCLDY (SCALE 4-7) 8
TOTAL FM JUL 1 435 CLOUDY (SCALE 8-10) 22
DPTR FM NORMAL 23
[CDD (BASE 65) ]
TOTAL THIS MO. 0
DPTR FM NORMAL -1 [PRESSURE DATA]
TOTAL FM JAN 1 9 HIGHEST SLP M ON M
DPTR FM NORMAL 1 LOWEST SLP 29.35 ON 17
[REMARKS]
#FINAL-08-22#