000
CXUS53 KAPX 010532
CLMANJ
CLIMATE REPORT
NATIONAL WEATHER SERVICE
132 AM EDT MON APR 01 2024
...................................
...THE SAULT STE MARIE MI CLIMATE SUMMARY FOR THE MONTH OF MARCH 2024...
CLIMATE NORMAL PERIOD: 1991 TO 2020
CLIMATE RECORD PERIOD: 1888 TO 2024
WEATHER OBSERVED NORMAL DEPART LAST YEAR`S
VALUE DATE(S) VALUE FROM VALUE
NORMAL
..............................................................
TEMPERATURE (F)
RECORD
HIGH 83 03/21/2012
LOW -28 03/11/1948
HIGHEST 57 03/04 MM MM
LOWEST 11 03/21 MM MM
AVG. MAXIMUM 41.1 35.5 5.6
AVG. MINIMUM 25.6 17.9 7.7
MEAN 33.3 26.7 6.6
DAYS MAX <= 32 5 12.4 -7.4
DAYS MIN <= 0 0 3.0 -3.0
DAYS MIN <= -20 0
PRECIPITATION (INCHES)
TOTALS 2.69 1.81 0.88
DAYS >= .01 14 12.3 1.7
DAYS >= .10 7 4.9 2.1
DAYS >= .50 1 0.9 0.1
DAYS >= 1.00 0 0.1 -0.1
GREATEST
24 HR. TOTAL 0.89 03/26 TO 03/26
SNOWFALL (INCHES)
RECORDS
TOTAL 37.5 2002
TOTALS 12.4 13.0 -0.6 4.8
DAYS >= TRACE 16 10.4 14
GREATEST
SNOW DEPTH 6 03/20 28
03/21
DEGREE DAYS
HEATING TOTAL 973 1187 -214
SINCE 7/1 5999 7132 -1133
COOLING TOTAL 0 0 0
SINCE 1/1 0 0 0
..............................................................
WIND (MPH)
AVERAGE WIND SPEED 8.2
HIGHEST WIND SPEED/DIRECTION 29/300 DATE 03/19
HIGHEST GUST SPEED/DIRECTION 47/300 DATE 03/19
SKY COVER
AVERAGE SKY COVER 0.58
AVERAGE RH (PERCENT) 72
- INDICATES NEGATIVE NUMBERS.
R INDICATES RECORD WAS SET OR TIED.
MM INDICATES DATA IS MISSING.
T INDICATES TRACE AMOUNT.
$$