000
CXUS51 KCTP 010900
CF6AOO
PRELIMINARY LOCAL CLIMATOLOGICAL DATA (WS FORM: F-6)
STATION: ALTOONA
MONTH: FEBRUARY
YEAR: 2024
LATITUDE: 40 17 N
LONGITUDE: 78 19 W
TEMPERATURE IN F: :PCPN: SNOW: WIND :SUNSHINE: SKY :PK WND
================================================================================
1 2 3 4 5 6A 6B 7 8 9 10 11 12 13 14 15 16 17 18
12Z AVG MX 2MIN
DY MAX MIN AVG DEP HDD CDD WTR SNW DPTH SPD SPD DIR MIN PSBL S-S WX SPD DR
================================================================================
1 48 36 42 14 23 0 T M M 9.9 20 270 M M 8 26 280
2 46 35 41 13 24 0 T M M 10.7 17 330 M M 10 25 10
3 47 29 38 9 27 0 0.00 M M 4.6 13 10 M M 3 19 330
4 50 23 37 8 28 0 0.00 M M 1.2 6 240 M M 0 8 10 80
5 41 25 33 4 32 0 0.00 M M 6.1 16 10 M M 2 21 360
6 42 20 31 2 34 0 0.00 M M 3.8 13 350 M M 0 18 10
7 49 19 34 5 31 0 0.00 M M 1.5 7 240 M M 0 8 10 250
8 54 26 40 11 25 0 0.00 M M 3.2 13 160 M M 0 8 17 170
9 63 38 51 22 14 0 0.00 M M 7.4 17 230 M M 4 25 230
10 61 47 54 24 11 0 0.01 M M 9.0 21 260 M M 6 28 280
11 51 35 43 13 22 0 0.00 M M 4.0 12 340 M M 6 18 320
12 48 30 39 9 26 0 0.20 M M 3.2 9 70 M M 5 18 15 60
13 39 32 36 6 29 0 0.63 M M 12.7 26 310 M M 10 1 36 310
14 34 25 30 0 35 0 0.00 M M 12.0 26 340 M M 5 37 350
15 45 16 31 1 34 0 0.04 M M 7.3 29 300 M M 4 43 280
16 39 29 34 3 31 0 0.23 M M 10.4 28 290 M M 6 1 42 280
17 29 19 24 -7 41 0 0.10 M M 13.6 25 290 M M 9 18 34 280
18 36 18 27 -4 38 0 0.00 M M 15.3 29 260 M M 1 44 260
19 40 18 29 -2 36 0 0.00 M M 4.6 17 280 M M 1 27 290
20 44 17 31 -1 34 0 0.00 M M 3.8 13 160 M M 0 8 17 160
21 46 26 36 4 29 0 0.00 M M 7.1 14 160 M M 2 19 150
22 37 32 35 3 30 0 0.39 M M 5.1 12 160 M M 7 1 17 170
23 54 35 45 13 20 0 0.07 M M 4.4 14 320 M M 6 12 20 310
24 41 25 33 0 32 0 0.00 M M 9.0 16 10 M M 4 27 360
25 45 21 33 0 32 0 0.00 M M 8.0 15 220 M M 0 21 220
26 63 31 47 14 18 0 0.00 M M 4.5 14 150 M M 2 18 150
27 57 39 48 15 17 0 0.08 M M 4.2 9 180 M M 4 14 190
28 59 28 44 10 21 0 0.62 M M 16.1 36 280 M M 10 13 53 280
29 37 24 31 -3 34 0 0.00 M M 15.0 29 290 M M 3 45 290
================================================================================
SM 1345 798 808 0 2.37 M 217.7 M 118
================================================================================
AV 46.4 27.5 7.5 FASTST M M 4 MAX(MPH)
MISC ----> 36 280 53 280
================================================================================
NOTES:
# LAST OF SEVERAL OCCURRENCES
COLUMN 17 PEAK WIND IN M.P.H.
PRELIMINARY LOCAL CLIMATOLOGICAL DATA (WS FORM: F-6) , PAGE 2
STATION: ALTOONA
MONTH: FEBRUARY
YEAR: 2024
LATITUDE: 40 17 N
LONGITUDE: 78 19 W
[TEMPERATURE DATA] [PRECIPITATION DATA] SYMBOLS USED IN COLUMN 16
AVERAGE MONTHLY: 36.9 TOTAL FOR MONTH: 2.37 1 = FOG OR MIST
DPTR FM NORMAL: 6.2 DPTR FM NORMAL: 0.42 2 = FOG REDUCING VISIBILITY
HIGHEST: 63 ON 26, 9 GRTST 24HR 0.83 ON 12-13 TO 1/4 MILE OR LESS
LOWEST: 16 ON 15 3 = THUNDER
SNOW, ICE PELLETS, HAIL 4 = ICE PELLETS
TOTAL MONTH: M 5 = HAIL
GRTST 24HR M ON M 6 = FREEZING RAIN OR DRIZZLE
GRTST DEPTH: M ON M 7 = DUSTSTORM OR SANDSTORM:
VSBY 1/2 MILE OR LESS
8 = SMOKE OR HAZE
[NO. OF DAYS WITH] [WEATHER - DAYS WITH] 9 = BLOWING SNOW
X = TORNADO
MAX 32 OR BELOW: 1 0.01 INCH OR MORE: 10
MAX 90 OR ABOVE: 0 0.10 INCH OR MORE: 6
MIN 32 OR BELOW: 22 0.50 INCH OR MORE: 2
MIN 0 OR BELOW: 0 1.00 INCH OR MORE: 0
[HDD (BASE 65) ]
TOTAL THIS MO. 808 CLEAR (SCALE 0-3) 12
DPTR FM NORMAL -154 PTCLDY (SCALE 4-7) 13
TOTAL FM JUL 1 3769 CLOUDY (SCALE 8-10) 4
DPTR FM NORMAL -566
[CDD (BASE 65) ]
TOTAL THIS MO. 0
DPTR FM NORMAL 0 [PRESSURE DATA]
TOTAL FM JAN 1 0 HIGHEST SLP 30.49 ON 29
DPTR FM NORMAL 0 LOWEST SLP 29.47 ON 28
[REMARKS]
#FINAL-02-24#