000
CXUS55 KBOU 011000
CF6APA
PRELIMINARY LOCAL CLIMATOLOGICAL DATA (WS FORM: F-6)
STATION: CENTENNIAL CO
MONTH: NOVEMBER
YEAR: 2022
LATITUDE: 39 33 N
LONGITUDE: 104 51 W
TEMPERATURE IN F: :PCPN: SNOW: WIND :SUNSHINE: SKY :PK WND
================================================================================
1 2 3 4 5 6A 6B 7 8 9 10 11 12 13 14 15 16 17 18
12Z AVG MX 2MIN
DY MAX MIN AVG DEP HDD CDD WTR SNW DPTH SPD SPD DIR MIN PSBL S-S WX SPD DR
================================================================================
1 72 33 53 9 12 0 0.00 M M 6.9 22 170 M M 4 30 180
2 70 50 60 16 5 0 0.00 M M 14.2 29 210 M M 4 36 200
3 54 26 40 -4 25 0 0.10 M M 8.5 23 10 M M 7 1 32 10
4 43 25 34 -9 31 0 T M M 5.2 16 300 M M 5 1 21 310
5 60 28 44 1 21 0 0.00 M M 6.7 21 300 M M 6 29 290
6 50 34 42 -1 23 0 0.00 M M 10.8 24 180 M M 7 34 180
7 59 35 47 5 18 0 0.00 M M 21.1 37 170 M M 4 50 170
8 70 44 57 15 8 0 0.00 M M 13.6 30 220 M M 5 41 230
9 70 25 48 6 17 0 T M M 10.2 39 220 M M 3 18 51 220
10 50 25 38 -3 27 0 T M M 9.0 26 360 M M 5 33 10
11 37 19 28 -13 37 0 T M M 5.1 12 160 M M 5 15 170
12 50 15 33 -8 32 0 0.00 M M 4.0 12 330 M M 4 14 20
13 50 17 34 -6 31 0 0.00 M M 5.9 16 80 M M 5 23 80
14 35 14 25 -15 40 0 T M M 3.2 10 20 M M 6 1 16 340
15 34 16 25 -15 40 0 0.04 M M 5.1 14 20 M M 5 1 17 20
16 39 15 27 -12 38 0 0.00 M M 5.3 14 160 M M 4 17 150
17 26 12 19 -20 46 0 0.04 M M 6.5 12 360 M M 9 18 19 350
18 23 6 15 -23 50 0 0.03 M M 3.8 10 110 M M 5 1 14 100
19 43 8 26 -12 39 0 0.00 M M 6.5 15 200 M M 1 19 180
20 52 17 35 -3 30 0 0.00 M M 5.4 13 350 M M 0 14 340
21 56 21 39 2 26 0 0.00 M M 5.7 13 300 M M 1 17 270
22 52 23 38 1 27 0 0.00 M M 6.5 12 200 M M 3 15 160
23 52 24 38 1 27 0 0.00 M M 9.7 20 10 M M 7 26 20
24 40 24 32 -4 33 0 0.00 M M 7.0 15 360 M M 6 21 350
25 57 21 39 3 26 0 0.00 M M 3.8 14 130 M M 1 17 130
26 57 28 43 7 22 0 0.00 M M 8.2 20 10 M M 4 28 10
27 49 26 38 3 27 0 T M M 5.2 12 160 M M 6 1 15 340
28 58 24 41 6 24 0 0.00 M M 10.9 24 240 M M 6 32 220
29 24 9 17 -17 48 0 0.20 M M 7.3 21 340 M M 7 18 27 340
30 38 8 23 -11 42 0 0.00 M M 5.1 21 210 M M 1 30 210
================================================================================
SM 1470 672 872 0 0.41 M 226.4 M 136
================================================================================
AV 49.0 22.4 7.5 FASTST M M 5 MAX(MPH)
MISC ----> 39 220 51 220
================================================================================
NOTES:
# LAST OF SEVERAL OCCURRENCES
COLUMN 17 PEAK WIND IN M.P.H.
PRELIMINARY LOCAL CLIMATOLOGICAL DATA (WS FORM: F-6) , PAGE 2
STATION: CENTENNIAL CO
MONTH: NOVEMBER
YEAR: 2022
LATITUDE: 39 33 N
LONGITUDE: 104 51 W
[TEMPERATURE DATA] [PRECIPITATION DATA] SYMBOLS USED IN COLUMN 16
AVERAGE MONTHLY: 35.7 TOTAL FOR MONTH: 0.41 1 = FOG OR MIST
DPTR FM NORMAL: -3.6 DPTR FM NORMAL: -0.12 2 = FOG REDUCING VISIBILITY
HIGHEST: 72 ON 1 GRTST 24HR 0.20 ON 29-29 TO 1/4 MILE OR LESS
LOWEST: 6 ON 18 3 = THUNDER
SNOW, ICE PELLETS, HAIL 4 = ICE PELLETS
TOTAL MONTH: M 5 = HAIL
GRTST 24HR M ON M 6 = FREEZING RAIN OR DRIZZLE
GRTST DEPTH: M ON M 7 = DUSTSTORM OR SANDSTORM:
VSBY 1/2 MILE OR LESS
8 = SMOKE OR HAZE
[NO. OF DAYS WITH] [WEATHER - DAYS WITH] 9 = BLOWING SNOW
X = TORNADO
MAX 32 OR BELOW: 3 0.01 INCH OR MORE: 5
MAX 90 OR ABOVE: 0 0.10 INCH OR MORE: 2
MIN 32 OR BELOW: 25 0.50 INCH OR MORE: 0
MIN 0 OR BELOW: 0 1.00 INCH OR MORE: 0
[HDD (BASE 65) ]
TOTAL THIS MO. 872 CLEAR (SCALE 0-3) 5
DPTR FM NORMAL 101 PTCLDY (SCALE 4-7) 24
TOTAL FM JUL 1 1348 CLOUDY (SCALE 8-10) 1
DPTR FM NORMAL -37
[CDD (BASE 65) ]
TOTAL THIS MO. 0
DPTR FM NORMAL 0 [PRESSURE DATA]
TOTAL FM JAN 1 879 HIGHEST SLP 30.59 ON 16
DPTR FM NORMAL 243 LOWEST SLP 29.34 ON 28
[REMARKS]
#FINAL-11-22#