000
CXUS52 KMFL 011030
CF6APF
PRELIMINARY LOCAL CLIMATOLOGICAL DATA (WS FORM: F-6)
STATION: NAPLES
MONTH: MARCH
YEAR: 2023
LATITUDE: 26 8 N
LONGITUDE: 81 46 W
TEMPERATURE IN F: :PCPN: SNOW: WIND :SUNSHINE: SKY :PK WND
================================================================================
1 2 3 4 5 6A 6B 7 8 9 10 11 12 13 14 15 16 17 18
12Z AVG MX 2MIN
DY MAX MIN AVG DEP HDD CDD WTR SNW DPTH SPD SPD DIR MIN PSBL S-S WX SPD DR
================================================================================
1 84 61 73 4 0 8 0.00 0.0 0 4.6 14 210 M M 0 1 16 220
2 85 63 74 5 0 9 0.00 M M 8.0 18 160 M M 0 23 150
3 87 69 78 9 0 13 0.00 0.0 0 11.4 30 170 M M 1 38 160
4 85 72 79 10 0 14 0.00 0.0 0 8.1 18 220 M M 1 24 220
5 85 67 76 7 0 11 0.00 0.0 0 4.5 13 250 M M 0 1 15 260
6 85 70 78 9 0 13 0.00 0.0 0 6.4 15 290 M M 1 19 290
7 85 70 78 8 0 13 0.00 0.0 0 7.7 20 300 M M 1 24 290
8 86 68 77 7 0 12 0.00 0.0 0 7.6 17 80 M M 5 1 23 80
9 86 69 78 8 0 13 0.00 0.0 0 8.6 16 70 M M 5 19 70
10 81 63 72 2 0 7 0.00 0.0 0 8.2 16 210 M M 0 24 220
11 81 71 76 6 0 11 0.20 0.0 0 9.8 17 280 M M 2 18 22 260
12 82 62 72 2 0 7 0.00 0.0 0 6.9 18 220 M M 0 22 220
13 85 74 80 10 0 15 0.03 0.0 0 12.3 21 220 M M 3 13 25 240
14 80 65 73 3 0 8 0.00 0.0 0 8.1 15 320 M M 3 21 300
15 73 59 66 -4 0 1 0.00 0.0 0 9.4 17 50 M M 2 26 20
16 82 55 69 -1 0 4 0.00 0.0 0 10.2 22 70 M M 0 26 80
17 83 59 71 1 0 6 0.00 0.0 0 9.4 20 160 M M 1 28 160
18 83 65 74 4 0 9 0.00 0.0 0 8.1 16 220 M M 1 21 220
19 74 56 65 -5 0 0 0.03 0.0 0 8.8 16 20 M M 8 18 21 20
20 72 55 64 -6 1 0 0.04 0.0 0 9.8 18 310 M M 2 18 24 300
21 80 52 66 -5 0 1 0.00 0.0 0 9.2 15 310 M M 1 19 20
22 85 61 73 2 0 8 0.00 0.0 M 7.1 16 130 M M 1 21 120
23 87 64 76 5 0 11 0.00 0.0 0 7.5 16 90 M M 1 21 90
24 87 64 76 5 0 11 0.00 0.0 0 8.0 20 210 M M 1 23 200
25 87 70 79 8 0 14 0.00 0.0 0 9.8 21 200 M M 2 1 27 200
26 87 71 79 8 0 14 0.00 0.0 0 8.5 21 210 M M 1 25 200
27 88 70 79 8 0 14 0.00 0.0 0 7.1 18 210 M M 0 22 200
28 86 71 79 7 0 14 0.00 0.0 0 6.2 15 270 M M 4 12 19 260
29 84 71 78 6 0 13 0.00 0.0 0 6.3 17 290 M M 1 1 22 290
30 89 67 78 6 0 13 0.00 0.0 0 10.2 18 80 M M 3 25 70
31 90 69 80 8 0 15 0.00 0.0 0 11.0 22 100 M M 1 27 100
================================================================================
SM 2594 2023 1 302 0.30 0.0 258.8 M 52
================================================================================
AV 83.7 65.3 8.3 FASTST M M 2 MAX(MPH)
MISC ----> 30 170 38 160
================================================================================
NOTES:
# LAST OF SEVERAL OCCURRENCES
COLUMN 17 PEAK WIND IN M.P.H.
PRELIMINARY LOCAL CLIMATOLOGICAL DATA (WS FORM: F-6) , PAGE 2
STATION: NAPLES
MONTH: MARCH
YEAR: 2023
LATITUDE: 26 8 N
LONGITUDE: 81 46 W
[TEMPERATURE DATA] [PRECIPITATION DATA] SYMBOLS USED IN COLUMN 16
AVERAGE MONTHLY: 74.5 TOTAL FOR MONTH: 0.30 1 = FOG OR MIST
DPTR FM NORMAL: 4.2 DPTR FM NORMAL: -1.58 2 = FOG REDUCING VISIBILITY
HIGHEST: 90 ON 31 GRTST 24HR 0.20 ON 11-11 TO 1/4 MILE OR LESS
LOWEST: 52 ON 21 3 = THUNDER
SNOW, ICE PELLETS, HAIL 4 = ICE PELLETS
TOTAL MONTH: 0.0 INCH 5 = HAIL
GRTST 24HR 0.0 6 = FREEZING RAIN OR DRIZZLE
GRTST DEPTH: 0 7 = DUSTSTORM OR SANDSTORM:
VSBY 1/2 MILE OR LESS
8 = SMOKE OR HAZE
[NO. OF DAYS WITH] [WEATHER - DAYS WITH] 9 = BLOWING SNOW
X = TORNADO
MAX 32 OR BELOW: 0 0.01 INCH OR MORE: 4
MAX 90 OR ABOVE: 1 0.10 INCH OR MORE: 1
MIN 32 OR BELOW: 0 0.50 INCH OR MORE: 0
MIN 0 OR BELOW: 0 1.00 INCH OR MORE: 0
[HDD (BASE 65) ]
TOTAL THIS MO. 1 CLEAR (SCALE 0-3) 25
DPTR FM NORMAL -21 PTCLDY (SCALE 4-7) 6
TOTAL FM JUL 1 93 CLOUDY (SCALE 8-10) 0
DPTR FM NORMAL -126
[CDD (BASE 65) ]
TOTAL THIS MO. 302
DPTR FM NORMAL 116 [PRESSURE DATA]
TOTAL FM JAN 1 718 HIGHEST SLP 30.27 ON 22
DPTR FM NORMAL 317 LOWEST SLP 29.81 ON 3
[REMARKS]
#FINAL-03-23#