000
CXUS53 KAPX 031454
CF6APX
PRELIMINARY LOCAL CLIMATOLOGICAL DATA (WS FORM: F-6)
STATION: GAYLORD WFO
MONTH: OCTOBER
YEAR: 2020
LATITUDE: 45 4 N
LONGITUDE: 84 43 W
TEMPERATURE IN F: :PCPN: SNOW: WIND :SUNSHINE: SKY :PK WND
================================================================================
1 2 3 4 5 6A 6B 7 8 9 10 11 12 13 14 15 16 17 18
12Z AVG MX 2MIN
DY MAX MIN AVG DEP HDD CDD WTR SNW DPTH SPD SPD DIR MIN PSBL S-S WX SPD DR
================================================================================
1 50 34 42 -9 23 0 0.17 0.0 0 M M M M M M M M
2 46 31 39 -12 26 0 0.01 0.0 0 M M M M M M M M
3 48 35 42 -8 23 0 0.10 0.0 0 M M M M M M M M
4 44 33 39 -11 26 0 0.34 0.0 0 M M M M M M M M
5 56 29 43 -7 22 0 0.00 0.0 0 M M M M M M M M
6 66 44 55 6 10 0 0.15 0.0 0 M M M M M M M M
7 55 38 47 -2 18 0 0.04 0.0 0 M M M M M M M M
8 56 38 47 -1 18 0 0.02 0.0 0 M M M M M M M M
9 73 38 56 8 9 0 T 0.0 0 M M M M M M M M
10 67 39 53 5 12 0 0.00 0.0 0 M M M M M M M M
11 58 36 47 0 18 0 0.00 0.0 0 M M M M M M M M
12 59 43 51 4 14 0 0.69 0.0 0 M M M M M M M M
13 63 39 51 5 14 0 0.05 0.0 0 M M M M M M 3 M M
14 51 38 45 -1 20 0 0.27 0.0 0 M M M M M M M M
15 50 34 42 -4 23 0 0.41 0.0 0 M M M M M M M M
16 45 29 37 -8 28 0 0.16 0.3 0 M M M M M M M M
17 48 32 40 -5 25 0 0.02 T T M M M M M M M M
18 49 29 39 -5 26 0 0.21 0.0 0 M M M M M M M M
19 45 27 36 -8 29 0 0.01 0.0 0 M M M M M M M M
20 44 31 38 -6 27 0 0.11 0.0 0 M M M M M M M M
21 47 39 43 0 22 0 0.14 0.0 0 M M M M M M M M
22 44 34 39 -4 26 0 2.11 0.0 0 M M M M M M 3 M M
23 51 32 42 -1 23 0 1.25 T 0 M M M M M M M M
24 41 31 36 -6 29 0 T 0.2 0 M M M M M M M M
25 42 32 37 -5 28 0 0.06 0.6 0 M M M M M M M M
26 36 30 33 -8 32 0 0.03 0.0 T M M M M M M M M
27 39 30 35 -6 30 0 T T 0 M M M M M M M M
28 47 30 39 -2 26 0 T 0.0 0 M M M M M M M M
29 41 29 35 -5 30 0 0.03 0.2 0 M M M M M M M M
30 31 26 29 -11 36 0 T T 0 M M M M M M M M
31 46 23 35 -5 30 0 T 0.0 0 M M M M M M M M
================================================================================
SM 1538 1033 723 0 6.38 1.3 M M M
================================================================================
AV 49.6 33.3 M FASTST M M M MAX(MPH)
MISC ----> M M M M
================================================================================
NOTES:
# LAST OF SEVERAL OCCURRENCES
COLUMN 17 PEAK WIND IN M.P.H.
PRELIMINARY LOCAL CLIMATOLOGICAL DATA (WS FORM: F-6) , PAGE 2
STATION: GAYLORD WFO
MONTH: OCTOBER
YEAR: 2020
LATITUDE: 45 4 N
LONGITUDE: 84 43 W
[TEMPERATURE DATA] [PRECIPITATION DATA] SYMBOLS USED IN COLUMN 16
AVERAGE MONTHLY: 41.5 TOTAL FOR MONTH: 6.38 1 = FOG OR MIST
DPTR FM NORMAL: -3.7 DPTR FM NORMAL: 2.74 2 = FOG REDUCING VISIBILITY
HIGHEST: 73 ON 9 GRTST 24HR 2.11 ON 22-22 TO 1/4 MILE OR LESS
LOWEST: 23 ON 31 3 = THUNDER
SNOW, ICE PELLETS, HAIL 4 = ICE PELLETS
TOTAL MONTH: 1.3 INCHES 5 = HAIL
GRTST 24HR 0.6 ON 25-25 6 = FREEZING RAIN OR DRIZZLE
GRTST DEPTH: T 7 = DUSTSTORM OR SANDSTORM:
VSBY 1/2 MILE OR LESS
8 = SMOKE OR HAZE
[NO. OF DAYS WITH] [WEATHER - DAYS WITH] 9 = BLOWING SNOW
X = TORNADO
MAX 32 OR BELOW: 1 0.01 INCH OR MORE: 22
MAX 90 OR ABOVE: 0 0.10 INCH OR MORE: 13
MIN 32 OR BELOW: 16 0.50 INCH OR MORE: 3
MIN 0 OR BELOW: 0 1.00 INCH OR MORE: 2
[HDD (BASE 65) ]
TOTAL THIS MO. 723 CLEAR (SCALE 0-3) 0
DPTR FM NORMAL 107 PTCLDY (SCALE 4-7) 0
TOTAL FM JUL 1 1057 CLOUDY (SCALE 8-10) 31
DPTR FM NORMAL 52
[CDD (BASE 65) ]
TOTAL THIS MO. 0
DPTR FM NORMAL -4 [PRESSURE DATA]
TOTAL FM JAN 1 419 HIGHEST SLP M ON M
DPTR FM NORMAL 158 LOWEST SLP M ON M
[REMARKS]
#FINAL-10-20#