000
CXUS54 KLCH 010830
CF6ARA
PRELIMINARY LOCAL CLIMATOLOGICAL DATA (WS FORM: F-6)
STATION: NEW IBERIA
MONTH: MARCH
YEAR: 2022
LATITUDE: 30 1 N
LONGITUDE: 91 53 W
TEMPERATURE IN F: :PCPN: SNOW: WIND :SUNSHINE: SKY :PK WND
================================================================================
1 2 3 4 5 6A 6B 7 8 9 10 11 12 13 14 15 16 17 18
12Z AVG MX 2MIN
DY MAX MIN AVG DEP HDD CDD WTR SNW DPTH SPD SPD DIR MIN PSBL S-S WX SPD DR
================================================================================
1 71 36 54 -6 11 0 0.00 M M 3.3 10 220 M M 0 15 70
2 75 40 58 -2 7 0 0.00 M M 2.8 14 200 M M 0 1 22 200
3 71 45 58 -2 7 0 0.00 M M 2.2 10 160 M M 0 1 13 160
4 75 43 59 -1 6 0 0.00 M M 4.6 13 190 M M 3 128 19 180
5 81 55 68 8 0 3 T M M 13.6 30 170 M M 5 1 40 170
6 83 65 74 13 0 9 0.00 M M 17.1 29 180 M M 8 40 150
7 81 55 68 7 0 3 0.00 M M 12.0 25 330 M M 8 1 33 330
8 65 47 56 -5 9 0 0.03 0.0 M 11.6 20 60 M M 10 1 27 40
9 61 44 53 -8 12 0 T M M 12.8 22 40 M M 7 29 10
10 73 43 58 -4 7 0 0.00 M M 5.8 14 50 M M 2 18 60
11 72 45 59 -3 6 0 0.42 0.0 M 8.9 31 350 M M 9 13 47 10
12 54 34 44 -18 21 0 0.00 M M 18.8 37 360 M M 1 50 360
13 61 30 46 -16 19 0 0.00 M M 6.3 21 190 M M 0 26 170
14 71 48 60 -2 5 0 T 0.0 M 13.0 22 140 M M 9 28 140
15 75 54 65 3 0 0 1.63 M M 9.8 22 330 M M 5 13 30 320
16 73 52 63 0 2 0 0.00 M M 5.7 13 180 M M 4 12 16 260
17 76 47 62 -1 3 0 0.01 M M 11.5 25 150 M M 6 12 32 150
18 82 57 70 7 0 5 0.06 M M 14.2 28 160 M M 5 1 40 150
19 71 48 60 -3 5 0 0.00 M M 9.8 21 20 M M 1 27 360
20 77 40 59 -5 6 0 0.00 M M 6.9 17 110 M M 0 27 80
21 76 50 63 -1 2 0 0.00 M M 17.5 29 140 M M 7 39 150
22 79 56 68 4 0 3 0.73 M M 17.5 36 170 M M 8 123 52 160
23 69 47 58 -6 7 0 0.00 0.0 M 10.6 24 310 M M 1 32 320
24 73 43 58 -6 7 0 0.00 M M 9.6 26 240 M M 0 39 220
25 76 42 59 -5 6 0 0.00 0.0 M 6.7 21 300 M M 0 27 300
26 77 44 61 -4 4 0 0.00 0.0 M 5.7 17 190 M M 0 1 22 200
27 79 50 65 0 0 0 0.00 M M 8.1 20 190 M M 2 12 29 180
28 83 57 70 5 0 5 0.00 M M 8.1 22 200 M M 6 12 33 200
29 81 64 73 8 0 8 0.00 M M 16.5 26 160 M M 8 1 35 160
30 79 58 69 3 0 4 0.80 M M 17.8 37 170 M M 7 13 53 180
31 73 49 61 -5 4 0 0.00 0.0 M 7.4 20 20 M M 0 25 20
================================================================================
SM 2293 1488 156 40 3.68 0.0 316.2 M 122
================================================================================
AV 74.0 48.0 10.2 FASTST M M 4 MAX(MPH)
MISC ----> # 37 360 53 180
================================================================================
NOTES:
# LAST OF SEVERAL OCCURRENCES
COLUMN 17 PEAK WIND IN M.P.H.
PRELIMINARY LOCAL CLIMATOLOGICAL DATA (WS FORM: F-6) , PAGE 2
STATION: NEW IBERIA
MONTH: MARCH
YEAR: 2022
LATITUDE: 30 1 N
LONGITUDE: 91 53 W
[TEMPERATURE DATA] [PRECIPITATION DATA] SYMBOLS USED IN COLUMN 16
AVERAGE MONTHLY: 61.0 TOTAL FOR MONTH: 3.68 1 = FOG OR MIST
DPTR FM NORMAL: -1.7 DPTR FM NORMAL: 0.77 2 = FOG REDUCING VISIBILITY
HIGHEST: 83 ON 28, 6 GRTST 24HR 1.63 ON 14-15 TO 1/4 MILE OR LESS
LOWEST: 30 ON 13 3 = THUNDER
SNOW, ICE PELLETS, HAIL 4 = ICE PELLETS
TOTAL MONTH: 0.0 INCH 5 = HAIL
GRTST 24HR 0.0 6 = FREEZING RAIN OR DRIZZLE
GRTST DEPTH: M ON M 7 = DUSTSTORM OR SANDSTORM:
VSBY 1/2 MILE OR LESS
8 = SMOKE OR HAZE
[NO. OF DAYS WITH] [WEATHER - DAYS WITH] 9 = BLOWING SNOW
X = TORNADO
MAX 32 OR BELOW: 0 0.01 INCH OR MORE: 7
MAX 90 OR ABOVE: 0 0.10 INCH OR MORE: 4
MIN 32 OR BELOW: 1 0.50 INCH OR MORE: 3
MIN 0 OR BELOW: 0 1.00 INCH OR MORE: 1
[HDD (BASE 65) ]
TOTAL THIS MO. 156 CLEAR (SCALE 0-3) 15
DPTR FM NORMAL 19 PTCLDY (SCALE 4-7) 13
TOTAL FM JUL 1 1230 CLOUDY (SCALE 8-10) 3
DPTR FM NORMAL -96
[CDD (BASE 65) ]
TOTAL THIS MO. 40
DPTR FM NORMAL -25 [PRESSURE DATA]
TOTAL FM JAN 1 83 HIGHEST SLP 30.47 ON 13
DPTR FM NORMAL -22 LOWEST SLP 29.49 ON 30
[REMARKS]
#FINAL-03-22#