000
CXUS54 KHGX 011410
CF6ARM
PRELIMINARY LOCAL CLIMATOLOGICAL DATA (WS FORM: F-6)
STATION: Wharton
MONTH: MAY
YEAR: 2023
LATITUDE: 29 15 N
LONGITUDE: 96 9 W
TEMPERATURE IN F: :PCPN: SNOW: WIND :SUNSHINE: SKY :PK WND
================================================================================
1 2 3 4 5 6A 6B 7 8 9 10 11 12 13 14 15 16 17 18
12Z AVG MX 2MIN
DY MAX MIN AVG DEP HDD CDD WTR SNW DPTH SPD SPD DIR MIN PSBL S-S WX SPD DR
================================================================================
1 84 57 71 M 0 6 M 0.0 0 5.1 10 180 M M 1 M M
2 80 61 71 M 0 6 M 0.0 0 4.4 9 160 M M 4 12 M M
3 84 61 73 M 0 8 M 0.0 0 4.3 10 120 M M 3 12 17 100
4 84 64 74 M 0 9 M 0.0 0 6.8 13 140 M M 8 1 M M
5 90 74 82 M 0 17 0.00 0.0 0 7.3 13 180 M M 6 1 20 150
6 88 67 78 M 0 13 0.00 0.0 0 9.8 17 170 M M 7 1 22 170
7 77 71 74 M 0 9 0.02 0.0 0 7.8 18 160 M M 7 1 24 160
8 85 73 79 M 0 14 M 0.0 0 8.0 17 170 M M 7 1 23 170
9 80 66 73 M 0 8 0.00 0.0 0 M M M M M M 1 M M
10 79 65 72 M 0 7 M 0.0 0 4.4 9 120 M M 10 21 90
11 87 73 80 M 0 15 0.00 0.0 0 9.0 15 170 M M 7 1 21 160
12 88 75 82 M 0 17 M 0.0 0 10.6 15 120 M M 9 1 21 140
13 80 67 74 M 0 9 M 0.0 0 6.6 10 350 M M 7 20 350
14 83 67 75 M 0 10 0.08 0.0 0 4.8 17 130 M M 6 25 130
15 86 71 79 M 0 14 0.00 0.0 0 2.7 8 150 M M 3 1 M M
16 85 67 76 M 0 11 M 0.0 M 4.4 20 130 M M 3 1 29 130
17 85 64 75 M 0 10 M 0.0 M 1.5 6 320 M M 3 1 M M
18 88 66 77 M 0 12 M 0.0 M 1.1 5 120 M M 1 1 M M
19 89 67 78 M 0 13 M 0.0 M 4.7 12 170 M M 2 12 M M
20 87 69 78 M 0 13 0.00 0.0 0 5.7 12 340 M M 1 M M
21 79 68 74 M 0 9 T 0.0 0 4.7 9 350 M M 5 M M
22 85 68 77 M 0 12 M 0.0 0 2.6 6 340 M M 5 1 M M
23 90 66 78 M 0 13 M 0.0 0 1.9 6 110 M M 4 12 M M
24 88 67 78 M 0 13 M 0.0 0 4.2 14 340 M M 2 1 39 330
25 85 68 77 M 0 12 M 0.0 0 4.3 8 20 M M 2 16 20
26 90 66 78 M 0 13 0.00 0.0 0 3.5 10 50 M M 2 1 M M
27 88 65 77 M 0 12 M 0.0 0 2.9 9 140 M M 4 1 M M
28 85 64 75 M 0 10 M 0.0 0 4.0 10 140 M M 3 1 16 120
29 86 67 77 M 0 12 0.00 0.0 0 3.2 13 130 M M 3 12 17 130
30 89 65 77 M 0 12 0.00 0.0 0 3.2 13 130 M M 3 1 23 0
31 90 64 77 M 0 12 0.00 0.0 0 5.7 14 130 M M 3 1 17 140
================================================================================
SM 2644 2073 0 351 0.10 0.0 149.2 M 131
================================================================================
AV 85.3 66.9 5.0 FASTST M M 4 MAX(MPH)
MISC ----> 20 130 39 330
================================================================================
NOTES:
# LAST OF SEVERAL OCCURRENCES
COLUMN 17 PEAK WIND IN M.P.H.
PRELIMINARY LOCAL CLIMATOLOGICAL DATA (WS FORM: F-6) , PAGE 2
STATION: Wharton
MONTH: MAY
YEAR: 2023
LATITUDE: 29 15 N
LONGITUDE: 96 9 W
[TEMPERATURE DATA] [PRECIPITATION DATA] SYMBOLS USED IN COLUMN 16
AVERAGE MONTHLY: 76.1 TOTAL FOR MONTH: 0.10 1 = FOG OR MIST
DPTR FM NORMAL: 0.0 DPTR FM NORMAL: M 2 = FOG REDUCING VISIBILITY
HIGHEST: 90 ON 31,26 GRTST 24HR 0.08 ON 14-14 TO 1/4 MILE OR LESS
LOWEST: 57 ON 1 3 = THUNDER
SNOW, ICE PELLETS, HAIL 4 = ICE PELLETS
TOTAL MONTH: 0.0 INCH 5 = HAIL
GRTST 24HR 0.0 6 = FREEZING RAIN OR DRIZZLE
GRTST DEPTH: 0 7 = DUSTSTORM OR SANDSTORM:
VSBY 1/2 MILE OR LESS
8 = SMOKE OR HAZE
[NO. OF DAYS WITH] [WEATHER - DAYS WITH] 9 = BLOWING SNOW
X = TORNADO
MAX 32 OR BELOW: 0 0.01 INCH OR MORE: 2
MAX 90 OR ABOVE: 4 0.10 INCH OR MORE: 0
MIN 32 OR BELOW: 0 0.50 INCH OR MORE: 0
MIN 0 OR BELOW: 0 1.00 INCH OR MORE: 0
[HDD (BASE 65) ]
TOTAL THIS MO. 0 CLEAR (SCALE 0-3) 14
DPTR FM NORMAL M PTCLDY (SCALE 4-7) 14
TOTAL FM JUL 1 851 CLOUDY (SCALE 8-10) 3
DPTR FM NORMAL M
[CDD (BASE 65) ]
TOTAL THIS MO. 351
DPTR FM NORMAL M [PRESSURE DATA]
TOTAL FM JAN 1 738 HIGHEST SLP M ON M
DPTR FM NORMAL M LOWEST SLP M ON M
[REMARKS]
#FINAL-05-23#