000
CXUS51 KBUF 010805
CF6ART
PRELIMINARY LOCAL CLIMATOLOGICAL DATA (WS FORM: F-6)
STATION: WATERTOWN NY
MONTH: SEPTEMBER
YEAR: 2021
LATITUDE: 43 59 N
LONGITUDE: 76 2 W
TEMPERATURE IN F: :PCPN: SNOW: WIND :SUNSHINE: SKY :PK WND
================================================================================
1 2 3 4 5 6A 6B 7 8 9 10 11 12 13 14 15 16 17 18
12Z AVG MX 2MIN
DY MAX MIN AVG DEP HDD CDD WTR SNW DPTH SPD SPD DIR MIN PSBL S-S WX SPD DR
================================================================================
1 70 50 60 -5 5 0 0.00 M M 4.8 13 40 M M 1 1 16 40
2 64 45 55 -9 10 0 T M M 5.1 14 360 M M 6 18 360
3 70 52 61 -3 4 0 T M M 3.5 13 240 M M 8 18 18 230
4 73 50 62 -2 3 0 0.00 M M 3.1 13 270 M M 1 15 270
5 74 62 68 4 0 3 0.18 M M 7.6 18 230 M M 6 1 26 200
6 71 56 64 1 1 0 0.76 M M 7.6 23 260 M M 4 123 33 230
7 73 50 62 -1 3 0 0.00 M M 5.5 20 200 M M 2 30 200
8 73 63 68 5 0 3 0.36 M M 7.7 20 260 M M 5 1 32 260
9 72 58 65 3 0 0 0.01 M M 6.5 16 260 M M 3 1 22 220
10 72 52 62 0 3 0 0.00 0.0 0 6.9 17 270 M M 4 22 300
11 77 55 66 4 0 1 0.00 M M 8.8 18 200 M M 4 28 200
12 73 60 67 6 0 2 0.04 M M 8.2 20 220 M M 7 1 28 200
13 71 52 62 1 3 0 0.00 M M 3.9 15 260 M M 1 21 260
14 79 49 64 3 1 0 0.00 M M 5.8 17 180 M M 4 31 190
15 78 57 68 8 0 3 0.36 M M 6.0 20 300 M M 5 13 31 200
16 77 49 63 3 2 0 0.00 M M 4.2 12 40 M M 0 12 16 90
17 80 53 67 7 0 2 T M M 4.8 13 160 M M 5 18 150
18 75 50 63 4 2 0 T M M 5.0 16 40 M M 5 19 40
19 71 42 57 -2 8 0 0.00 M M 3.5 13 50 M M 0 16 60
20 78 41 60 2 5 0 0.00 M M 5.3 13 170 M M 0 20 150
21 73 63 68 10 0 3 0.00 M M 9.2 15 170 M M 3 26 170
22 77 65 71 13 0 6 0.24 M M 7.1 15 170 M M 9 1 23 150
23 76 60 68 11 0 3 0.60 M M 7.0 18 160 M M 7 1 27 170
24 65 49 57 0 8 0 T M M 6.4 16 210 M M 5 24 200
25 73 45 59 2 6 0 0.02 M M 5.7 16 270 M M 1 1 20 280
26 67 46 57 1 8 0 T M M 8.8 21 260 M M 4 30 230
27 69 51 60 4 5 0 0.63 M M 7.0 14 210 M M 9 1 21 210
28 62 43 53 -2 12 0 0.00 M M 7.3 16 20 M M 3 23 360
29 63 38 51 -4 14 0 0.00 M M 4.0 13 30 M M 7 1 16 350
30 60 39 50 -5 15 0 T M M 3.6 12 360 M M 8 1 15 350
================================================================================
SM 2156 1545 118 26 3.20 0.0 179.9 M 127
================================================================================
AV 71.9 51.5 6.0 FASTST M M 4 MAX(MPH)
MISC ----> 23 260 33 230
================================================================================
NOTES:
# LAST OF SEVERAL OCCURRENCES
COLUMN 17 PEAK WIND IN M.P.H.
PRELIMINARY LOCAL CLIMATOLOGICAL DATA (WS FORM: F-6) , PAGE 2
STATION: WATERTOWN NY
MONTH: SEPTEMBER
YEAR: 2021
LATITUDE: 43 59 N
LONGITUDE: 76 2 W
[TEMPERATURE DATA] [PRECIPITATION DATA] SYMBOLS USED IN COLUMN 16
AVERAGE MONTHLY: 61.7 TOTAL FOR MONTH: 3.20 1 = FOG OR MIST
DPTR FM NORMAL: 1.7 DPTR FM NORMAL: -0.36 2 = FOG REDUCING VISIBILITY
HIGHEST: 80 ON 17 GRTST 24HR 0.89 ON 5- 6 TO 1/4 MILE OR LESS
LOWEST: 38 ON 29 3 = THUNDER
SNOW, ICE PELLETS, HAIL 4 = ICE PELLETS
TOTAL MONTH: 0.0 INCH 5 = HAIL
GRTST 24HR 0.0 6 = FREEZING RAIN OR DRIZZLE
GRTST DEPTH: 0 7 = DUSTSTORM OR SANDSTORM:
VSBY 1/2 MILE OR LESS
8 = SMOKE OR HAZE
[NO. OF DAYS WITH] [WEATHER - DAYS WITH] 9 = BLOWING SNOW
X = TORNADO
MAX 32 OR BELOW: 0 0.01 INCH OR MORE: 10
MAX 90 OR ABOVE: 0 0.10 INCH OR MORE: 7
MIN 32 OR BELOW: 0 0.50 INCH OR MORE: 3
MIN 0 OR BELOW: 0 1.00 INCH OR MORE: 0
[HDD (BASE 65) ]
TOTAL THIS MO. 118 CLEAR (SCALE 0-3) 10
DPTR FM NORMAL -72 PTCLDY (SCALE 4-7) 18
TOTAL FM JUL 1 153 CLOUDY (SCALE 8-10) 2
DPTR FM NORMAL -98
[CDD (BASE 65) ]
TOTAL THIS MO. 26
DPTR FM NORMAL -14 [PRESSURE DATA]
TOTAL FM JAN 1 543 HIGHEST SLP 30.28 ON 19
DPTR FM NORMAL 162 LOWEST SLP 29.63 ON 8
[REMARKS]
#FINAL-09-21#