000
CXUS55 KGJT 270910
CF6ASE
PRELIMINARY LOCAL CLIMATOLOGICAL DATA (WS FORM: F-6)
STATION: ASPEN CO
MONTH: MARCH
YEAR: 2024
LATITUDE: 39 13 N
LONGITUDE: 106 52 W
TEMPERATURE IN F: :PCPN: SNOW: WIND :SUNSHINE: SKY :PK WND
================================================================================
1 2 3 4 5 6A 6B 7 8 9 10 11 12 13 14 15 16 17 18
12Z AVG MX 2MIN
DY MAX MIN AVG DEP HDD CDD WTR SNW DPTH SPD SPD DIR MIN PSBL S-S WX SPD DR
================================================================================
1 48 19 34 5 31 0 0.00 M M 6.2 20 180 M M 1 26 170
2 46 23 35 6 30 0 0.06 M M 9.8 31 170 M M 5 1 48 160
3 34 18 26 -3 39 0 0.22 M M 5.9 26 330 M M 10 128 49 360
4 38 17 28 -2 37 0 0.23 M M 3.4 14 10 M M 10 18 19 20
5 39 22 31 1 34 0 T M M 3.7 13 10 M M 9 1 16 10
6 41 17 29 -1 36 0 T M M 3.7 17 330 M M 5 23 330
7 41 19 30 -1 35 0 0.04 M M 4.9 15 320 M M 6 1 20 320
8 36 18 27 -4 38 0 0.05 M M 3.9 15 360 M M 9 18 22 360
9 42 9 26 -5 39 0 0.00 M M 5.8 12 150 M M 2 16 190
10 48 14 31 -1 34 0 0.00 M M 6.4 12 210 M M 0 16 200
11 50 16 33 1 32 0 0.00 M M 6.4 18 180 M M 3 26 180
12 47 25 36 4 29 0 0.01 M M 4.2 16 300 M M 8 1 21 300
13 41 26 34 1 31 0 0.01 M M 3.7 18 360 M M 9 18 26 360
14 38 24 31 -2 34 0 0.10 M M 5.2 17 160 M M 8 18 30 140
15 46 28 37 4 28 0 0.00 M M 8.5 20 180 M M 6 8 26 200
16 46 20 33 -1 32 0 0.00 M M 7.9 17 140 M M 5 28 150
17 47 20 34 0 31 0 0.00 M M 4.5 12 320 M M 3 19 270
18 49 20 35 1 30 0 0.00 M M 6.6 14 330 M M 0 19 300
19 51 20 36 1 29 0 0.00 M M 5.8 15 340 M M 1 24 320
20 52 23 38 3 27 0 0.00 M M 6.9 15 250 M M 2 25 290
21 53 23 38 3 27 0 0.03 M M 7.9 28 330 M M 3 43 340
22 53 28 41 6 24 0 0.00 M M 3.9 13 360 M M 3 20 340
23 52 30 41 5 24 0 0.04 M M 9.7 28 180 M M 7 1 34 190
24 46 25 36 0 29 0 0.36 M M 5.6 21 130 M M 7 1 29 130
25 29 20 25 -11 40 0 0.01 M M 6.0 13 350 M M 10 18 20 350
26 32 12 22 -14 43 0 0.06 M M 5.5 15 360 M M 8 18 21 10
================================================================================
SM 1145 536 843 0 1.22 M 152.0 M 140
================================================================================
AV 44.0 20.6 5.8 FASTST M M 5 MAX(MPH)
MISC ----> 31 170 49 360
================================================================================
NOTES:
# LAST OF SEVERAL OCCURRENCES
COLUMN 17 PEAK WIND IN M.P.H.
PRELIMINARY LOCAL CLIMATOLOGICAL DATA (WS FORM: F-6) , PAGE 2
STATION: ASPEN CO
MONTH: MARCH
YEAR: 2024
LATITUDE: 39 13 N
LONGITUDE: 106 52 W
[TEMPERATURE DATA] [PRECIPITATION DATA] SYMBOLS USED IN COLUMN 16
AVERAGE MONTHLY: 32.3 TOTAL FOR MONTH: 1.22 1 = FOG OR MIST
DPTR FM NORMAL: -0.4 DPTR FM NORMAL: 0.37 2 = FOG REDUCING VISIBILITY
HIGHEST: 53 ON 22,21 GRTST 24HR 0.37 ON 23-24 TO 1/4 MILE OR LESS
LOWEST: 9 ON 9 3 = THUNDER
SNOW, ICE PELLETS, HAIL 4 = ICE PELLETS
TOTAL MONTH: M 5 = HAIL
GRTST 24HR M ON M 6 = FREEZING RAIN OR DRIZZLE
GRTST DEPTH: M ON M 7 = DUSTSTORM OR SANDSTORM:
VSBY 1/2 MILE OR LESS
8 = SMOKE OR HAZE
[NO. OF DAYS WITH] [WEATHER - DAYS WITH] 9 = BLOWING SNOW
X = TORNADO
MAX 32 OR BELOW: 2 0.01 INCH OR MORE: 13
MAX 90 OR ABOVE: 0 0.10 INCH OR MORE: 4
MIN 32 OR BELOW: 26 0.50 INCH OR MORE: 0
MIN 0 OR BELOW: 0 1.00 INCH OR MORE: 0
[HDD (BASE 65) ]
TOTAL THIS MO. 843 CLEAR (SCALE 0-3) 8
DPTR FM NORMAL 5 PTCLDY (SCALE 4-7) 11
TOTAL FM JUL 1 6426 CLOUDY (SCALE 8-10) 7
DPTR FM NORMAL -229
[CDD (BASE 65) ]
TOTAL THIS MO. 0
DPTR FM NORMAL 0 [PRESSURE DATA]
TOTAL FM JAN 1 0 HIGHEST SLP M ON M
DPTR FM NORMAL 0 LOWEST SLP 29.05 ON 24
[REMARKS]