000
CXUS55 KGJT 010910
CF6ASE
PRELIMINARY LOCAL CLIMATOLOGICAL DATA (WS FORM: F-6)
STATION: ASPEN CO
MONTH: AUGUST
YEAR: 2021
LATITUDE: 39 13 N
LONGITUDE: 106 52 W
TEMPERATURE IN F: :PCPN: SNOW: WIND :SUNSHINE: SKY :PK WND
================================================================================
1 2 3 4 5 6A 6B 7 8 9 10 11 12 13 14 15 16 17 18
12Z AVG MX 2MIN
DY MAX MIN AVG DEP HDD CDD WTR SNW DPTH SPD SPD DIR MIN PSBL S-S WX SPD DR
================================================================================
1 76 52 64 -1 1 0 0.86 M M 3.9 23 260 M M 8 3 30 270
2 74 51 63 -2 2 0 0.05 M M 4.0 14 340 M M 7 20 330
3 71 51 61 -4 4 0 0.45 M M 4.9 21 360 M M 8 13 32 360
4 77 46 62 -3 3 0 0.00 M M 5.4 14 300 M M 1 22 310
5 83 48 66 1 0 1 0.00 M M 6.4 12 210 M M 0 19 340
6 83 51 67 2 0 2 0.00 M M 5.6 21 330 M M 2 36 330
7 73 48 61 -4 4 0 0.00 M M 7.8 17 350 M M 5 8 25 40
8 81 46 64 -1 1 0 0.00 M M 7.4 18 330 M M 3 8 28 320
9 84 48 66 2 0 1 0.00 M M 6.6 15 340 M M 0 8 24 350
10 84 47 66 2 0 1 0.00 M M 7.2 21 320 M M 0 8 27 320
11 85 47 66 2 0 1 0.00 M M 6.5 18 350 M M 0 8 29 360
12 89 46 68 4 0 3 0.00 M M 7.2 20 170 M M 0 8 28 220
13 88 56 72 8 0 7 0.06 M M 10.3 25 120 M M 2 38 39 120
14 88 49 69 5 0 4 0.00 M M 6.7 20 60 M M 1 8 27 60
15 85 55 70 6 0 5 T M M 8.5 21 360 M M 3 3 33 350
16 81 47 64 0 1 0 0.00 M M 5.5 18 210 M M 1 38 32 200
17 84 49 67 4 0 2 0.00 M M 5.8 14 10 M M 2 8 19 10
18 82 53 68 5 0 3 0.04 M M 6.2 22 320 M M 4 38 35 330
19 58 42 50 -13 15 0 0.49 M M 4.7 16 350 M M 9 18 27 340
20 66 36 51 -12 14 0 0.05 M M 5.3 14 10 M M 3 1 22 10
21 71 38 55 -8 10 0 T M M 5.3 14 320 M M 3 21 320
22 79 50 65 2 0 0 T M M 7.0 17 210 M M 3 27 220
23 81 46 64 2 1 0 T M M 8.1 17 240 M M 2 30 190
24 81 45 63 1 2 0 0.00 M M 6.4 16 340 M M 0 26 340
25 82 45 64 2 1 0 0.00 M M 8.5 18 350 M M 0 26 350
26 73 49 61 -1 4 0 0.02 M M 8.8 24 170 M M 3 33 180
27 82 48 65 3 0 0 0.00 M M 6.8 21 220 M M 1 32 250
28 83 47 65 3 0 0 0.00 M M 7.5 20 330 M M 1 35 330
29 83 45 64 3 1 0 0.00 M M 7.4 17 360 M M 0 25 40
30 83 43 63 2 2 0 0.00 M M 7.0 16 350 M M 0 25 350
31 84 48 66 5 0 1 0.00 M M 5.6 13 360 M M 1 21 360
================================================================================
SM 2474 1472 66 31 2.02 M 204.3 M 73
================================================================================
AV 79.8 47.5 6.6 FASTST M M 2 MAX(MPH)
MISC ----> 25 120 39 120
================================================================================
NOTES:
# LAST OF SEVERAL OCCURRENCES
COLUMN 17 PEAK WIND IN M.P.H.
PRELIMINARY LOCAL CLIMATOLOGICAL DATA (WS FORM: F-6) , PAGE 2
STATION: ASPEN CO
MONTH: AUGUST
YEAR: 2021
LATITUDE: 39 13 N
LONGITUDE: 106 52 W
[TEMPERATURE DATA] [PRECIPITATION DATA] SYMBOLS USED IN COLUMN 16
AVERAGE MONTHLY: 63.6 TOTAL FOR MONTH: 2.02 1 = FOG OR MIST
DPTR FM NORMAL: 0.3 DPTR FM NORMAL: 0.54 2 = FOG REDUCING VISIBILITY
HIGHEST: 89 ON 12 GRTST 24HR 0.91 ON 1- 2 TO 1/4 MILE OR LESS
LOWEST: 36 ON 20 3 = THUNDER
SNOW, ICE PELLETS, HAIL 4 = ICE PELLETS
TOTAL MONTH: M 5 = HAIL
GRTST 24HR M ON M 6 = FREEZING RAIN OR DRIZZLE
GRTST DEPTH: M ON M 7 = DUSTSTORM OR SANDSTORM:
VSBY 1/2 MILE OR LESS
8 = SMOKE OR HAZE
[NO. OF DAYS WITH] [WEATHER - DAYS WITH] 9 = BLOWING SNOW
X = TORNADO
MAX 32 OR BELOW: 0 0.01 INCH OR MORE: 8
MAX 90 OR ABOVE: 0 0.10 INCH OR MORE: 3
MIN 32 OR BELOW: 0 0.50 INCH OR MORE: 1
MIN 0 OR BELOW: 0 1.00 INCH OR MORE: 0
[HDD (BASE 65) ]
TOTAL THIS MO. 66 CLEAR (SCALE 0-3) 25
DPTR FM NORMAL -11 PTCLDY (SCALE 4-7) 5
TOTAL FM JUL 1 81 CLOUDY (SCALE 8-10) 1
DPTR FM NORMAL -35
[CDD (BASE 65) ]
TOTAL THIS MO. 31
DPTR FM NORMAL 5 [PRESSURE DATA]
TOTAL FM JAN 1 181 HIGHEST SLP M ON M
DPTR FM NORMAL 95 LOWEST SLP 29.63 ON 31
[REMARKS]
#FINAL-08-21#