000
CXUS52 KFFC 011110
CF6ATL
PRELIMINARY LOCAL CLIMATOLOGICAL DATA (WS FORM: F-6)
STATION: ATLANTA
MONTH: DECEMBER
YEAR: 2022
LATITUDE: 33 39 N
LONGITUDE: 84 26 W
TEMPERATURE IN F: :PCPN: SNOW: WIND :SUNSHINE: SKY :PK WND
================================================================================
1 2 3 4 5 6A 6B 7 8 9 10 11 12 13 14 15 16 17 18
12Z AVG MX 2MIN
DY MAX MIN AVG DEP HDD CDD WTR SNW DPTH SPD SPD DIR MIN PSBL S-S WX SPD DR
================================================================================
1 57 33 45 -5 20 0 0.00 0.0 0 7.1 18 350 M M 4 27 360
2 61 39 50 0 15 0 0.00 0.0 0 8.1 14 150 M M 7 20 160
3 65 50 58 8 7 0 0.04 M M 6.4 22 330 M M 9 1 28 330
4 60 45 53 4 12 0 T M M 6.8 13 340 M M 7 18 350
5 52 48 50 1 15 0 0.83 M M 7.6 16 60 M M 10 1 19 70
6 55 48 52 3 13 0 0.14 0.0 0 7.1 10 100 M M 10 12 19 40
7 73 54 64 15 1 0 T 0.0 0 3.6 9 230 M M 9 12 11 230
8 78 61 70 21 0 5 T 0.0 0 3.5 15 250 M M 5 12 20 240
9 71 57 64 16 1 0 0.41 0.0 0 6.8 15 80 M M 8 18 21 40
10 57 52 55 7 10 0 T 0.0 0 7.4 14 160 M M 10 1 20 170
11 54 52 53 5 12 0 0.44 0.0 0 4.6 9 50 M M 10 12 16 30
12 62 52 57 9 8 0 0.00 0.0 0 5.0 12 110 M M 9 12 17 110
13 53 48 51 3 14 0 0.00 0.0 0 11.6 18 100 M M 9 1 24 90
14 49 43 46 -2 19 0 0.63 0.0 0 12.3 18 100 M M 10 1 24 90
15 58 42 50 3 15 0 0.74 M M 11.1 20 310 M M 5 1 26 310
16 54 37 46 -1 19 0 0.00 0.0 0 9.0 21 270 M M 1 28 290
17 48 36 42 -5 23 0 0.00 0.0 0 8.2 16 270 M M 6 23 280
18 46 31 39 -8 26 0 0.00 0.0 0 11.1 17 310 M M 1 25 300
19 51 29 40 -7 25 0 0.00 0.0 M 8.1 13 60 M M 6 17 60
20 44 39 42 -4 23 0 0.06 M M 10.9 18 70 M M 10 1 23 60
21 50 39 45 -1 20 0 T 0.0 0 12.1 20 80 M M 10 1 26 70
22 49 40 45 -1 20 0 0.01 M M 7.4 16 210 M M 10 1 27 220
23 52 11 32 -14 33 0 0.01 0.0 0 21.3 36 290 M M 4 1 48 270
24 27 8 18 -28 47 0 0.00 0.0 0 13.1 24 300 M M 4 34 330
25 37 18 28 -18 37 0 0.00 0.0 M 10.5 17 310 M M 1 23 290
26 44 19 32 -14 33 0 T 0.1 0 5.8 12 30 M M 5 15 30
27 52 30 41 -5 24 0 0.01 T 0 3.2 9 200 M M 4 14 300
28 58 30 44 -2 21 0 0.00 0.0 0 4.3 10 110 M M 1 17 160
29 66 42 54 9 11 0 0.00 0.0 0 6.9 12 140 M M 4 17 100
30 67 47 57 12 8 0 0.03 0.0 0 7.5 21 120 M M 8 1 34 120
31 63 55 59 14 6 0 0.09 0.0 M 4.3 10 270 M M 8 12 17 110
================================================================================
SM 1713 1235 538 5 3.44 0.1 252.7 M 205
================================================================================
AV 55.3 39.8 8.2 FASTST M M 7 MAX(MPH)
MISC ----> 36 290 48 270
================================================================================
NOTES:
# LAST OF SEVERAL OCCURRENCES
COLUMN 17 PEAK WIND IN M.P.H.
PRELIMINARY LOCAL CLIMATOLOGICAL DATA (WS FORM: F-6) , PAGE 2
STATION: ATLANTA
MONTH: DECEMBER
YEAR: 2022
LATITUDE: 33 39 N
LONGITUDE: 84 26 W
[TEMPERATURE DATA] [PRECIPITATION DATA] SYMBOLS USED IN COLUMN 16
AVERAGE MONTHLY: 47.5 TOTAL FOR MONTH: 3.44 1 = FOG OR MIST
DPTR FM NORMAL: 0.2 DPTR FM NORMAL: -1.13 2 = FOG REDUCING VISIBILITY
HIGHEST: 78 ON 8 GRTST 24HR 1.37 ON 14-15 TO 1/4 MILE OR LESS
LOWEST: 8 ON 24 3 = THUNDER
SNOW, ICE PELLETS, HAIL 4 = ICE PELLETS
TOTAL MONTH: 0.1 INCH 5 = HAIL
GRTST 24HR 0.1 ON 26-26 6 = FREEZING RAIN OR DRIZZLE
GRTST DEPTH: 0 7 = DUSTSTORM OR SANDSTORM:
VSBY 1/2 MILE OR LESS
8 = SMOKE OR HAZE
[NO. OF DAYS WITH] [WEATHER - DAYS WITH] 9 = BLOWING SNOW
X = TORNADO
MAX 32 OR BELOW: 1 0.01 INCH OR MORE: 13
MAX 90 OR ABOVE: 0 0.10 INCH OR MORE: 6
MIN 32 OR BELOW: 8 0.50 INCH OR MORE: 3
MIN 0 OR BELOW: 0 1.00 INCH OR MORE: 0
[HDD (BASE 65) ]
TOTAL THIS MO. 538 CLEAR (SCALE 0-3) 4
DPTR FM NORMAL -12 PTCLDY (SCALE 4-7) 13
TOTAL FM JUL 1 925 CLOUDY (SCALE 8-10) 14
DPTR FM NORMAL -66
[CDD (BASE 65) ]
TOTAL THIS MO. 5
DPTR FM NORMAL 3 [PRESSURE DATA]
TOTAL FM JAN 1 2218 HIGHEST SLP 30.49 ON 2
DPTR FM NORMAL 168 LOWEST SLP 29.69 ON 15
[REMARKS]
#FINAL-12-22#