000
CXUS52 KFFC 052300
CLMATL
CLIMATE REPORT
NATIONAL WEATHER SERVICE PEACHTREE CITY GA
600 PM EST TUE MAR 05 2024
...................................
...THE ATLANTA CLIMATE SUMMARY FOR THE MONTH OF FEBRUARY 2024...
CLIMATE NORMAL PERIOD: 1991 TO 2020
CLIMATE RECORD PERIOD: 1878 TO 2024
WEATHER OBSERVED NORMAL DEPART LAST YEAR`S
VALUE DATE(S) VALUE FROM VALUE DATE(S)
NORMAL
................................................................
TEMPERATURE (F)
RECORD
HIGH 81 02/22/2023
LOW -9 02/13/1899
HIGHEST 75 02/28 80 -5 81 02/22
LOWEST 31 02/18 6 25 29 02/18
AVG. MAXIMUM 63.5 58.2 5.3 66.3
AVG. MINIMUM 42.7 38.9 3.8 47.8
MEAN 53.1 48.5 4.6 57.1
DAYS MAX >= 90 0 0.0 0.0 0
DAYS MAX <= 32 0 0.2 -0.2 0
DAYS MIN <= 32 1 7.7 -6.7 2
DAYS MIN <= 0 0 0.0 0.0 0
PRECIPITATION (INCHES)
RECORD
MAXIMUM 15.82 1883
MINIMUM 0.84 1981
TOTALS 3.89 4.55 -0.66 2.32
DAILY AVG. 0.13 NAN NAN 0.08
DAYS >= .01 8 10.4 -2.4 12
DAYS >= .10 5 6.9 -1.9 5
DAYS >= .50 3 3.3 -0.3 1
DAYS >= 1.00 1 1.4 -0.4 0
GREATEST
24 HR. TOTAL 2.67 02/11 TO 02/12 0.86 02/02 TO 02/03
SNOWFALL (INCHES)
RECORDS
TOTAL 4.6 5
24 HR TOTAL 3.6 02/12/2010 TO 02/12/2010
TOTALS 0.0 0.4 -0.4 0.0
SINCE 7/1 T 1.8 -1.8 MM
SNOWDEPTH AVG. 0 0
DAYS >= TRACE 0 0.3 -0.3 0
DAYS >= 1.0 0 0.1 -0.1 0
GREATEST
24 HR TOTAL MM MM
DEGREE DAYS
HEATING TOTAL 338 462 -124 243
SINCE 7/1 1769 2105 -336 MM
COOLING TOTAL 0 2 -2 27
SINCE 1/1 2 3 -1 MM
................................................................
WIND (MPH)
AVERAGE WIND SPEED 8.9
HIGHEST WIND SPEED/DIRECTION 37/300 DATE 02/28
HIGHEST GUST SPEED/DIRECTION 56/300 DATE 02/28
SKY COVER
POSSIBLE SUNSHINE (PERCENT) MM
AVERAGE SKY COVER 0.60
NUMBER OF DAYS FAIR 6
NUMBER OF DAYS PC 11
NUMBER OF DAYS CLOUDY 12
AVERAGE RH (PERCENT) 55
WEATHER CONDITIONS. NUMBER OF DAYS WITH
THUNDERSTORM 3 MIXED PRECIP 0
HEAVY RAIN 4 RAIN 4
LIGHT RAIN 8 FREEZING RAIN 0
LT FREEZING RAIN 0 HAIL 0
HEAVY SNOW 0 SNOW 0
LIGHT SNOW 0 SLEET 0
FOG 7 FOG W/VIS <= 1/4 MILE 0
HAZE 2
- INDICATES NEGATIVE NUMBERS.
R INDICATES RECORD WAS SET OR TIED.
MM INDICATES DATA IS MISSING.
T INDICATES TRACE AMOUNT.
$$