000
CXUS55 KABR 011200
CF6ATY
PRELIMINARY LOCAL CLIMATOLOGICAL DATA (WS FORM: F-6)
STATION: WATERTOWN SD
MONTH: JANUARY
YEAR: 2021
LATITUDE: 44 55 N
LONGITUDE: 97 9 W
TEMPERATURE IN F: :PCPN: SNOW: WIND :SUNSHINE: SKY :PK WND
================================================================================
1 2 3 4 5 6A 6B 7 8 9 10 11 12 13 14 15 16 17 18
12Z AVG MX 2MIN
DY MAX MIN AVG DEP HDD CDD WTR SNW DPTH SPD SPD DIR MIN PSBL S-S WX SPD DR
================================================================================
1 26 5 16 3 49 0 0.00 0.0 6 3.9 9 10 M M 4 12 13 150
2 30 8 19 6 46 0 0.00 0.0 6 9.0 15 170 M M 1 12 19 160
3 29 6 18 5 47 0 0.00 0.0 6 7.7 15 170 M M 0 1 18 140
4 35 14 25 12 40 0 0.00 0.0 5 8.9 18 290 M M 1 1 29 290
5 39 12 26 13 39 0 T T 5 6.9 14 140 M M 4 1 20 140
6 37 31 34 21 31 0 0.07 0.1 6 8.7 15 130 M M 10 1 23 80
7 34 19 27 15 38 0 T T 5 5.5 12 170 M M 6 128 15 130
8 30 28 29 17 36 0 T T 5 2.9 8 170 M M 10 12 10 90
9 29 24 27 15 38 0 T T 5 4.8 10 340 M M 10 12 12 340
10 33 26 30 18 35 0 0.00 0.0 5 11.9 21 210 M M 9 1 29 210
11 34 18 26 14 39 0 0.00 0.0 5 8.4 15 260 M M 0 20 270
12 40 17 29 17 36 0 0.00 0.0 5 6.2 17 260 M M 0 1 22 260
13 44 29 37 25 28 0 0.12 0.0 5 5.1 17 330 M M 4 1 22 330
14 40 27 34 22 31 0 0.12 1.3 4 26.0 38 330 M M 10 12 51 330
15 27 21 24 12 41 0 0.10 1.5 4 26.8 37 340 M M 10 1 50 330
16 27 19 23 11 42 0 T T 7 11.5 18 320 M M 9 1 25 310
17 31 20 26 14 39 0 0.00 0.0 7 11.0 20 330 M M 7 1 27 310
18 29 17 23 11 42 0 0.04 0.2 7 4.1 18 10 M M 9 126 22 10
19 30 2 16 4 49 0 T T 7 14.1 32 330 M M 7 18 45 330
20 42 11 27 15 38 0 0.00 0.0 7 16.1 30 280 M M 0 54 300
21 30 7 19 7 46 0 T T 5 16.5 29 310 M M 4 38 310
22 21 1 11 -1 54 0 0.00 0.0 4 6.7 14 220 M M 3 18 250
23 24 13 19 6 46 0 0.09 1.8 4 10.4 23 170 M M 8 1 33 180
24 23 2 13 0 52 0 0.00 0.0 6 5.3 23 360 M M 4 28 360
25 14 8 11 -2 54 0 0.00 0.0 6 10.4 17 70 M M 9 25 60
26 15 7 11 -2 54 0 0.00 0.0 6 8.0 16 30 M M 10 20 30
27 17 8 13 0 52 0 0.00 0.0 6 7.4 17 150 M M 8 23 150
28 21 10 16 3 49 0 T T 6 15.9 28 170 M M 8 18 35 170
29 25 19 22 9 43 0 0.00 0.0 6 11.4 20 130 M M 10 1 30 130
30 25 23 24 11 41 0 T T 6 9.9 15 340 M M 10 1 20 110
31 24 21 23 9 42 0 0.00 0.0 6 11.6 21 340 M M 10 1 26 330
================================================================================
SM 905 473 1317 0 0.54 4.9 313.0 M 195
================================================================================
AV 29.2 15.3 10.1 FASTST M M 6 MAX(MPH)
MISC ----> 38 330 54 300
================================================================================
NOTES:
# LAST OF SEVERAL OCCURRENCES
COLUMN 17 PEAK WIND IN M.P.H.
PRELIMINARY LOCAL CLIMATOLOGICAL DATA (WS FORM: F-6) , PAGE 2
STATION: WATERTOWN SD
MONTH: JANUARY
YEAR: 2021
LATITUDE: 44 55 N
LONGITUDE: 97 9 W
[TEMPERATURE DATA] [PRECIPITATION DATA] SYMBOLS USED IN COLUMN 16
AVERAGE MONTHLY: 22.2 TOTAL FOR MONTH: 0.54 1 = FOG OR MIST
DPTR FM NORMAL: 9.5 DPTR FM NORMAL: 0.02 2 = FOG REDUCING VISIBILITY
HIGHEST: 44 ON 13 GRTST 24HR 0.15 ON 13-14 TO 1/4 MILE OR LESS
LOWEST: 1 ON 22 3 = THUNDER
SNOW, ICE PELLETS, HAIL 4 = ICE PELLETS
TOTAL MONTH: 4.9 INCHES 5 = HAIL
GRTST 24HR 1.8 ON 23-23 6 = FREEZING RAIN OR DRIZZLE
GRTST DEPTH: 7 ON 18,17 7 = DUSTSTORM OR SANDSTORM:
VSBY 1/2 MILE OR LESS
8 = SMOKE OR HAZE
[NO. OF DAYS WITH] [WEATHER - DAYS WITH] 9 = BLOWING SNOW
X = TORNADO
MAX 32 OR BELOW: 21 0.01 INCH OR MORE: 6
MAX 90 OR ABOVE: 0 0.10 INCH OR MORE: 3
MIN 32 OR BELOW: 31 0.50 INCH OR MORE: 0
MIN 0 OR BELOW: 0 1.00 INCH OR MORE: 0
[HDD (BASE 65) ]
TOTAL THIS MO. 1317 CLEAR (SCALE 0-3) 7
DPTR FM NORMAL -306 PTCLDY (SCALE 4-7) 11
TOTAL FM JUL 1 4446 CLOUDY (SCALE 8-10) 13
DPTR FM NORMAL -638
[CDD (BASE 65) ]
TOTAL THIS MO. 0
DPTR FM NORMAL 0 [PRESSURE DATA]
TOTAL FM JAN 1 0 HIGHEST SLP 30.52 ON 27
DPTR FM NORMAL 0 LOWEST SLP 29.48 ON 14
[REMARKS]
#FINAL-01-21#