453
CXUS55 KABR 011700
CF6ATY
PRELIMINARY LOCAL CLIMATOLOGICAL DATA (WS FORM: F-6)
STATION: WATERTOWN SD
MONTH: JULY
YEAR: 2020
LATITUDE: 44 55 N
LONGITUDE: 97 9 W
TEMPERATURE IN F: :PCPN: SNOW: WIND :SUNSHINE: SKY :PK WND
================================================================================
1 2 3 4 5 6A 6B 7 8 9 10 11 12 13 14 15 16 17 18
12Z AVG MX 2MIN
DY MAX MIN AVG DEP HDD CDD WTR SNW DPTH SPD SPD DIR MIN PSBL S-S WX SPD DR
================================================================================
1 84 61 73 3 0 8 0.30 0.0 0 8.2 35 270 M M 1 13 52 260
2 88 67 78 8 0 13 0.00 0.0 0 10.4 18 150 M M 0 1 27 140
3 88 68 78 8 0 13 0.00 0.0 0 7.0 18 330 M M 1 3 24 130
4 87 66 77 7 0 12 0.00 0.0 0 8.0 22 170 M M 0 31 170
5 86 68 77 6 0 12 0.18 0.0 0 9.8 25 170 M M 0 3 37 160
6 82 65 74 3 0 9 T 0.0 0 4.4 22 270 M M 2 30 280
7 83 65 74 3 0 9 0.34 0.0 0 8.9 24 260 M M 1 13 34 250
8 89 68 79 8 0 14 0.15 0.0 0 12.4 33 260 M M 2 3 48 260
9 82 64 73 2 0 8 0.02 0.0 0 8.5 29 170 M M 0 3 49 150
10 84 58 71 0 0 6 0.00 0.0 0 5.4 14 200 M M 1 19 190
11 80 60 70 -1 0 5 0.00 0.0 0 8.6 21 330 M M 2 30 330
12 83 56 70 -1 0 5 0.00 0.0 0 5.2 14 160 M M 1 18 160
13 88 64 76 5 0 11 0.00 0.0 0 13.0 29 170 M M 1 41 200
14 74 57 66 -6 0 1 0.11 0.0 0 6.8 21 340 M M 4 1 26 340
15 81 53 67 -5 0 2 0.00 0.0 0 8.1 20 230 M M 0 24 230
16 85 60 73 1 0 8 0.08 0.0 0 9.9 28 220 M M 2 13 39 220
17 91 65 78 6 0 13 0.00 0.0 0 11.9 52 20 M M 2 13 75 30
18 82 64 73 1 0 8 0.93 0.0 0 9.8 30 40 M M 4 13 44 50
19 82 64 73 1 0 8 0.00 0.0 0 10.7 24 320 M M 0 33 330
20 83 58 71 -1 0 6 0.44 0.0 0 5.6 31 240 M M 1 13 43 250
21 76 61 69 -2 0 4 0.64 0.0 0 8.9 20 250 M M 5 13 28 230
22 77 54 66 -5 0 1 0.00 0.0 0 5.5 12 120 M M 1 12 19 110
23 85 61 73 2 0 8 0.00 0.0 0 13.9 22 150 M M 3 33 150
24 91 75 83 12 0 18 0.01 0.0 0 16.8 28 160 M M 1 40 160
25 88 70 79 8 0 14 0.50 0.0 0 9.2 28 200 M M 4 13 39 200
26 81 64 73 2 0 8 0.85 0.0 0 9.7 46 340 M M 3 13 61 340
27 82 58 70 -1 0 5 0.00 0.0 0 7.0 14 260 M M 0 17 230
28 82 61 72 1 0 7 0.00 0.0 0 6.1 14 30 M M 1 20 360
29 81 57 69 -2 0 4 0.00 0.0 0 4.8 15 60 M M 0 20 40
30 81 55 68 -3 0 3 0.00 0.0 0 4.5 13 70 M M 1 18 40
31 83 59 71 0 0 6 0.00 0.0 0 6.2 17 280 M M 1 25 300
================================================================================
SM 2589 1926 0 249 4.55 0.0 265.2 M 45
================================================================================
AV 83.5 62.1 8.6 FASTST M M 1 MAX(MPH)
MISC ----> # 52 20 # 75 30
================================================================================
NOTES:
# LAST OF SEVERAL OCCURRENCES
COLUMN 17 PEAK WIND IN M.P.H.
PRELIMINARY LOCAL CLIMATOLOGICAL DATA (WS FORM: F-6) , PAGE 2
STATION: WATERTOWN SD
MONTH: JULY
YEAR: 2020
LATITUDE: 44 55 N
LONGITUDE: 97 9 W
[TEMPERATURE DATA] [PRECIPITATION DATA] SYMBOLS USED IN COLUMN 16
AVERAGE MONTHLY: 72.8 TOTAL FOR MONTH: 4.55 1 = FOG OR MIST
DPTR FM NORMAL: 1.7 DPTR FM NORMAL: 1.53 2 = FOG REDUCING VISIBILITY
HIGHEST: 91 ON 24,17 GRTST 24HR 0.93 ON 18-18 TO 1/4 MILE OR LESS
LOWEST: 53 ON 15 3 = THUNDER
SNOW, ICE PELLETS, HAIL 4 = ICE PELLETS
TOTAL MONTH: 0.0 INCH 5 = HAIL
GRTST 24HR 0.0 6 = FREEZING RAIN OR DRIZZLE
GRTST DEPTH: 0 7 = DUSTSTORM OR SANDSTORM:
VSBY 1/2 MILE OR LESS
8 = SMOKE OR HAZE
[NO. OF DAYS WITH] [WEATHER - DAYS WITH] 9 = BLOWING SNOW
X = TORNADO
MAX 32 OR BELOW: 0 0.01 INCH OR MORE: 13
MAX 90 OR ABOVE: 2 0.10 INCH OR MORE: 10
MIN 32 OR BELOW: 0 0.50 INCH OR MORE: 4
MIN 0 OR BELOW: 0 1.00 INCH OR MORE: 0
[HDD (BASE 65) ]
TOTAL THIS MO. 0 CLEAR (SCALE 0-3) 26
DPTR FM NORMAL -17 PTCLDY (SCALE 4-7) 5
TOTAL FM JUL 1 0 CLOUDY (SCALE 8-10) 0
DPTR FM NORMAL -17
[CDD (BASE 65) ]
TOTAL THIS MO. 249
DPTR FM NORMAL 43 [PRESSURE DATA]
TOTAL FM JAN 1 436 HIGHEST SLP 30.08 ON 30
DPTR FM NORMAL 112 LOWEST SLP 29.64 ON 13
[REMARKS]
#FINAL-07-20#