000
CXUS51 KGYX 230900
CF6AUG
PRELIMINARY LOCAL CLIMATOLOGICAL DATA (WS FORM: F-6)
STATION: AUGUSTA
MONTH: APRIL
YEAR: 2024
LATITUDE: 44 18 N
LONGITUDE: 69 48 W
TEMPERATURE IN F: :PCPN: SNOW: WIND :SUNSHINE: SKY :PK WND
================================================================================
1 2 3 4 5 6A 6B 7 8 9 10 11 12 13 14 15 16 17 18
12Z AVG MX 2MIN
DY MAX MIN AVG DEP HDD CDD WTR SNW DPTH SPD SPD DIR MIN PSBL S-S WX SPD DR
================================================================================
1 56 29 43 5 22 0 0.00 M M 3.9 15 150 M M 2 22 150
2 55 35 45 7 20 0 0.00 M M 4.6 14 60 M M 4 20 50
3 42 31 37 -1 28 0 0.12 M M 10.2 23 100 M M 7 1 34 120
4 34 32 33 -6 32 0 0.06 M M 14.9 25 80 M M 5 12 39 100
5 38 33 36 -3 29 0 0.10 M M 12.8 21 350 M M 10 16 30 10
6 41 33 37 -3 28 0 0.05 M M 13.8 23 10 M M 10 1 34 10
7 49 34 42 2 23 0 0.00 M M 11.2 22 350 M M 7 29 360
8 66 33 50 10 15 0 0.00 M M 4.7 15 290 M M 0 25 280
9 61 37 49 8 16 0 0.00 M M 6.1 16 40 M M 0 23 160
10 48 33 41 0 24 0 0.40 M M 4.6 13 160 M M 7 1 23 150
11 46 41 44 2 21 0 0.25 M M 7.3 14 130 M M 10 12 21 120
12 58 45 52 10 13 0 1.24 M M 13.2 24 170 M M 10 12 44 160
13 61 42 52 9 13 0 0.05 M M 9.1 17 290 M M 8 1 27 310
14 61 40 51 8 14 0 0.00 M M 8.3 16 270 M M 4 27 310
15 64 39 52 8 13 0 0.00 M M 5.2 17 330 M M 5 26 320
16 61 37 49 5 16 0 0.00 M M 9.8 20 340 M M 4 29 350
17 57 33 45 1 20 0 0.00 M M 5.9 14 360 M M 0 22 20
18 59 35 47 2 18 0 0.00 M M 5.2 15 110 M M 1 21 160
19 58 43 51 6 14 0 T M M 6.8 16 160 M M 7 25 160
20 54 42 48 2 17 0 0.25 M M 5.6 17 300 M M 9 1 30 300
21 57 36 47 1 18 0 0.00 M M 6.2 14 210 M M 4 24 180
22 51 36 44 -3 21 0 0.00 M M 9.8 28 330 M M 0 36 340
================================================================================
SM 1177 799 435 0 2.52 M 179.2 M 114
================================================================================
AV 53.5 36.3 8.1 FASTST M M 5 MAX(MPH)
MISC ----> 28 330 44 160
================================================================================
NOTES:
# LAST OF SEVERAL OCCURRENCES
COLUMN 17 PEAK WIND IN M.P.H.
PRELIMINARY LOCAL CLIMATOLOGICAL DATA (WS FORM: F-6) , PAGE 2
STATION: AUGUSTA
MONTH: APRIL
YEAR: 2024
LATITUDE: 44 18 N
LONGITUDE: 69 48 W
[TEMPERATURE DATA] [PRECIPITATION DATA] SYMBOLS USED IN COLUMN 16
AVERAGE MONTHLY: 44.9 TOTAL FOR MONTH: 2.52 1 = FOG OR MIST
DPTR FM NORMAL: 2.9 DPTR FM NORMAL: -0.25 2 = FOG REDUCING VISIBILITY
HIGHEST: 66 ON 8 GRTST 24HR 1.43 ON 11-12 TO 1/4 MILE OR LESS
LOWEST: 29 ON 1 3 = THUNDER
SNOW, ICE PELLETS, HAIL 4 = ICE PELLETS
TOTAL MONTH: M 5 = HAIL
GRTST 24HR M ON M 6 = FREEZING RAIN OR DRIZZLE
GRTST DEPTH: M ON M 7 = DUSTSTORM OR SANDSTORM:
VSBY 1/2 MILE OR LESS
8 = SMOKE OR HAZE
[NO. OF DAYS WITH] [WEATHER - DAYS WITH] 9 = BLOWING SNOW
X = TORNADO
MAX 32 OR BELOW: 0 0.01 INCH OR MORE: 9
MAX 90 OR ABOVE: 0 0.10 INCH OR MORE: 6
MIN 32 OR BELOW: 3 0.50 INCH OR MORE: 1
MIN 0 OR BELOW: 0 1.00 INCH OR MORE: 1
[HDD (BASE 65) ]
TOTAL THIS MO. 435 CLEAR (SCALE 0-3) 6
DPTR FM NORMAL -68 PTCLDY (SCALE 4-7) 10
TOTAL FM JUL 1 5693 CLOUDY (SCALE 8-10) 6
DPTR FM NORMAL -1052
[CDD (BASE 65) ]
TOTAL THIS MO. 0
DPTR FM NORMAL 0 [PRESSURE DATA]
TOTAL FM JAN 1 0 HIGHEST SLP M ON M
DPTR FM NORMAL 0 LOWEST SLP 29.34 ON 13
[REMARKS]