000
CXUS53 KGID 011943
CF6AUH
PRELIMINARY LOCAL CLIMATOLOGICAL DATA (WS FORM: F-6)
STATION: AURORA
MONTH: JANUARY
YEAR: 2021
LATITUDE: 40 54 N
LONGITUDE: 97 59 W
TEMPERATURE IN F: :PCPN: SNOW: WIND :SUNSHINE: SKY :PK WND
================================================================================
1 2 3 4 5 6A 6B 7 8 9 10 11 12 13 14 15 16 17 18
12Z AVG MX 2MIN
DY MAX MIN AVG DEP HDD CDD WTR SNW DPTH SPD SPD DIR MIN PSBL S-S WX SPD DR
================================================================================
1 32 12 22 -3 43 0 0.00 M M 5.1 9 320 M M 2 12 M M
2 39 16 28 3 37 0 0.00 M M 5.1 8 180 M M 0 1 M M
3 40 17 29 4 36 0 0.00 M M 6.8 10 190 M M 0 M M
4 44 26 35 11 30 0 0.00 M M 9.2 15 320 M M 1 22 320
5 46 27 37 13 28 0 0.01 M M 9.7 16 140 M M 2 22 160
6 40 33 37 13 28 0 0.05 M M 8.5 14 350 M M 10 1 20 360
7 35 28 32 8 33 0 T M M 6.0 10 90 M M 10 12 M M
8 32 28 30 6 35 0 0.00 M M 1.2 6 300 M M 10 1 M M
9 37 29 33 9 32 0 0.00 M M 2.2 6 80 M M 10 12 M M
10 35 30 33 9 32 0 0.00 M M 3.5 7 350 M M 8 1 M M
11 48 26 37 13 28 0 0.00 M M 10.3 17 240 M M 0 22 240
12 55 28 42 18 23 0 0.00 M M 7.4 13 240 M M 0 M M
13 60 31 46 22 19 0 0.00 M M 8.6 13 300 M M 1 17 300
14 51 33 42 18 23 0 T M M 29.2 39 310 M M 6 52 330
15 34 29 32 8 33 0 M M M 31.2 47 330 M M 10 58 330
16 40 19 30 6 35 0 0.00 M M 9.7 17 320 M M 3 23 310
17 46 29 38 14 27 0 0.00 M M 13.0 24 310 M M 2 28 310
18 42 32 37 13 28 0 M M M 2.4 6 170 M M 3 M M
19 45 24 35 11 30 0 0.00 M M 14.1 29 310 M M 3 40 310
20 57 24 41 17 24 0 0.00 M M 11.1 17 240 M M 0 24 230
21 49 23 36 12 29 0 0.00 M M 9.2 20 360 M M 2 29 360
22 27 20 24 -1 41 0 M M M 5.8 13 30 M M 8 1 M M
23 30 20 25 0 40 0 0.01 M M 8.4 15 150 M M 8 1 22 140
24 29 26 28 3 37 0 M M M 8.5 13 90 M M 10 20 350
25 26 18 22 -3 43 0 M M M 16.7 23 30 M M 10 29 30
26 20 10 15 -10 50 0 M M M 12.6 20 20 M M 8 27 20
27 17 1 9 -16 56 0 M M M 6.4 16 40 M M 5 1 M M
28 27 3 15 -10 50 0 M M M 8.8 16 190 M M 8 1 23 190
29 33 14 24 -1 41 0 0.00 M M 5.4 13 170 M M 3 12 M M
30 34 22 28 3 37 0 0.00 M M 16.1 30 350 M M 10 12 37 350
31 32 18 25 0 40 0 0.00 M M 16.1 28 330 M M 6 1 33 330
================================================================================
SM 1182 696 1068 0 M M 308.3 M 159
================================================================================
AV 38.1 22.5 9.9 FASTST M M 5 MAX(MPH)
MISC ----> 47 330 M M
================================================================================
NOTES:
# LAST OF SEVERAL OCCURRENCES
COLUMN 17 PEAK WIND IN M.P.H.
PRELIMINARY LOCAL CLIMATOLOGICAL DATA (WS FORM: F-6) , PAGE 2
STATION: AURORA
MONTH: JANUARY
YEAR: 2021
LATITUDE: 40 54 N
LONGITUDE: 97 59 W
[TEMPERATURE DATA] [PRECIPITATION DATA] SYMBOLS USED IN COLUMN 16
AVERAGE MONTHLY: 30.3 TOTAL FOR MONTH: M 1 = FOG OR MIST
DPTR FM NORMAL: 5.7 DPTR FM NORMAL: M 2 = FOG REDUCING VISIBILITY
HIGHEST: 60 ON 13 GRTST 24HR M ON M TO 1/4 MILE OR LESS
LOWEST: 1 ON 27 3 = THUNDER
SNOW, ICE PELLETS, HAIL 4 = ICE PELLETS
TOTAL MONTH: M 5 = HAIL
GRTST 24HR M ON M 6 = FREEZING RAIN OR DRIZZLE
GRTST DEPTH: M ON M 7 = DUSTSTORM OR SANDSTORM:
VSBY 1/2 MILE OR LESS
8 = SMOKE OR HAZE
[NO. OF DAYS WITH] [WEATHER - DAYS WITH] 9 = BLOWING SNOW
X = TORNADO
MAX 32 OR BELOW: 10 0.01 INCH OR MORE: M
MAX 90 OR ABOVE: 0 0.10 INCH OR MORE: M
MIN 32 OR BELOW: 29 0.50 INCH OR MORE: M
MIN 0 OR BELOW: 0 1.00 INCH OR MORE: M
[HDD (BASE 65) ]
TOTAL THIS MO. 1068 CLEAR (SCALE 0-3) 13
DPTR FM NORMAL -184 PTCLDY (SCALE 4-7) 8
TOTAL FM JUL 1 3291 CLOUDY (SCALE 8-10) 10
DPTR FM NORMAL -484
[CDD (BASE 65) ]
TOTAL THIS MO. 0
DPTR FM NORMAL 0 [PRESSURE DATA]
TOTAL FM JAN 1 0 HIGHEST SLP M ON M
DPTR FM NORMAL 0 LOWEST SLP M ON M
[REMARKS]
#FINAL-01-21#