000
CXUS53 KARX 120117
CF6AUM
PRELIMINARY LOCAL CLIMATOLOGICAL DATA (WS FORM: F-6)
STATION: AUSTIN MUNI MN
MONTH: OCTOBER
YEAR: 2020
LATITUDE: 43 40 N
LONGITUDE: 92 56 W
TEMPERATURE IN F: :PCPN: SNOW: WIND :SUNSHINE: SKY :PK WND
================================================================================
1 2 3 4 5 6A 6B 7 8 9 10 11 12 13 14 15 16 17 18
12Z AVG MX 2MIN
DY MAX MIN AVG DEP HDD CDD WTR SNW DPTH SPD SPD DIR MIN PSBL S-S WX SPD DR
================================================================================
1 54 39 47 M 18 0 M 0.0 0 11.0 18 310 M M 7 1 28 310
2 48 34 41 M 24 0 0.00 0.0 0 1.7 7 280 M M 6 M M
3 48 36 42 M 23 0 M 0.0 0 1.1 6 70 M M 8 M M
4 55 30 43 M 22 0 0.00 0.0 0 2.3 8 270 M M 1 M M
5 72 41 57 M 8 0 0.00 0.0 0 13.3 25 210 M M 0 33 200
6 79 50 65 M 0 0 0.00 0.0 0 9.1 18 240 M M 0 25 240
7 72 46 59 M 6 0 0.00 0.0 0 7.0 16 320 M M 0 24 320
8 70 37 54 M 11 0 0.00 0.0 0 5.3 10 160 M M 0 18 160
9 82 55 69 M 0 4 0.00 0.0 0 9.5 20 220 M M 0 8 27 220
10 70 45 58 M 7 0 0.00 0.0 0 4.2 9 20 M M 0 M M
11 77 46 62 M 3 0 0.00 0.0 0 11.5 17 160 M M 3 27 160
12 70 46 58 M 7 0 M 0.0 0 12.7 22 300 M M 4 3 35 300
13 61 43 52 M 13 0 0.00 0.0 0 10.8 23 310 M M 1 32 310
14 64 45 55 M 10 0 0.00 0.0 0 15.0 28 290 M M 3 40 290
15 48 34 41 M 24 0 0.00 0.0 0 12.9 22 300 M M 1 32 310
16 46 28 37 M 28 0 M 0.0 0 9.2 27 280 M M 3 35 280
17 64 37 51 M 14 0 M 0.0 0 12.3 20 320 M M 7 27 230
18 37 30 34 M 31 0 0.00 0.0 0 11.9 18 290 M M 1 23 300
19 36 28 32 M 33 0 0.00 0.0 0 2.0 6 100 M M 9 M M
20 39 32 36 M 29 0 M M 0 6.8 13 130 M M 10 1 16 130
21 41 32 37 M 28 0 0.00 0.0 0 7.1 18 310 M M 6 27 290
22 36 34 35 M 30 0 M M 0 12.4 17 50 M M 10 13 23 60
23 37 25 31 M 34 0 M M 0 12.6 16 340 M M 9 1 27 340
24 32 19 26 M 39 0 M M 0 4.7 9 10 M M 3 M M
25 28 25 27 M 38 0 M M M 6.3 9 10 M M 10 M M
26 30 19 25 M 40 0 0.00 0.0 M 6.3 10 330 M M 5 M M
27 34 16 25 M 40 0 0.00 0.0 M 6.3 13 220 M M 0 17 220
28 52 27 40 M 25 0 0.00 0.0 0 7.9 13 220 M M 2 18 220
29 37 30 34 M 31 0 0.00 0.0 0 7.5 14 340 M M 10 21 340
30 45 32 39 M 26 0 T 0.0 0 4.2 9 160 M M 6 6 16 160
31 57 34 46 M 19 0 0.00 0.0 0 15.4 24 300 M M 3 40 310
================================================================================
SM 1621 1075 661 4 T 0.0 260.3 M 128
================================================================================
AV 52.3 34.7 8.4 FASTST M M 4 MAX(MPH)
MISC ----> # 28 290 # 40 290
================================================================================
NOTES:
# LAST OF SEVERAL OCCURRENCES
COLUMN 17 PEAK WIND IN M.P.H.
PRELIMINARY LOCAL CLIMATOLOGICAL DATA (WS FORM: F-6) , PAGE 2
STATION: AUSTIN MUNI MN
MONTH: OCTOBER
YEAR: 2020
LATITUDE: 43 40 N
LONGITUDE: 92 56 W
[TEMPERATURE DATA] [PRECIPITATION DATA] SYMBOLS USED IN COLUMN 16
AVERAGE MONTHLY: 43.5 TOTAL FOR MONTH: T 1 = FOG OR MIST
DPTR FM NORMAL: M DPTR FM NORMAL: M 2 = FOG REDUCING VISIBILITY
HIGHEST: 82 ON 9 GRTST 24HR T ON 30-30 TO 1/4 MILE OR LESS
LOWEST: 16 ON 27 3 = THUNDER
SNOW, ICE PELLETS, HAIL 4 = ICE PELLETS
TOTAL MONTH: 0.0 INCH 5 = HAIL
GRTST 24HR 0.0 6 = FREEZING RAIN OR DRIZZLE
GRTST DEPTH: 0 7 = DUSTSTORM OR SANDSTORM:
VSBY 1/2 MILE OR LESS
8 = SMOKE OR HAZE
[NO. OF DAYS WITH] [WEATHER - DAYS WITH] 9 = BLOWING SNOW
X = TORNADO
MAX 32 OR BELOW: 3 0.01 INCH OR MORE: 0
MAX 90 OR ABOVE: 0 0.10 INCH OR MORE: 0
MIN 32 OR BELOW: 14 0.50 INCH OR MORE: 0
MIN 0 OR BELOW: 0 1.00 INCH OR MORE: 0
[HDD (BASE 65) ]
TOTAL THIS MO. 661 CLEAR (SCALE 0-3) 14
DPTR FM NORMAL M PTCLDY (SCALE 4-7) 11
TOTAL FM JUL 1 853 CLOUDY (SCALE 8-10) 6
DPTR FM NORMAL M
[CDD (BASE 65) ]
TOTAL THIS MO. 4
DPTR FM NORMAL M [PRESSURE DATA]
TOTAL FM JAN 1 708 HIGHEST SLP M ON M
DPTR FM NORMAL M LOWEST SLP M ON M
[REMARKS]
#FINAL-10-20#