000
CXUS54 KBMX 011010
CF6AUO
PRELIMINARY LOCAL CLIMATOLOGICAL DATA (WS FORM: F-6)
STATION: AUBURN AWOS
MONTH: OCTOBER
YEAR: 2021
LATITUDE: 32 34 N
LONGITUDE: 85 30 W
TEMPERATURE IN F: :PCPN: SNOW: WIND :SUNSHINE: SKY :PK WND
================================================================================
1 2 3 4 5 6A 6B 7 8 9 10 11 12 13 14 15 16 17 18
12Z AVG MX 2MIN
DY MAX MIN AVG DEP HDD CDD WTR SNW DPTH SPD SPD DIR MIN PSBL S-S WX SPD DR
================================================================================
1 85 66 76 M 0 11 0.00 0.0 0 4.0 8 170 M M 1 1 M M
2 83 67 75 M 0 10 0.00 0.0 0 5.7 10 130 M M 3 1 M M
3 80 69 75 M 0 10 T 0.0 0 4.7 10 250 M M 7 M M
4 71 67 69 M 0 4 2.05 0.0 0 4.6 9 170 M M 10 13 M M
5 74 65 70 M 0 5 0.94 0.0 0 7.5 12 90 M M 10 1 M M
6 80 68 74 M 0 9 0.02 0.0 0 6.4 12 110 M M 9 1 20 140
7 80 70 75 M 0 10 1.55 0.0 0 3.6 12 160 M M 9 1 M M
8 83 66 75 M 0 10 0.00 0.0 0 5.4 10 360 M M 5 12 M M
9 83 63 73 M 0 8 0.00 0.0 0 4.3 10 40 M M 2 12 M M
10 83 65 74 M 0 9 0.00 0.0 0 5.2 9 80 M M 1 M M
11 81 63 72 M 0 7 0.00 0.0 0 5.1 12 140 M M 1 M M
12 78 65 72 M 0 7 0.00 0.0 0 3.6 7 130 M M 6 12 M M
13 82 61 72 M 0 7 0.00 0.0 0 2.8 7 130 M M 2 1 M M
14 84 62 73 M 0 8 0.00 0.0 0 2.0 5 140 M M 0 M M
15 84 63 74 M 0 9 0.00 0.0 0 2.5 8 190 M M 0 M M
16 72 49 61 M 4 0 0.00 0.0 0 10.1 20 310 M M 3 1 27 330
17 69 46 58 M 7 0 0.00 0.0 0 8.8 15 30 M M 0 22 30
18 72 48 60 M 5 0 0.00 0.0 0 5.2 10 80 M M 0 18 80
19 75 44 60 M 5 0 0.00 0.0 0 2.9 7 130 M M 0 M M
20 78 53 66 M 0 1 0.00 0.0 0 4.5 8 170 M M 0 M M
21 76 63 70 M 0 5 T 0.0 0 4.8 10 180 M M 6 M M
22 76 54 65 M 0 0 0.27 0.0 0 5.6 14 10 M M 4 123 22 10
23 76 51 64 M 1 0 0.00 0.0 0 4.0 10 20 M M 0 M M
24 74 51 63 M 2 0 T 0.0 0 5.4 7 130 M M 1 M M
25 78 60 69 M 0 4 0.00 0.0 0 5.7 13 270 M M 5 M M
26 70 48 59 M 6 0 0.00 0.0 0 8.0 14 330 M M 0 30 20
27 74 48 61 M 4 0 0.01 0.0 0 5.6 10 20 M M 0 M M
28 73 55 64 M 1 0 0.60 0.0 0 8.8 18 120 M M 9 1 31 110
29 57 51 54 M 11 0 0.03 0.0 0 10.0 17 230 M M 10 1 23 240
30 59 51 55 M 10 0 0.01 0.0 0 7.6 13 270 M M 10 1 51 360
31 66 50 58 M 7 0 0.00 0.0 0 5.9 14 350 M M 5 30 320
================================================================================
SM 2356 1802 63 134 5.48 0.0 170.3 M 119
================================================================================
AV 76.0 58.1 5.5 FASTST M M 4 MAX(MPH)
MISC ----> 20 310 51 360
================================================================================
NOTES:
# LAST OF SEVERAL OCCURRENCES
COLUMN 17 PEAK WIND IN M.P.H.
PRELIMINARY LOCAL CLIMATOLOGICAL DATA (WS FORM: F-6) , PAGE 2
STATION: AUBURN AWOS
MONTH: OCTOBER
YEAR: 2021
LATITUDE: 32 34 N
LONGITUDE: 85 30 W
[TEMPERATURE DATA] [PRECIPITATION DATA] SYMBOLS USED IN COLUMN 16
AVERAGE MONTHLY: 67.1 TOTAL FOR MONTH: 5.48 1 = FOG OR MIST
DPTR FM NORMAL: 0.0 DPTR FM NORMAL: M 2 = FOG REDUCING VISIBILITY
HIGHEST: 85 ON 1 GRTST 24HR 2.05 ON 4- 4 TO 1/4 MILE OR LESS
LOWEST: 44 ON 19 3 = THUNDER
SNOW, ICE PELLETS, HAIL 4 = ICE PELLETS
TOTAL MONTH: 0.0 INCH 5 = HAIL
GRTST 24HR 0.0 6 = FREEZING RAIN OR DRIZZLE
GRTST DEPTH: 0 7 = DUSTSTORM OR SANDSTORM:
VSBY 1/2 MILE OR LESS
8 = SMOKE OR HAZE
[NO. OF DAYS WITH] [WEATHER - DAYS WITH] 9 = BLOWING SNOW
X = TORNADO
MAX 32 OR BELOW: 0 0.01 INCH OR MORE: 9
MAX 90 OR ABOVE: 0 0.10 INCH OR MORE: 5
MIN 32 OR BELOW: 0 0.50 INCH OR MORE: 4
MIN 0 OR BELOW: 0 1.00 INCH OR MORE: 2
[HDD (BASE 65) ]
TOTAL THIS MO. 63 CLEAR (SCALE 0-3) 16
DPTR FM NORMAL M PTCLDY (SCALE 4-7) 8
TOTAL FM JUL 1 65 CLOUDY (SCALE 8-10) 7
DPTR FM NORMAL M
[CDD (BASE 65) ]
TOTAL THIS MO. 134
DPTR FM NORMAL M [PRESSURE DATA]
TOTAL FM JAN 1 1938 HIGHEST SLP M ON M
DPTR FM NORMAL M LOWEST SLP M ON M
[REMARKS]
#FINAL-10-21#