000
CXUS54 KEWX 021655
CF6AUS
PRELIMINARY LOCAL CLIMATOLOGICAL DATA (WS FORM: F-6)
STATION: AUSTIN BERGSTROM
MONTH: MAY
YEAR: 2020
LATITUDE: 30 13 N
LONGITUDE: 97 40 W
TEMPERATURE IN F: :PCPN: SNOW: WIND :SUNSHINE: SKY :PK WND
================================================================================
1 2 3 4 5 6A 6B 7 8 9 10 11 12 13 14 15 16 17 18
12Z AVG MX 2MIN
DY MAX MIN AVG DEP HDD CDD WTR SNW DPTH SPD SPD DIR MIN PSBL S-S WX SPD DR
================================================================================
1 88 51 70 -1 0 5 0.00 0.0 0 9.5 20 140 M M 4 27 150
2 91 67 79 7 0 14 0.00 0.0 0 13.3 23 140 M M 6 32 140
3 93 69 81 9 0 16 0.00 0.0 0 11.8 20 150 M M 6 27 190
4 95 71 83 11 0 18 0.00 0.0 0 12.4 18 170 M M 5 26 200
5 86 72 79 7 0 14 0.00 0.0 0 11.0 30 10 M M 8 1 38 10
6 86 55 71 -2 0 6 T 0.0 0 8.8 17 20 M M 4 25 60
7 83 51 67 -6 0 2 0.00 0.0 0 11.6 23 180 M M 5 35 180
8 88 63 76 3 0 11 0.00 0.0 0 18.8 31 10 M M 8 41 190
9 77 54 66 -7 0 1 0.00 0.0 0 8.5 16 80 M M 6 22 30
10 81 50 66 -8 0 1 0.00 0.0 0 4.3 14 80 M M 2 21 60
11 85 53 69 -5 0 4 0.00 0.0 0 8.5 20 160 M M 5 29 160
12 74 65 70 -4 0 5 2.73 0.0 0 6.2 16 160 M M 9 13 23 320
13 88 61 75 1 0 10 0.01 0.0 0 8.2 17 170 M M 7 12 24 170
14 91 71 81 6 0 16 0.00 0.0 0 9.7 20 150 M M 5 1 25 140
15 92 66 79 4 0 14 1.06 0.0 0 10.0 32 310 M M 8 13 52 300
16 83 63 73 -2 0 8 0.71 0.0 0 8.9 20 30 M M 7 13 28 330
17 91 64 78 2 0 13 0.00 0.0 0 4.2 13 10 M M 5 16 330
18 94 62 78 2 0 13 0.00 0.0 0 4.8 16 220 M M 2 1 22 220
19 95 65 80 4 0 15 0.00 0.0 0 7.4 16 150 M M 0 23 150
20 94 75 85 9 0 20 0.00 0.0 0 10.3 17 180 M M 5 1 26 150
21 92 71 82 5 0 17 T 0.0 0 9.8 21 140 M M 6 28 150
22 94 76 85 8 0 20 0.00 0.0 0 12.8 21 140 M M 6 28 130
23 93 74 84 7 0 19 0.01 0.0 0 11.5 22 140 M M 7 29 140
24 93 67 80 3 0 15 2.77 0.0 0 9.9 26 60 M M 7 13 32 60
25 78 67 73 -5 0 8 1.00 0.0 0 7.0 23 60 M M 8 13 30 50
26 86 63 75 -3 0 10 T 0.0 0 6.0 16 310 M M 4 25 310
27 93 60 77 -1 0 12 0.61 T 0 7.7 30 70 M M 4 135 41 70
28 88 62 75 -3 0 10 T 0.0 0 3.7 17 10 M M 6 21 360
29 88 67 78 0 0 13 0.00 0.0 0 8.1 21 10 M M 5 27 20
30 87 62 75 -4 0 10 0.00 0.0 0 4.5 16 30 M M 5 27 70
31 84 70 77 -2 0 12 0.04 0.0 0 6.5 12 150 M M 9 3 24 150
================================================================================
SM 2731 1987 0 352 8.94 T 275.7 M 174
================================================================================
AV 88.1 64.1 8.9 FASTST M M 6 MAX(MPH)
MISC ----> # 32 310 # 52 300
================================================================================
NOTES:
# LAST OF SEVERAL OCCURRENCES
COLUMN 17 PEAK WIND IN M.P.H.
PRELIMINARY LOCAL CLIMATOLOGICAL DATA (WS FORM: F-6) , PAGE 2
STATION: AUSTIN BERGSTROM
MONTH: MAY
YEAR: 2020
LATITUDE: 30 13 N
LONGITUDE: 97 40 W
[TEMPERATURE DATA] [PRECIPITATION DATA] SYMBOLS USED IN COLUMN 16
AVERAGE MONTHLY: 76.1 TOTAL FOR MONTH: 8.94 1 = FOG OR MIST
DPTR FM NORMAL: 0.9 DPTR FM NORMAL: 4.89 2 = FOG REDUCING VISIBILITY
HIGHEST: 95 ON 19, 4 GRTST 24HR 2.77 ON 24-24 TO 1/4 MILE OR LESS
LOWEST: 50 ON 10 3 = THUNDER
SNOW, ICE PELLETS, HAIL 4 = ICE PELLETS
TOTAL MONTH: T 5 = HAIL
GRTST 24HR T ON 27-27 6 = FREEZING RAIN OR DRIZZLE
GRTST DEPTH: 0 7 = DUSTSTORM OR SANDSTORM:
VSBY 1/2 MILE OR LESS
8 = SMOKE OR HAZE
[NO. OF DAYS WITH] [WEATHER - DAYS WITH] 9 = BLOWING SNOW
X = TORNADO
MAX 32 OR BELOW: 0 0.01 INCH OR MORE: 9
MAX 90 OR ABOVE: 14 0.10 INCH OR MORE: 6
MIN 32 OR BELOW: 0 0.50 INCH OR MORE: 6
MIN 0 OR BELOW: 0 1.00 INCH OR MORE: 4
[HDD (BASE 65) ]
TOTAL THIS MO. 0 CLEAR (SCALE 0-3) 3
DPTR FM NORMAL -3 PTCLDY (SCALE 4-7) 25
TOTAL FM JUL 1 1568 CLOUDY (SCALE 8-10) 3
DPTR FM NORMAL -335
[CDD (BASE 65) ]
TOTAL THIS MO. 352
DPTR FM NORMAL 33 [PRESSURE DATA]
TOTAL FM JAN 1 666 HIGHEST SLP 30.24 ON 10
DPTR FM NORMAL 159 LOWEST SLP 29.57 ON 25
[REMARKS]
#FINAL-05-20#