000
CXUS52 KGSP 010917
CF6AVL
PRELIMINARY LOCAL CLIMATOLOGICAL DATA (WS FORM: F-6)
STATION: ASHEVILLE NC
MONTH: OCTOBER
YEAR: 2020
LATITUDE: 35 25 N
LONGITUDE: 82 33 W
TEMPERATURE IN F: :PCPN: SNOW: WIND :SUNSHINE: SKY :PK WND
================================================================================
1 2 3 4 5 6A 6B 7 8 9 10 11 12 13 14 15 16 17 18
12Z AVG MX 2MIN
DY MAX MIN AVG DEP HDD CDD WTR SNW DPTH SPD SPD DIR MIN PSBL S-S WX SPD DR
================================================================================
1 77 47 62 1 3 0 0.00 0.0 0 7.2 22 340 M M 0 29 330
2 64 45 55 -6 10 0 0.00 0.0 0 7.0 20 330 M M 0 24 350
3 66 39 53 -7 12 0 0.00 0.0 0 2.7 12 170 M M 2 128 16 180
4 70 41 56 -4 9 0 0.00 0.0 0 1.0 7 140 M M 1 12 10 160
5 74 47 61 1 4 0 0.00 0.0 0 3.5 12 180 M M 2 1 14 340
6 74 50 62 3 3 0 0.00 0.0 0 2.4 12 160 M M 4 12 16 150
7 78 51 65 6 0 0 0.00 0.0 0 5.1 14 340 M M 3 12 20 320
8 82 54 68 9 0 3 0.00 0.0 0 6.5 15 350 M M 0 19 350
9 68 59 64 6 1 0 0.04 0.0 0 3.7 10 180 M M 3 18 13 190
10 64 59 62 4 3 0 1.50 0.0 0 2.5 10 340 M M 10 1 12 340
11 73 63 68 10 0 3 0.60 0.0 0 2.4 10 130 M M 10 1 16 120
12 80 63 72 14 0 7 0.00 0.0 0 2.1 13 330 M M 8 1 16 340
13 72 54 63 6 2 0 0.00 0.0 0 9.2 23 350 M M 4 12 29 350
14 75 43 59 2 6 0 0.00 0.0 0 4.9 13 160 M M 0 18 150
15 78 46 62 5 3 0 0.00 0.0 0 6.3 21 210 M M 2 12 28 220
16 60 46 53 -3 12 0 T 0.0 0 13.0 28 330 M M 4 12 37 340
17 60 39 50 -6 15 0 0.00 0.0 0 4.3 14 320 M M 0 17 330
18 64 34 49 -7 16 0 0.00 0.0 0 2.8 12 170 M M 0 14 170
19 71 40 56 1 9 0 0.00 0.0 0 2.3 10 150 M M 0 16 160
20 78 46 62 7 3 0 0.00 0.0 0 2.3 10 160 M M 4 128 15 160
21 79 51 65 10 0 0 0.00 0.0 0 2.4 13 150 M M 3 18 18 170
22 77 53 65 11 0 0 0.00 0.0 0 2.4 14 170 M M 4 1 18 150
23 78 54 66 12 0 1 0.02 0.0 0 2.8 12 160 M M 5 8 16 160
24 77 54 66 12 0 1 0.37 0.0 0 2.1 12 330 M M 7 1238 16 360
25 70 58 64 10 1 0 0.33 0.0 0 3.5 10 160 M M 10 1 14 170
26 73 57 65 12 0 0 0.03 0.0 0 3.3 10 150 M M 7 1 14 150
27 78 55 67 14 0 2 0.00 0.0 0 1.7 9 150 M M 6 12 16 360
28 68 59 64 11 1 0 1.58 0.0 0 3.8 10 170 M M 9 1 13 170
29 82 57 70 18 0 5 1.69 0.0 0 12.2 24 330 M M 6 1 40 180
30 58 42 50 -2 15 0 T 0.0 0 13.6 31 330 M M 4 37 330
31 54 35 45 -7 20 0 T 0.0 0 5.0 13 160 M M 4 16 180
================================================================================
SM 2222 1541 148 22 6.16 0.0 144.0 M 122
================================================================================
AV 71.7 49.7 4.6 FASTST M M 4 MAX(MPH)
MISC ----> 31 330 40 180
================================================================================
NOTES:
# LAST OF SEVERAL OCCURRENCES
COLUMN 17 PEAK WIND IN M.P.H.
PRELIMINARY LOCAL CLIMATOLOGICAL DATA (WS FORM: F-6) , PAGE 2
STATION: ASHEVILLE NC
MONTH: OCTOBER
YEAR: 2020
LATITUDE: 35 25 N
LONGITUDE: 82 33 W
[TEMPERATURE DATA] [PRECIPITATION DATA] SYMBOLS USED IN COLUMN 16
AVERAGE MONTHLY: 60.7 TOTAL FOR MONTH: 6.16 1 = FOG OR MIST
DPTR FM NORMAL: 4.3 DPTR FM NORMAL: 3.25 2 = FOG REDUCING VISIBILITY
HIGHEST: 82 ON 29, 8 GRTST 24HR 3.16 ON 28-29 TO 1/4 MILE OR LESS
LOWEST: 34 ON 18 3 = THUNDER
SNOW, ICE PELLETS, HAIL 4 = ICE PELLETS
TOTAL MONTH: 0.0 INCH 5 = HAIL
GRTST 24HR 0.0 6 = FREEZING RAIN OR DRIZZLE
GRTST DEPTH: 0 7 = DUSTSTORM OR SANDSTORM:
VSBY 1/2 MILE OR LESS
8 = SMOKE OR HAZE
[NO. OF DAYS WITH] [WEATHER - DAYS WITH] 9 = BLOWING SNOW
X = TORNADO
MAX 32 OR BELOW: 0 0.01 INCH OR MORE: 9
MAX 90 OR ABOVE: 0 0.10 INCH OR MORE: 6
MIN 32 OR BELOW: 0 0.50 INCH OR MORE: 4
MIN 0 OR BELOW: 0 1.00 INCH OR MORE: 3
[HDD (BASE 65) ]
TOTAL THIS MO. 148 CLEAR (SCALE 0-3) 13
DPTR FM NORMAL -130 PTCLDY (SCALE 4-7) 14
TOTAL FM JUL 1 196 CLOUDY (SCALE 8-10) 4
DPTR FM NORMAL -138
[CDD (BASE 65) ]
TOTAL THIS MO. 22
DPTR FM NORMAL 12 [PRESSURE DATA]
TOTAL FM JAN 1 1153 HIGHEST SLP 30.46 ON 31
DPTR FM NORMAL 291 LOWEST SLP 29.41 ON 29
[REMARKS]
#FINAL-10-20#