000
CXUS51 KBGM 010546
CLMAVP
CLIMATE REPORT
NATIONAL WEATHER SERVICE BINGHAMTON, NY
146 AM EDT SAT JUL 01 2023
...................................
...THE AVOCA PA CLIMATE SUMMARY FOR THE MONTH OF JUNE 2023...
CLIMATE NORMAL PERIOD 1991 TO 2020
CLIMATE RECORD PERIOD 1901 TO 2023
WEATHER OBSERVED NORMAL DEPART LAST YEAR`S
VALUE DATE(S) VALUE FROM VALUE DATE(S)
NORMAL
................................................................
TEMPERATURE (F)
RECORD
HIGH 97 06/30/1964
LOW 34 06/11/1972
HIGHEST 95 06/02 78 17 89 06/25
LOWEST 41 06/08 57 -16 44 06/20
AVG. MAXIMUM 78.0 79.9 -1.9 79.3
AVG. MINIMUM 56.4 58.1 -1.7 57.3
MEAN 67.2 69.0 -1.8 68.3
DAYS MAX >= 90 2 1.6 0.4 0
DAYS MAX <= 32 0 0.0 0.0 0
DAYS MIN <= 32 0 0.0 0.0 0
DAYS MIN <= 0 0 0.0 0.0 0
PRECIPITATION (INCHES)
RECORD
MAXIMUM 9.00 2006
MINIMUM 0.27 1966
TOTALS 2.88 3.80 -0.92 3.18
DAILY AVG. 0.10 0.13 -0.03 0.11
DAYS >= .01 10 12.9 -2.9 10
DAYS >= .10 8 8.1 -0.1 7
DAYS >= .50 2 2.4 -0.4 2
DAYS >= 1.00 1 0.6 0.4 1
GREATEST
24 HR. TOTAL 1.08 06/12 TO 06/12
SNOWFALL (INCHES)
RECORDS
TOTAL 0.0 2007
24 HR TOTAL 0.0 MM
TOTALS 0.0 0.0 0.0 0.0
SINCE 7/1 21.3 45.1 -23.8 MM
DAYS >= TRACE 0 0.0 0.0 0
DAYS >= 1.0 0 0.0 0.0 0
GREATEST
24 HR TOTAL MM
DEGREE DAYS
HEATING TOTAL 43 33 10 16
SINCE 7/1 4850 5740 -890 MM
COOLING TOTAL 118 153 -35 121
SINCE 1/1 165 211 -46 MM
................................................................
WIND (MPH)
AVERAGE WIND SPEED 5.1
RESULTANT WIND SPEED/DIRECTION 1/050
HIGHEST WIND SPEED/DIRECTION 25/320 DATE 06/17
HIGHEST GUST SPEED/DIRECTION 33/310 DATE 06/17
SKY COVER
POSSIBLE SUNSHINE (PERCENT) MM
AVERAGE SKY COVER 0.53
NUMBER OF DAYS FAIR 8
NUMBER OF DAYS PC 15
NUMBER OF DAYS CLOUDY 7
AVERAGE RH (PERCENT) 67
WEATHER CONDITIONS. NUMBER OF DAYS WITH
THUNDERSTORM 5 MIXED PRECIP 0
HEAVY RAIN 5 RAIN 7
LIGHT RAIN 14 FREEZING RAIN 0
LT FREEZING RAIN 0 HAIL 0
HEAVY SNOW 0 SNOW 0
LIGHT SNOW 0 SLEET 0
FOG 18 FOG W/VIS <= 1/4 MILE 0
HAZE 12
- INDICATES NEGATIVE NUMBERS.
R INDICATES RECORD WAS SET OR TIED.
MM INDICATES DATA IS MISSING.
T INDICATES TRACE AMOUNT.
$$