000
CXUS51 KBOX 010810
CF6BDL
PRELIMINARY LOCAL CLIMATOLOGICAL DATA (WS FORM: F-6)
STATION: HARTFORD CT
MONTH: APRIL
YEAR: 2022
LATITUDE: 41 55 N
LONGITUDE: 72 41 W
TEMPERATURE IN F: :PCPN: SNOW: WIND :SUNSHINE: SKY :PK WND
================================================================================
1 2 3 4 5 6A 6B 7 8 9 10 11 12 13 14 15 16 17 18
12Z AVG MX 2MIN
DY MAX MIN AVG DEP HDD CDD WTR SNW DPTH SPD SPD DIR MIN PSBL S-S WX SPD DR
================================================================================
1 57 38 48 5 17 0 0.21 0.0 0 11.0 29 290 M M 8 1 38 290
2 53 37 45 1 20 0 0.00 0.0 0 12.5 28 290 M M 6 37 300
3 52 30 41 -3 24 0 0.08 0.0 0 3.9 14 170 M M 9 1 21 170
4 57 36 47 2 18 0 0.01 0.0 0 9.6 20 360 M M 6 29 320
5 63 31 47 2 18 0 0.00 0.0 0 6.7 21 180 M M 4 26 180
6 50 42 46 1 19 0 0.32 0.0 0 8.3 17 40 M M 10 1 21 40
7 54 40 47 1 18 0 1.07 0.0 0 9.0 20 110 M M 9 1 26 120
8 64 45 55 9 10 0 0.79 0.0 0 8.4 20 290 M M 7 1 24 290
9 58 36 47 0 18 0 0.15 T 0 5.7 29 250 M M 7 135 36 240
10 50 36 43 -4 22 0 0.00 0.0 0 12.7 24 300 M M 7 30 310
11 66 34 50 2 15 0 0.00 0.0 0 9.4 18 200 M M 4 23 200
12 71 48 60 12 5 0 0.14 0.0 0 8.0 21 300 M M 7 1 27 300
13 75 40 58 10 7 0 0.00 0.0 0 8.0 23 180 M M 7 29 180
14 78 52 65 16 0 0 0.55 0.0 0 7.0 23 320 M M 8 13 30 330
15 70 43 57 8 8 0 0.00 0.0 0 11.3 28 190 M M 3 36 180
16 70 42 56 6 9 0 0.28 0.0 0 12.3 30 320 M M 9 13 38 310
17 50 35 43 -7 22 0 0.00 0.0 0 11.3 25 330 M M 4 34 340
18 61 31 46 -5 19 0 T 0.0 0 8.4 23 180 M M 5 29 180
19 51 40 46 -5 19 0 1.46 0.0 0 14.5 29 250 M M 8 1 35 260
20 57 37 47 -4 18 0 0.00 0.0 0 11.4 29 310 M M 4 39 310
21 63 31 47 -5 18 0 0.00 0.0 0 10.1 26 190 M M 7 37 200
22 65 43 54 2 11 0 0.00 0.0 0 11.4 25 310 M M 3 33 330
23 68 37 53 0 12 0 T 0.0 0 5.2 14 310 M M 7 19 320
24 61 45 53 0 12 0 0.00 0.0 0 6.8 14 150 M M 7 17 180
25 67 41 54 1 11 0 0.00 0.0 0 7.9 17 170 M M 8 24 180
26 53 50 52 -2 13 0 0.16 0.0 0 4.4 13 180 M M 10 18 15 180
27 57 39 48 -6 17 0 T 0.0 0 15.6 30 300 M M 6 1 43 300
28 56 37 47 -8 18 0 0.00 0.0 0 15.8 31 310 M M 5 42 340
29 61 34 48 -7 17 0 0.00 0.0 0 12.0 29 360 M M 2 39 360
30 65 40 53 -2 12 0 0.00 0.0 0 8.9 20 10 M M 2 27 310
================================================================================
SM 1823 1170 447 0 5.22 T 287.5 M 189
================================================================================
AV 60.8 39.0 9.6 FASTST M M 6 MAX(MPH)
MISC ----> 31 310 43 300
================================================================================
NOTES:
# LAST OF SEVERAL OCCURRENCES
COLUMN 17 PEAK WIND IN M.P.H.
PRELIMINARY LOCAL CLIMATOLOGICAL DATA (WS FORM: F-6) , PAGE 2
STATION: HARTFORD CT
MONTH: APRIL
YEAR: 2022
LATITUDE: 41 55 N
LONGITUDE: 72 41 W
[TEMPERATURE DATA] [PRECIPITATION DATA] SYMBOLS USED IN COLUMN 16
AVERAGE MONTHLY: 49.9 TOTAL FOR MONTH: 5.22 1 = FOG OR MIST
DPTR FM NORMAL: 0.4 DPTR FM NORMAL: 1.34 2 = FOG REDUCING VISIBILITY
HIGHEST: 78 ON 14 GRTST 24HR 1.86 ON 7- 8 TO 1/4 MILE OR LESS
LOWEST: 30 ON 3 3 = THUNDER
SNOW, ICE PELLETS, HAIL 4 = ICE PELLETS
TOTAL MONTH: T 5 = HAIL
GRTST 24HR T ON 9- 9 6 = FREEZING RAIN OR DRIZZLE
GRTST DEPTH: 0 7 = DUSTSTORM OR SANDSTORM:
VSBY 1/2 MILE OR LESS
8 = SMOKE OR HAZE
[NO. OF DAYS WITH] [WEATHER - DAYS WITH] 9 = BLOWING SNOW
X = TORNADO
MAX 32 OR BELOW: 0 0.01 INCH OR MORE: 12
MAX 90 OR ABOVE: 0 0.10 INCH OR MORE: 10
MIN 32 OR BELOW: 4 0.50 INCH OR MORE: 4
MIN 0 OR BELOW: 0 1.00 INCH OR MORE: 2
[HDD (BASE 65) ]
TOTAL THIS MO. 447 CLEAR (SCALE 0-3) 2
DPTR FM NORMAL -26 PTCLDY (SCALE 4-7) 20
TOTAL FM JUL 1 5184 CLOUDY (SCALE 8-10) 8
DPTR FM NORMAL -471
[CDD (BASE 65) ]
TOTAL THIS MO. 0
DPTR FM NORMAL -7 [PRESSURE DATA]
TOTAL FM JAN 1 0 HIGHEST SLP 30.54 ON 21
DPTR FM NORMAL -7 LOWEST SLP 29.40 ON 1
[REMARKS]
#FINAL-04-22#