000
CXUS53 KIWX 010910
CF6BEH
PRELIMINARY LOCAL CLIMATOLOGICAL DATA (WS FORM: F-6)
STATION: BENTON HARBOR
MONTH: FEBRUARY
YEAR: 2022
LATITUDE: 42 7 N
LONGITUDE: 86 26 W
TEMPERATURE IN F: :PCPN: SNOW: WIND :SUNSHINE: SKY :PK WND
================================================================================
1 2 3 4 5 6A 6B 7 8 9 10 11 12 13 14 15 16 17 18
12Z AVG MX 2MIN
DY MAX MIN AVG DEP HDD CDD WTR SNW DPTH SPD SPD DIR MIN PSBL S-S WX SPD DR
================================================================================
1 47 29 38 11 27 0 0.29 M M 11.5 20 200 M M 6 1 32 180
2 37 22 30 3 35 0 0.70 M M 5.9 14 30 M M 10 12 28 40
3 22 12 17 -10 48 0 0.00 M M 6.3 14 60 M M 7 22 20
4 22 5 14 -13 51 0 0.01 M M 5.9 17 270 M M 4 18 26 290
5 24 15 20 -7 45 0 0.02 M M 9.3 17 180 M M 7 18 27 320
6 32 17 25 -2 40 0 0.00 M M 10.3 16 190 M M 2 27 180
7 32 23 28 1 37 0 T M M 9.8 23 280 M M 9 18 32 270
8 38 16 27 -1 38 0 0.00 M M 10.2 16 160 M M 4 8 24 160
9 41 33 37 9 28 0 0.02 M M 14.4 22 240 M M 7 1 30 240
10 35 26 31 3 34 0 0.05 M M 11.8 18 270 M M 9 18 26 300
11 40 28 34 6 31 0 0.17 M M 16.2 31 250 M M 10 1 48 240
12 28 18 23 -5 42 0 0.02 M M 8.8 16 290 M M 10 18 29 10
13 19 13 16 -12 49 0 0.22 M M 6.4 21 290 M M 10 128 38 280
14 21 10 16 -13 49 0 T M M 5.8 13 240 M M 10 18 18 210
15 36 16 26 -3 39 0 0.00 M M 11.1 21 130 M M 4 8 31 130
16 51 36 44 15 21 0 0.29 M M 15.0 23 200 M M 7 1 38 190
17 47 23 35 6 30 0 0.71 M M 8.4 15 10 M M 10 128 29 10
18 32 19 26 -4 39 0 0.02 M M 14.1 38 230 M M 7 18 55 210
19 32 14 23 -7 42 0 T M M 14.0 36 280 M M 7 8 55 240
20 49 14 32 2 33 0 0.00 M M 16.3 31 220 M M 0 47 220
21 55 27 41 11 24 0 0.00 M M 7.1 16 140 M M 2 23 140
22 52 25 39 8 26 0 0.64 M M 9.3 25 270 M M 10 1 34 270
23 26 20 23 -8 42 0 0.01 M M 8.8 22 280 M M 9 8 35 280
24 30 20 25 -6 40 0 0.02 M M 9.2 20 110 M M 9 18 25 60
25 27 19 23 -8 42 0 0.06 M M 4.3 12 10 M M 9 18 22 30
26 31 22 27 -5 38 0 0.01 M M 15.5 23 240 M M 5 1 34 240
27 37 21 29 -3 36 0 0.00 M M 10.9 25 240 M M 0 35 250
28 50 21 36 4 29 0 0.00 M M 10.0 20 190 M M 4 30 200
================================================================================
SM 993 564 1035 0 3.26 M 286.6 M 188
================================================================================
AV 35.5 20.1 10.2 FASTST M M 7 MAX(MPH)
MISC ----> 38 230 # 55 210
================================================================================
NOTES:
# LAST OF SEVERAL OCCURRENCES
COLUMN 17 PEAK WIND IN M.P.H.
PRELIMINARY LOCAL CLIMATOLOGICAL DATA (WS FORM: F-6) , PAGE 2
STATION: BENTON HARBOR
MONTH: FEBRUARY
YEAR: 2022
LATITUDE: 42 7 N
LONGITUDE: 86 26 W
[TEMPERATURE DATA] [PRECIPITATION DATA] SYMBOLS USED IN COLUMN 16
AVERAGE MONTHLY: 27.8 TOTAL FOR MONTH: 3.26 1 = FOG OR MIST
DPTR FM NORMAL: -1.2 DPTR FM NORMAL: 1.66 2 = FOG REDUCING VISIBILITY
HIGHEST: 55 ON 21 GRTST 24HR 0.97 ON 16-17 TO 1/4 MILE OR LESS
LOWEST: 5 ON 4 3 = THUNDER
SNOW, ICE PELLETS, HAIL 4 = ICE PELLETS
TOTAL MONTH: M 5 = HAIL
GRTST 24HR M ON M 6 = FREEZING RAIN OR DRIZZLE
GRTST DEPTH: M ON M 7 = DUSTSTORM OR SANDSTORM:
VSBY 1/2 MILE OR LESS
8 = SMOKE OR HAZE
[NO. OF DAYS WITH] [WEATHER - DAYS WITH] 9 = BLOWING SNOW
X = TORNADO
MAX 32 OR BELOW: 14 0.01 INCH OR MORE: 17
MAX 90 OR ABOVE: 0 0.10 INCH OR MORE: 7
MIN 32 OR BELOW: 26 0.50 INCH OR MORE: 3
MIN 0 OR BELOW: 0 1.00 INCH OR MORE: 0
[HDD (BASE 65) ]
TOTAL THIS MO. 1035 CLEAR (SCALE 0-3) 4
DPTR FM NORMAL 27 PTCLDY (SCALE 4-7) 12
TOTAL FM JUL 1 4142 CLOUDY (SCALE 8-10) 12
DPTR FM NORMAL -312
[CDD (BASE 65) ]
TOTAL THIS MO. 0
DPTR FM NORMAL 0 [PRESSURE DATA]
TOTAL FM JAN 1 0 HIGHEST SLP 30.53 ON 23
DPTR FM NORMAL 0 LOWEST SLP 29.49 ON 11
[REMARKS]
#FINAL-02-22#