000
CXUS51 KCTP 010800
CF6BFD
PRELIMINARY LOCAL CLIMATOLOGICAL DATA (WS FORM: F-6)
STATION: BRADFORD
MONTH: JULY
YEAR: 2020
LATITUDE: 41 47 N
LONGITUDE: 78 38 W
TEMPERATURE IN F: :PCPN: SNOW: WIND :SUNSHINE: SKY :PK WND
================================================================================
1 2 3 4 5 6A 6B 7 8 9 10 11 12 13 14 15 16 17 18
12Z AVG MX 2MIN
DY MAX MIN AVG DEP HDD CDD WTR SNW DPTH SPD SPD DIR MIN PSBL S-S WX SPD DR
================================================================================
1 79 57 68 3 0 3 0.00 M M 4.1 14 50 M M 6 1 18 40
2 86 56 71 6 0 6 0.00 M M 5.3 15 310 M M 0 1 21 340
3 86 56 71 6 0 6 0.00 M M 7.6 18 330 M M 1 1 25 290
4 85 57 71 6 0 6 0.00 M M 4.6 14 360 M M 1 1 19 360
5 88 53 71 6 0 6 0.00 M M 1.7 8 360 M M 0 1 12 300
6 89 58 74 9 0 9 0.00 M M 3.1 12 350 M M 1 1 18 290
7 89 58 74 9 0 9 0.00 M M 4.4 17 340 M M 2 123 23 330
8 88 65 77 12 0 12 0.00 M M 2.3 13 330 M M 2 18 15 320
9 90 60 75 10 0 10 0.00 M M 4.2 12 150 M M 1 12 16 150
10 88 64 76 11 0 11 0.00 M M 4.9 15 120 M M 2 1 25 150
11 72 64 68 3 0 3 0.95 M M 7.7 18 280 M M 8 18 31 230
12 80 56 68 3 0 3 0.00 M M 4.8 21 310 M M 2 123 23 330
13 75 51 63 -3 2 0 0.00 M M 6.7 20 310 M M 4 12 26 320
14 78 49 64 -2 1 0 0.00 M M 3.8 13 310 M M 2 12 20 300
15 84 52 68 2 0 3 0.00 M M 3.9 12 150 M M 1 1 16 140
16 79 60 70 4 0 5 1.00 M M 10.0 20 150 M M 7 13 28 160
17 82 60 71 5 0 6 0.00 M M 5.9 16 310 M M 3 1 20 330
18 87 56 72 6 0 7 0.00 M M 3.4 13 280 M M 0 1 19 290
19 87 62 75 9 0 10 0.50 M M 5.9 18 320 M M 3 138 26 240
20 82 60 71 5 0 6 0.00 M M 6.7 16 300 M M 5 1 22 280
21 79 59 69 3 0 4 0.00 M M 2.0 8 200 M M 3 1 11 210
22 80 60 70 4 0 5 0.02 M M 4.8 14 270 M M 6 12 19 280
23 82 67 75 10 0 10 0.12 M M 3.2 16 320 M M 9 123 19 320
24 82 63 73 8 0 8 0.01 M M 2.3 10 300 M M 8 128 14 270
25 82 57 70 5 0 5 0.00 M M 2.6 10 340 M M 6 12 13 320
26 85 54 70 5 0 5 0.00 M M 4.6 15 270 M M 2 12 20 300
27 87 68 78 13 0 13 0.54 M M 6.4 21 300 M M 3 3 28 290
28 81 57 69 4 0 4 0.07 M M 5.4 14 280 M M 6 1 19 300
29 82 55 69 4 0 4 0.52 M M 5.0 21 320 M M 4 1 26 320
30 77 60 69 4 0 4 0.16 M M 3.4 12 280 M M 7 12 17 290
31 81 54 68 3 0 3 0.00 M M 3.5 12 350 M M 1 1 15 60
================================================================================
SM 2572 1808 3 186 3.89 M 144.2 M 106
================================================================================
AV 83.0 58.3 4.7 FASTST M M 3 MAX(MPH)
MISC ----> # 21 310 31 230
================================================================================
NOTES:
# LAST OF SEVERAL OCCURRENCES
COLUMN 17 PEAK WIND IN M.P.H.
PRELIMINARY LOCAL CLIMATOLOGICAL DATA (WS FORM: F-6) , PAGE 2
STATION: BRADFORD
MONTH: JULY
YEAR: 2020
LATITUDE: 41 47 N
LONGITUDE: 78 38 W
[TEMPERATURE DATA] [PRECIPITATION DATA] SYMBOLS USED IN COLUMN 16
AVERAGE MONTHLY: 70.6 TOTAL FOR MONTH: 3.89 1 = FOG OR MIST
DPTR FM NORMAL: 5.3 DPTR FM NORMAL: -0.30 2 = FOG REDUCING VISIBILITY
HIGHEST: 90 ON 9 GRTST 24HR 1.00 ON 16-16 TO 1/4 MILE OR LESS
LOWEST: 49 ON 14 3 = THUNDER
SNOW, ICE PELLETS, HAIL 4 = ICE PELLETS
TOTAL MONTH: M 5 = HAIL
GRTST 24HR M ON M 6 = FREEZING RAIN OR DRIZZLE
GRTST DEPTH: M ON M 7 = DUSTSTORM OR SANDSTORM:
VSBY 1/2 MILE OR LESS
8 = SMOKE OR HAZE
[NO. OF DAYS WITH] [WEATHER - DAYS WITH] 9 = BLOWING SNOW
X = TORNADO
MAX 32 OR BELOW: 0 0.01 INCH OR MORE: 10
MAX 90 OR ABOVE: 1 0.10 INCH OR MORE: 7
MIN 32 OR BELOW: 0 0.50 INCH OR MORE: 5
MIN 0 OR BELOW: 0 1.00 INCH OR MORE: 1
[HDD (BASE 65) ]
TOTAL THIS MO. 3 CLEAR (SCALE 0-3) 16
DPTR FM NORMAL -61 PTCLDY (SCALE 4-7) 14
TOTAL FM JUL 1 3 CLOUDY (SCALE 8-10) 1
DPTR FM NORMAL 2
[CDD (BASE 65) ]
TOTAL THIS MO. 186
DPTR FM NORMAL 112 [PRESSURE DATA]
TOTAL FM JAN 1 258 HIGHEST SLP 30.20 ON 15
DPTR FM NORMAL 134 LOWEST SLP 29.61 ON 11
[REMARKS]
#FINAL-07-20#