000
CXUS53 KCYS 050642
CLABFF
CLIMATE REPORT
NATIONAL WEATHER SERVICE CHEYENNE WY
1142 PM MST THU JAN 04 2024
...................................
...THE SCOTTSBLUFF NE AIRPORT CLIMATE SUMMARY FOR THE YEAR OF 2023...
CLIMATE NORMAL PERIOD 1991 TO 2020
CLIMATE RECORD PERIOD 1871 TO 2024
WEATHER OBSERVED NORMAL DEPART LAST YEAR`S
VALUE DATE(S) VALUE FROM VALUE DATE(S)
NORMAL
................................................................
TEMPERATURE (F)
RECORD
HIGH 110 07/11/1939
LOW -45 02/12/1899
HIGHEST 103 08/22 MM MM 108 07/18
LOWEST -22 01/31 MM MM -18 12/22
AVG. MAXIMUM 64.6 64.7 -0.1 65.7
AVG. MINIMUM 35.9 35.1 0.8 34.3
MEAN 50.2 49.9 0.3 50.0
DAYS MAX >= 90 43 49.1 -6.1 73
DAYS MAX <= 32 16 27.4 -11.4 29
DAYS MIN <= 32 176 174.4 1.6 155
DAYS MIN <= 0 7 11.7 -4.7 19
PRECIPITATION (INCHES)
RECORD
MAXIMUM 27.48 1915
MINIMUM 2.93 2002
TOTALS 22.22 15.65 6.57 9.83
DAILY AVG. 0.06 0.04 0.02 0.03
DAYS >= .01 105 88.7 16.3 65
DAYS >= .10 55 39.4 15.6 23
DAYS >= .50 12 8.0 4.0 5
DAYS >= 1.00 3 2.0 1.0 2
GREATEST
24 HR. TOTAL 1.77 05/10 TO 05/11 1.40 05/29 TO 05/30
STORM TOTAL 1.18 1.13
(MM/DD(HH)) 05/11 TO 05/11
SNOWFALL (INCHES)
RECORDS
TOTAL 84.0 2019
24 HR TOTAL 17.6 04/25/1935
TOTALS 45.3 42.5 2.8 46.4
SINCE 7/1 11.6 16.8 -5.2 MM
DAYS >= TRACE 50 26.3 23.7 39
DAYS >= 1.0 15 13.3 1.7 12
GREATEST
SNOW DEPTH 10 01/29 10 12/13
01/30
01/31
24 HR TOTAL 7.0 01/18 TO 01/18 12.9 01/05 TO 01/05
STORM TOTAL 8.6 10.0
(MM/DD(HH)) 11/23 TO 11/24
DEGREE DAYS
HEATING TOTAL 6044 6312 -268 6522
SINCE 7/1 2204 2613 -409 MM
COOLING TOTAL 790 853 -63 1179
SINCE 1/1 790 853 -63 MM
................................................................
WIND (MPH)
AVERAGE WIND SPEED 8.7
HIGHEST WIND SPEED/DIRECTION 45/310 DATE 03/31
HIGHEST GUST SPEED/DIRECTION 63/310 DATE 03/31
SKY COVER
POSSIBLE SUNSHINE (PERCENT) MM
AVERAGE SKY COVER 0.27
NUMBER OF DAYS FAIR 252
NUMBER OF DAYS PC 72
NUMBER OF DAYS CLOUDY 41
AVERAGE RH (PERCENT) 64
WEATHER CONDITIONS. NUMBER OF DAYS WITH
THUNDERSTORM 69 MIXED PRECIP 0
HEAVY RAIN 34 RAIN 40
LIGHT RAIN 102 FREEZING RAIN 0
LT FREEZING RAIN 3 HAIL 1
HEAVY SNOW 4 SNOW 10
LIGHT SNOW 46 SLEET 0
FOG 121 FOG W/VIS <= 1/4 MILE 21
HAZE 46
- INDICATES NEGATIVE NUMBERS.
R INDICATES RECORD WAS SET OR TIED.
MM INDICATES DATA IS MISSING.
T INDICATES TRACE AMOUNT.
$$