000
CXUS56 KHNX 011444
CF6BFL
PRELIMINARY LOCAL CLIMATOLOGICAL DATA (WS FORM: F-6)
STATION: BAKERSFIELD CA
MONTH: MARCH
YEAR: 2023
LATITUDE: 35 25 N
LONGITUDE: 119 3 W
TEMPERATURE IN F: :PCPN: SNOW: WIND :SUNSHINE: SKY :PK WND
================================================================================
1 2 3 4 5 6A 6B 7 8 9 10 11 12 13 14 15 16 17 18
12Z AVG MX 2MIN
DY MAX MIN AVG DEP HDD CDD WTR SNW DPTH SPD SPD DIR MIN PSBL S-S WX SPD DR
================================================================================
1 50 39 45 -12 20 0 0.15 0.0 0 10.6 30 320 M M 10 1 36 310
2 56 37 47 -10 18 0 0.00 0.0 0 4.8 9 50 M M 0 11 90
3 60 36 48 -9 17 0 0.00 0.0 0 3.8 10 310 M M 0 12 330
4 60 39 50 -7 15 0 0.00 0.0 0 7.0 21 290 M M 3 25 290
5 58 44 51 -6 14 0 T 0.0 0 7.2 18 310 M M 8 23 340
6 60 40 50 -7 15 0 0.00 0.0 0 3.6 12 330 M M 5 17 360
7 57 38 48 -10 17 0 0.00 0.0 0 3.9 10 310 M M 2 15 330
8 59 36 48 -10 17 0 0.00 0.0 0 2.9 10 340 M M 1 13 260
9 68 38 53 -5 12 0 0.03 0.0 0 3.2 14 360 M M 4 18 17 350
10 65 56 61 3 4 0 0.49 0.0 0 6.6 14 10 M M 10 1 18 350
11 71 55 63 5 2 0 0.41 0.0 0 5.4 14 310 M M 6 1238 20 320
12 72 50 61 3 4 0 0.00 0.0 0 4.7 12 10 M M 3 13 10
13 72 52 62 4 3 0 0.00 0.0 0 3.7 10 330 M M 1 12 330
14 64 57 61 3 4 0 0.06 0.0 0 6.4 16 140 M M 8 24 140
15 61 47 54 -5 11 0 0.94 0.0 0 7.9 18 340 M M 8 1 25 340
16 63 45 54 -5 11 0 0.00 0.0 0 4.8 12 340 M M 7 18 14 310
17 69 45 57 -2 8 0 0.00 0.0 0 3.9 13 10 M M 0 18 14 360
18 74 44 59 0 6 0 0.00 0.0 0 6.0 16 180 M M 0 18 24 190
19 70 54 62 3 3 0 0.13 0.0 0 13.7 35 150 M M 8 8 40 140
20 65 52 59 0 6 0 0.00 0.0 0 5.0 14 350 M M 6 18 350
21 66 48 57 -2 8 0 0.23 0.0 0 11.5 29 260 M M 8 13 37 120
22 59 44 52 -7 13 0 0.02 0.0 0 4.5 18 220 M M 7 24 220
23 58 45 52 -7 13 0 0.07 0.0 0 5.5 20 320 M M 9 18 23 320
24 57 42 50 -10 15 0 0.00 0.0 0 8.3 17 350 M M 7 21 350
25 57 37 47 -13 18 0 0.00 0.0 0 4.1 13 290 M M 3 16 10
26 59 36 48 -12 17 0 0.00 0.0 0 5.7 15 330 M M 2 1 19 320
27 69 37 53 -7 12 0 0.00 0.0 0 4.9 16 140 M M 0 8 19 130
28 73 39 56 -4 9 0 0.01 0.0 0 5.3 17 30 M M 3 23 30
29 60 45 53 -7 12 0 0.44 0.0 0 7.4 21 330 M M 9 1 26 330
30 59 43 51 -9 14 0 T 0.0 0 6.5 16 340 M M 5 19 350
31 65 41 53 -7 12 0 0.00 0.0 0 3.4 10 340 M M 0 15 340
================================================================================
SM 1956 1361 350 0 2.98 0.0 182.2 M 143
================================================================================
AV 63.1 43.9 5.9 FASTST M M 5 MAX(MPH)
MISC ----> 35 150 40 140
================================================================================
NOTES:
# LAST OF SEVERAL OCCURRENCES
COLUMN 17 PEAK WIND IN M.P.H.
PRELIMINARY LOCAL CLIMATOLOGICAL DATA (WS FORM: F-6) , PAGE 2
STATION: BAKERSFIELD CA
MONTH: MARCH
YEAR: 2023
LATITUDE: 35 25 N
LONGITUDE: 119 3 W
[TEMPERATURE DATA] [PRECIPITATION DATA] SYMBOLS USED IN COLUMN 16
AVERAGE MONTHLY: 53.5 TOTAL FOR MONTH: 2.98 1 = FOG OR MIST
DPTR FM NORMAL: -5.1 DPTR FM NORMAL: 1.83 2 = FOG REDUCING VISIBILITY
HIGHEST: 74 ON 18 GRTST 24HR 0.94 ON 15-15 TO 1/4 MILE OR LESS
LOWEST: 36 ON 26, 8 3 = THUNDER
SNOW, ICE PELLETS, HAIL 4 = ICE PELLETS
TOTAL MONTH: 0.0 INCH 5 = HAIL
GRTST 24HR 0.0 6 = FREEZING RAIN OR DRIZZLE
GRTST DEPTH: 0 7 = DUSTSTORM OR SANDSTORM:
VSBY 1/2 MILE OR LESS
8 = SMOKE OR HAZE
[NO. OF DAYS WITH] [WEATHER - DAYS WITH] 9 = BLOWING SNOW
X = TORNADO
MAX 32 OR BELOW: 0 0.01 INCH OR MORE: 12
MAX 90 OR ABOVE: 0 0.10 INCH OR MORE: 7
MIN 32 OR BELOW: 0 0.50 INCH OR MORE: 1
MIN 0 OR BELOW: 0 1.00 INCH OR MORE: 0
[HDD (BASE 65) ]
TOTAL THIS MO. 350 CLEAR (SCALE 0-3) 13
DPTR FM NORMAL 139 PTCLDY (SCALE 4-7) 12
TOTAL FM JUL 1 2119 CLOUDY (SCALE 8-10) 6
DPTR FM NORMAL 301
[CDD (BASE 65) ]
TOTAL THIS MO. 0
DPTR FM NORMAL -13 [PRESSURE DATA]
TOTAL FM JAN 1 0 HIGHEST SLP 30.37 ON 24
DPTR FM NORMAL -14 LOWEST SLP 29.43 ON 21
[REMARKS]
#FINAL-03-23#