000
CXUS56 KHNX 011528
CF6BFL
PRELIMINARY LOCAL CLIMATOLOGICAL DATA (WS FORM: F-6)
STATION: BAKERSFIELD CA
MONTH: NOVEMBER
YEAR: 2022
LATITUDE: 35 25 N
LONGITUDE: 119 3 W
TEMPERATURE IN F: :PCPN: SNOW: WIND :SUNSHINE: SKY :PK WND
================================================================================
1 2 3 4 5 6A 6B 7 8 9 10 11 12 13 14 15 16 17 18
12Z AVG MX 2MIN
DY MAX MIN AVG DEP HDD CDD WTR SNW DPTH SPD SPD DIR MIN PSBL S-S WX SPD DR
================================================================================
1 76 51 64 2 1 0 0.18 0.0 0 8.2 24 310 M M 3 18 28 350
2 62 49 56 -5 9 0 0.03 0.0 0 6.7 17 330 M M 3 1 21 330
3 57 45 51 -10 14 0 0.06 0.0 0 6.2 13 360 M M 6 1 17 350
4 62 41 52 -8 13 0 0.00 0.0 0 3.0 7 90 M M 0 18 9 150
5 65 41 53 -7 12 0 0.00 0.0 0 2.5 8 90 M M 0 18 10 240
6 74 50 62 2 3 0 T 0.0 0 5.8 18 320 M M 6 8 22 310
7 67 51 59 0 6 0 0.02 0.0 0 6.6 25 310 M M 9 18 29 320
8 69 48 59 0 6 0 0.24 0.0 0 6.0 33 280 M M 8 1 39 280
9 59 46 53 -5 12 0 0.13 0.0 0 3.6 10 340 M M 4 1 14 270
10 58 40 49 -9 16 0 0.00 0.0 0 2.5 8 160 M M 2 8 11 260
11 61 40 51 -7 14 0 0.00 0.0 0 2.9 8 300 M M 0 18 11 320
12 62 41 52 -5 13 0 0.00 0.0 0 4.4 13 310 M M 1 18 16 310
13 60 44 52 -5 13 0 0.00 0.0 0 3.4 12 340 M M 5 18 15 310
14 65 38 52 -5 13 0 0.00 0.0 0 3.5 10 280 M M 0 18 14 270
15 63 38 51 -5 14 0 0.00 0.0 0 2.5 10 150 M M 0 18 12 150
16 68 40 54 -2 11 0 0.00 0.0 0 5.7 17 360 M M 0 18 20 360
17 68 38 53 -3 12 0 0.00 0.0 0 3.9 12 310 M M 0 8 14 320
18 62 39 51 -4 14 0 0.00 0.0 0 2.4 8 130 M M 1 8 10 250
19 65 37 51 -4 14 0 0.00 0.0 0 4.1 15 350 M M 0 8 18 20
20 66 35 51 -4 14 0 0.00 0.0 0 4.5 14 330 M M 0 8 18 330
21 63 36 50 -4 15 0 0.00 0.0 0 1.8 7 90 M M 0 8 12 250
22 63 37 50 -4 15 0 0.00 0.0 0 2.8 9 280 M M 0 8 11 280
23 65 40 53 -1 12 0 0.00 0.0 0 3.4 9 330 M M 0 8 14 340
24 79 40 60 7 5 0 0.00 0.0 0 4.4 18 130 M M 0 8 22 150
25 70 41 56 3 9 0 0.00 0.0 0 3.8 10 130 M M 0 8 14 140
26 69 39 54 1 11 0 0.00 0.0 0 3.1 8 360 M M 0 8 9 290
27 66 40 53 1 12 0 0.00 0.0 0 2.6 8 140 M M 0 8 14 250
28 65 41 53 1 12 0 0.00 0.0 0 5.8 15 340 M M 0 8 20 320
29 59 43 51 -1 14 0 0.00 0.0 0 4.7 13 340 M M 2 8 15 330
30 62 37 50 -2 15 0 0.00 0.0 0 2.4 9 90 M M 0 8 10 80
================================================================================
SM 1950 1246 344 0 0.66 0.0 123.2 M 50
================================================================================
AV 65.0 41.5 4.1 FASTST M M 2 MAX(MPH)
MISC ----> 33 280 39 280
================================================================================
NOTES:
# LAST OF SEVERAL OCCURRENCES
COLUMN 17 PEAK WIND IN M.P.H.
PRELIMINARY LOCAL CLIMATOLOGICAL DATA (WS FORM: F-6) , PAGE 2
STATION: BAKERSFIELD CA
MONTH: NOVEMBER
YEAR: 2022
LATITUDE: 35 25 N
LONGITUDE: 119 3 W
[TEMPERATURE DATA] [PRECIPITATION DATA] SYMBOLS USED IN COLUMN 16
AVERAGE MONTHLY: 53.3 TOTAL FOR MONTH: 0.66 1 = FOG OR MIST
DPTR FM NORMAL: -3.0 DPTR FM NORMAL: 0.15 2 = FOG REDUCING VISIBILITY
HIGHEST: 79 ON 24 GRTST 24HR 0.34 ON 8- 9 TO 1/4 MILE OR LESS
LOWEST: 35 ON 20 3 = THUNDER
SNOW, ICE PELLETS, HAIL 4 = ICE PELLETS
TOTAL MONTH: 0.0 INCH 5 = HAIL
GRTST 24HR 0.0 6 = FREEZING RAIN OR DRIZZLE
GRTST DEPTH: 0 7 = DUSTSTORM OR SANDSTORM:
VSBY 1/2 MILE OR LESS
8 = SMOKE OR HAZE
[NO. OF DAYS WITH] [WEATHER - DAYS WITH] 9 = BLOWING SNOW
X = TORNADO
MAX 32 OR BELOW: 0 0.01 INCH OR MORE: 6
MAX 90 OR ABOVE: 0 0.10 INCH OR MORE: 3
MIN 32 OR BELOW: 0 0.50 INCH OR MORE: 0
MIN 0 OR BELOW: 0 1.00 INCH OR MORE: 0
[HDD (BASE 65) ]
TOTAL THIS MO. 344 CLEAR (SCALE 0-3) 23
DPTR FM NORMAL 75 PTCLDY (SCALE 4-7) 6
TOTAL FM JUL 1 371 CLOUDY (SCALE 8-10) 1
DPTR FM NORMAL 53
[CDD (BASE 65) ]
TOTAL THIS MO. 0
DPTR FM NORMAL -6 [PRESSURE DATA]
TOTAL FM JAN 1 2989 HIGHEST SLP 30.40 ON 16
DPTR FM NORMAL 564 LOWEST SLP 29.61 ON 8
[REMARKS]
#FINAL-11-22#