000
CXUS54 KAMA 010810
CF6BGD
PRELIMINARY LOCAL CLIMATOLOGICAL DATA (WS FORM: F-6)
STATION: BORGER
MONTH: JANUARY
YEAR: 2023
LATITUDE: 35 42 N
LONGITUDE: 101 24 W
TEMPERATURE IN F: :PCPN: SNOW: WIND :SUNSHINE: SKY :PK WND
================================================================================
1 2 3 4 5 6A 6B 7 8 9 10 11 12 13 14 15 16 17 18
12Z AVG MX 2MIN
DY MAX MIN AVG DEP HDD CDD WTR SNW DPTH SPD SPD DIR MIN PSBL S-S WX SPD DR
================================================================================
1 71 43 57 18 8 0 0.00 M M 7.8 21 220 M M 0 8 29 220
2 62 38 50 11 15 0 T M M 8.8 28 210 M M 2 43 210
3 47 30 39 0 26 0 0.00 M M 6.1 15 330 M M 3 21 330
4 52 26 39 0 26 0 0.00 M M 5.9 17 310 M M 2 24 320
5 55 22 39 0 26 0 0.00 M M 8.6 25 150 M M 0 36 160
6 71 38 55 16 10 0 0.00 M M 11.9 30 220 M M 0 44 230
7 55 27 41 2 24 0 0.00 M M 4.7 13 340 M M 0 17 360
8 66 26 46 7 19 0 0.00 M M 8.1 18 170 M M 0 8 28 170
9 68 36 52 12 13 0 0.00 M M 9.7 20 190 M M 0 30 180
10 73 44 59 19 6 0 0.00 M M 11.8 28 220 M M 0 38 220
11 67 39 53 13 12 0 0.00 M M 18.9 43 220 M M 3 8 62 230
12 52 35 44 4 21 0 0.00 M M 10.5 23 310 M M 2 35 310
13 65 27 46 6 19 0 0.00 M M 7.1 16 160 M M 0 27 160
14 M M M M M M M M M 99.0 99 M M M 0 99 M
15 M M M M M M M M M M M M M M M M M
16 M M M M M M M M M M M M M M M M M
17 65 45 55 15 10 0 M M M 7.6 29 200 M M 3 43 210
18 55 36 46 6 19 0 0.00 M M 15.4 28 230 M M 2 41 240
19 54 31 43 3 22 0 0.00 M M 7.9 21 260 M M 0 29 270
20 58 25 42 2 23 0 0.00 M M 11.8 26 130 M M 0 45 140
21 45 30 38 -2 27 0 0.00 M M 14.2 31 320 M M 7 42 320
22 49 26 38 -2 27 0 0.00 M M 8.0 17 300 M M 2 25 290
23 49 22 36 -5 29 0 0.00 M M 6.0 15 80 M M 3 22 90
24 39 28 34 -7 31 0 0.20 M M 6.5 16 320 M M 9 12 22 290
25 M M M M M M M M M M M M M M M M M
26 47 M M M M M M M M 11.3 24 210 M M 0 34 200
27 56 26 41 0 24 0 0.00 M M 10.9 22 210 M M 0 34 220
28 60 29 45 4 20 0 0.00 M M 10.4 24 10 M M 1 1 33 210
29 30 13 22 -19 43 0 T M M 12.4 21 360 M M 10 1 26 360
30 19 9 14 -27 51 0 T M M 8.9 16 350 M M 10 8 21 330
31 30 13 22 -19 43 0 0.00 M M 4.8 13 20 M M 9 17 360
================================================================================
SM 1460 764 594 0 0.20 M 355.0 M 68
================================================================================
AV 54.1 29.4 12.7 FASTST M M 2 MAX(MPH)
MISC ----> 99 9999 99 9999
================================================================================
NOTES:
# LAST OF SEVERAL OCCURRENCES
COLUMN 17 PEAK WIND IN M.P.H.
PRELIMINARY LOCAL CLIMATOLOGICAL DATA (WS FORM: F-6) , PAGE 2
STATION: BORGER
MONTH: JANUARY
YEAR: 2023
LATITUDE: 35 42 N
LONGITUDE: 101 24 W
[TEMPERATURE DATA] [PRECIPITATION DATA] SYMBOLS USED IN COLUMN 16
AVERAGE MONTHLY: 41.7 TOTAL FOR MONTH: 0.20 1 = FOG OR MIST
DPTR FM NORMAL: 1.6 DPTR FM NORMAL: -0.38 2 = FOG REDUCING VISIBILITY
HIGHEST: 73 ON 10 GRTST 24HR 0.20 ON 24-24 TO 1/4 MILE OR LESS
LOWEST: 9 ON 30 3 = THUNDER
SNOW, ICE PELLETS, HAIL 4 = ICE PELLETS
TOTAL MONTH: M 5 = HAIL
GRTST 24HR M ON M 6 = FREEZING RAIN OR DRIZZLE
GRTST DEPTH: M ON M 7 = DUSTSTORM OR SANDSTORM:
VSBY 1/2 MILE OR LESS
8 = SMOKE OR HAZE
[NO. OF DAYS WITH] [WEATHER - DAYS WITH] 9 = BLOWING SNOW
X = TORNADO
MAX 32 OR BELOW: 3 0.01 INCH OR MORE: 1
MAX 90 OR ABOVE: 0 0.10 INCH OR MORE: 1
MIN 32 OR BELOW: 17 0.50 INCH OR MORE: 0
MIN 0 OR BELOW: 0 1.00 INCH OR MORE: 0
[HDD (BASE 65) ]
TOTAL THIS MO. 594 CLEAR (SCALE 0-3) 23
DPTR FM NORMAL -179 PTCLDY (SCALE 4-7) 1
TOTAL FM JUL 1 1989 CLOUDY (SCALE 8-10) 7
DPTR FM NORMAL -227
[CDD (BASE 65) ]
TOTAL THIS MO. 0
DPTR FM NORMAL 0 [PRESSURE DATA]
TOTAL FM JAN 1 0 HIGHEST SLP M ON M
DPTR FM NORMAL 0 LOWEST SLP 29.55 ON 18
[REMARKS]
#FINAL-01-23#