000
CXUS54 KAMA 010710
CF6BGD
PRELIMINARY LOCAL CLIMATOLOGICAL DATA (WS FORM: F-6)
STATION: BORGER
MONTH: AUGUST
YEAR: 2023
LATITUDE: 35 42 N
LONGITUDE: 101 24 W
TEMPERATURE IN F: :PCPN: SNOW: WIND :SUNSHINE: SKY :PK WND
================================================================================
1 2 3 4 5 6A 6B 7 8 9 10 11 12 13 14 15 16 17 18
12Z AVG MX 2MIN
DY MAX MIN AVG DEP HDD CDD WTR SNW DPTH SPD SPD DIR MIN PSBL S-S WX SPD DR
================================================================================
1 105 82 94 11 0 29 0.00 M M 13.5 21 180 M M 2 33 160
2 104 77 91 8 0 26 0.00 M M 12.8 23 220 M M 0 3 33 220
3 104 82 93 10 0 28 T M M 10.1 22 210 M M 1 3 34 220
4 104 72 88 5 0 23 0.00 M M 6.6 17 180 M M 0 25 180
5 99 72 86 3 0 21 0.10 M M 13.4 26 70 M M 0 38 49 340
6 86 70 78 -4 0 13 0.00 M M 9.6 17 70 M M 4 23 70
7 90 69 80 -2 0 15 0.00 M M 9.0 17 170 M M 2 26 170
8 99 67 83 1 0 18 T M M 10.4 22 70 M M 0 3 30 70
9 94 72 83 1 0 18 0.00 M M 11.5 18 30 M M 0 29 20
10 100 66 83 1 0 18 0.00 M M 8.7 17 140 M M 0 29 180
11 106 80 93 11 0 28 0.00 M M 9.4 20 140 M M 0 3 31 130
12 97 72 85 3 0 20 0.16 M M 7.3 21 80 M M 2 3 31 40
13 100 69 85 3 0 20 0.23 M M 7.6 24 340 M M 1 13 39 290
14 84 66 75 -6 0 10 T M M 8.6 22 20 M M 4 26 10
15 94 63 79 -2 0 14 0.00 M M 6.9 14 160 M M 0 22 190
16 105 71 88 7 0 23 0.00 M M 12.6 21 210 M M 1 30 210
17 102 75 89 8 0 24 0.00 M M 10.7 21 30 M M 0 30 30
18 108 68 88 7 0 23 0.00 M M 8.9 20 220 M M 0 29 180
19 105 78 92 12 0 27 0.00 M M 9.2 17 180 M M 0 28 190
20 102 72 87 7 0 22 0.00 M M 7.0 18 140 M M 0 28 130
21 102 79 91 11 0 26 0.00 M M 9.7 23 120 M M 0 32 120
22 101 75 88 8 0 23 0.00 M M 6.6 17 130 M M 0 26 140
23 99 77 88 8 0 23 0.00 M M 9.8 18 140 M M 0 26 140
24 98 73 86 7 0 21 0.00 M M 9.2 20 210 M M 1 29 220
25 102 78 90 11 0 25 0.00 M M 11.5 20 340 M M 2 29 360
26 84 71 78 -1 0 13 0.00 M M 9.4 18 350 M M 2 26 350
27 92 67 80 1 0 15 0.00 M M 5.2 15 20 M M 2 20 10
28 95 68 82 4 0 17 0.00 M M 4.9 16 40 M M 0 23 30
29 88 70 79 1 0 14 T M M 5.3 17 10 M M 2 22 10
30 95 62 79 1 0 14 0.00 M M 6.2 14 150 M M 0 24 150
31 100 70 85 7 0 20 0.00 M M 13.2 18 170 M M 0 28 170
================================================================================
SM 3044 2233 0 631 0.49 M 284.8 M 26
================================================================================
AV 98.2 72.0 9.2 FASTST M M 1 MAX(MPH)
MISC ----> 26 70 49 340
================================================================================
NOTES:
# LAST OF SEVERAL OCCURRENCES
COLUMN 17 PEAK WIND IN M.P.H.
PRELIMINARY LOCAL CLIMATOLOGICAL DATA (WS FORM: F-6) , PAGE 2
STATION: BORGER
MONTH: AUGUST
YEAR: 2023
LATITUDE: 35 42 N
LONGITUDE: 101 24 W
[TEMPERATURE DATA] [PRECIPITATION DATA] SYMBOLS USED IN COLUMN 16
AVERAGE MONTHLY: 85.1 TOTAL FOR MONTH: 0.49 1 = FOG OR MIST
DPTR FM NORMAL: 4.3 DPTR FM NORMAL: -2.20 2 = FOG REDUCING VISIBILITY
HIGHEST: 108 ON 18 GRTST 24HR 0.32 ON 12-13 TO 1/4 MILE OR LESS
LOWEST: 62 ON 30 3 = THUNDER
SNOW, ICE PELLETS, HAIL 4 = ICE PELLETS
TOTAL MONTH: M 5 = HAIL
GRTST 24HR M ON M 6 = FREEZING RAIN OR DRIZZLE
GRTST DEPTH: M ON M 7 = DUSTSTORM OR SANDSTORM:
VSBY 1/2 MILE OR LESS
8 = SMOKE OR HAZE
[NO. OF DAYS WITH] [WEATHER - DAYS WITH] 9 = BLOWING SNOW
X = TORNADO
MAX 32 OR BELOW: 0 0.01 INCH OR MORE: 3
MAX 90 OR ABOVE: 27 0.10 INCH OR MORE: 3
MIN 32 OR BELOW: 0 0.50 INCH OR MORE: 0
MIN 0 OR BELOW: 0 1.00 INCH OR MORE: 0
[HDD (BASE 65) ]
TOTAL THIS MO. 0 CLEAR (SCALE 0-3) 29
DPTR FM NORMAL -1 PTCLDY (SCALE 4-7) 2
TOTAL FM JUL 1 0 CLOUDY (SCALE 8-10) 0
DPTR FM NORMAL 0
[CDD (BASE 65) ]
TOTAL THIS MO. 631
DPTR FM NORMAL 141 [PRESSURE DATA]
TOTAL FM JAN 1 1847 HIGHEST SLP M ON M
DPTR FM NORMAL 134 LOWEST SLP 29.65 ON 9
[REMARKS]
#FINAL-08-23#