000
CXUS51 KBGM 010603
CLMBGM
CLIMATE REPORT
NATIONAL WEATHER SERVICE BINGHAMTON,NY
103 AM EST THU FEB 01 2024
...................................
...THE BINGHAMTON NY CLIMATE SUMMARY FOR THE MONTH OF JANUARY 2024...
CLIMATE NORMAL PERIOD 1991 TO 2020
CLIMATE RECORD PERIOD 1951 TO 2024
WEATHER OBSERVED NORMAL DEPART LAST YEAR`S
VALUE DATE(S) VALUE FROM VALUE DATE(S)
NORMAL
................................................................
TEMPERATURE (F)
RECORD
HIGH 63 01/08/2008
01/08/1998
01/25/1967
LOW -20 01/15/1957
HIGHEST 59 01/26 28 31 57 01/04
LOWEST 4 01/17 15 -11 13 01/15
01/16
01/31
AVG. MAXIMUM 33.1 29.5 3.6 36.9
AVG. MINIMUM 22.8 15.5 7.3 26.0
MEAN 28.0 22.5 5.5 31.4
DAYS MAX >= 90 0 0.0 0.0 0
DAYS MAX <= 32 16 19.1 -3.1 10
DAYS MIN <= 32 26 28.5 -2.5 27
DAYS MIN <= 0 0 3.2 -3.2 0
PRECIPITATION (INCHES)
RECORD
MAXIMUM 6.39 1979
MINIMUM 0.76 1970
TOTALS 4.62 2.62 2.00 3.37
DAILY AVG. 0.15 0.08 0.07 0.11
DAYS >= .01 20 16.2 3.8 18
DAYS >= .10 11 6.1 4.9 11
DAYS >= .50 4 1.4 2.6 2
DAYS >= 1.00 0 0.3 -0.3 0
GREATEST
24 HR. TOTAL 0.90 01/28 TO 01/29
SNOWFALL (INCHES)
RECORDS
TOTAL 45.9 2005
24 HR TOTAL 18.4 01/13/1964 TO 01/13/1964
SNOW DEPTH 32 01/08/1994
TOTALS 25.4 20.6 4.8 11.8
SINCE 7/1 35.0 46.5 -11.5 MM
SNOWDEPTH AVG. 2 1
DAYS >= TRACE 24 16.5 7.5 18
DAYS >= 1.0 8 6.0 2.0 3
GREATEST
SNOW DEPTH 7 01/08 6 01/23
01/25
24 HR TOTAL 7.3 01/06 TO 01/07
DEGREE DAYS
HEATING TOTAL 1142 1317 -175 1032
SINCE 7/1 3326 4017 -691 MM
COOLING TOTAL 0 0 0 0
SINCE 1/1 0 0 0 MM
................................................................
WIND (MPH)
AVERAGE WIND SPEED 8.6
RESULTANT WIND SPEED/DIRECTION 3/250
HIGHEST WIND SPEED/DIRECTION 36/130 DATE 01/09
HIGHEST GUST SPEED/DIRECTION 52/140 DATE 01/09
SKY COVER
POSSIBLE SUNSHINE (PERCENT) MM
AVERAGE SKY COVER 0.82
NUMBER OF DAYS FAIR 2
NUMBER OF DAYS PC 6
NUMBER OF DAYS CLOUDY 23
AVERAGE RH (PERCENT) 76
WEATHER CONDITIONS. NUMBER OF DAYS WITH
THUNDERSTORM 0 MIXED PRECIP 0
HEAVY RAIN 0 RAIN 4
LIGHT RAIN 8 FREEZING RAIN 1
LT FREEZING RAIN 2 HAIL 0
HEAVY SNOW 2 SNOW 6
LIGHT SNOW 22 SLEET 0
FOG 23 FOG W/VIS <= 1/4 MILE 6
HAZE 7
- INDICATES NEGATIVE NUMBERS.
R INDICATES RECORD WAS SET OR TIED.
MM INDICATES DATA IS MISSING.
T INDICATES TRACE AMOUNT.
$$