000
CXUS55 KBYZ 011100
CF6BHK
PRELIMINARY LOCAL CLIMATOLOGICAL DATA (WS FORM: F-6)
STATION: BAKER MT
MONTH: JANUARY
YEAR: 2024
LATITUDE: 46 20 N
LONGITUDE: 104 15 W
TEMPERATURE IN F: :PCPN: SNOW: WIND :SUNSHINE: SKY :PK WND
================================================================================
1 2 3 4 5 6A 6B 7 8 9 10 11 12 13 14 15 16 17 18
12Z AVG MX 2MIN
DY MAX MIN AVG DEP HDD CDD WTR SNW DPTH SPD SPD DIR MIN PSBL S-S WX SPD DR
================================================================================
1 45 12 29 11 36 0 0.00 M M 8.1 24 290 M M 2 33 280
2 44 20 32 14 33 0 0.00 M M 7.9 16 270 M M 1 12 19 280
3 27 22 25 7 40 0 T M M 11.6 22 140 M M 10 12 28 130
4 31 17 24 6 41 0 0.00 M M 6.9 18 150 M M 5 1 25 140
5 38 13 26 8 39 0 T M M 10.5 31 310 M M 7 1 42 310
6 37 17 27 9 38 0 0.00 M M 7.3 20 320 M M 4 12 26 320
7 28 12 20 2 45 0 0.00 M M 5.8 12 110 M M 7 1 15 120
8 20 6 13 -5 52 0 T M M 10.2 18 300 M M 5 18 25 290
9 35 10 23 5 42 0 T M M 9.9 20 210 M M 4 26 230
10 30 -3 14 -4 51 0 0.00 M M 15.0 25 320 M M 5 31 320
11 2 -8 -3 -21 68 0 T M M 10.4 18 320 M M 5 23 310
12 -4 -29 -16 -34 81 0 0.01 M M 14.4 24 320 M M 8 8 32 310
13 -20 -33 -26 -44 91 0 0.00 M M 16.1 26 290 M M 0 8 35 280
14 -12 -31 -21 -39 86 0 0.00 M M 8.5 17 300 M M 2 22 300
15 -8 -24 -16 -34 81 0 T M M 17.7 29 290 M M 1 8 40 290
16 16 -17 0 -18 65 0 T M M 14.7 28 290 M M 5 1 39 280
17 17 5 11 -7 54 0 0.04 M M 5.8 12 80 M M 10 18 15 290
18 5 -9 -2 -20 67 0 0.06 M M 17.9 30 310 M M 8 18 39 310
19 0 -16 -8 -26 73 0 0.00 M M 10.8 21 280 M M 0 24 140
20 17 -10 4 -14 61 0 0.00 M M 16.3 26 140 M M 2 33 150
21 41 8 25 7 40 0 0.00 M M 4.8 18 270 M M 4 1 22 280
22 34 18 26 8 39 0 0.00 M M 12.2 29 150 M M 10 12 38 140
23 43 19 31 13 34 0 0.00 M M 9.8 28 140 M M 5 1 35 140
24 47 18 33 15 32 0 0.00 M M 3.2 14 260 M M 1 1 16 260
25 48 17 33 15 32 0 0.00 M M 3.2 12 260 M M 0 15 250
26 43 18 31 13 34 0 0.00 M M 5.7 20 260 M M 0 24 260
27 51 16 34 16 31 0 0.00 M M 5.5 17 210 M M 0 22 220
28 53 29 41 23 24 0 0.00 M M 8.1 20 280 M M 0 26 280
29 51 30 41 23 24 0 0.00 M M 6.8 21 290 M M 2 27 290
30 58 29 44 26 21 0 0.00 M M 8.0 20 270 M M 0 26 280
31 62 26 44 26 21 0 0.00 M M 3.7 9 130 M M 0 11 270
================================================================================
SM 879 182 1476 0 0.11 M 296.8 M 113
================================================================================
AV 28.4 5.9 9.6 FASTST M M 4 MAX(MPH)
MISC ----> 31 310 42 310
================================================================================
NOTES:
# LAST OF SEVERAL OCCURRENCES
COLUMN 17 PEAK WIND IN M.P.H.
PRELIMINARY LOCAL CLIMATOLOGICAL DATA (WS FORM: F-6) , PAGE 2
STATION: BAKER MT
MONTH: JANUARY
YEAR: 2024
LATITUDE: 46 20 N
LONGITUDE: 104 15 W
[TEMPERATURE DATA] [PRECIPITATION DATA] SYMBOLS USED IN COLUMN 16
AVERAGE MONTHLY: 17.1 TOTAL FOR MONTH: 0.11 1 = FOG OR MIST
DPTR FM NORMAL: -0.6 DPTR FM NORMAL: -0.11 2 = FOG REDUCING VISIBILITY
HIGHEST: 62 ON 31 GRTST 24HR 0.08 ON 18-18 TO 1/4 MILE OR LESS
LOWEST: -33 ON 13 3 = THUNDER
SNOW, ICE PELLETS, HAIL 4 = ICE PELLETS
TOTAL MONTH: M 5 = HAIL
GRTST 24HR M ON M 6 = FREEZING RAIN OR DRIZZLE
GRTST DEPTH: M ON M 7 = DUSTSTORM OR SANDSTORM:
VSBY 1/2 MILE OR LESS
8 = SMOKE OR HAZE
[NO. OF DAYS WITH] [WEATHER - DAYS WITH] 9 = BLOWING SNOW
X = TORNADO
MAX 32 OR BELOW: 15 0.01 INCH OR MORE: 3
MAX 90 OR ABOVE: 0 0.10 INCH OR MORE: 0
MIN 32 OR BELOW: 31 0.50 INCH OR MORE: 0
MIN 0 OR BELOW: 10 1.00 INCH OR MORE: 0
[HDD (BASE 65) ]
TOTAL THIS MO. 1476 CLEAR (SCALE 0-3) 15
DPTR FM NORMAL 8 PTCLDY (SCALE 4-7) 11
TOTAL FM JUL 1 4359 CLOUDY (SCALE 8-10) 5
DPTR FM NORMAL -458
[CDD (BASE 65) ]
TOTAL THIS MO. 0
DPTR FM NORMAL 0 [PRESSURE DATA]
TOTAL FM JAN 1 0 HIGHEST SLP 30.74 ON 19
DPTR FM NORMAL 0 LOWEST SLP 29.30 ON 10
[REMARKS]
#FINAL-01-24#