000
CXUS55 KBYZ 011037
CLMBIL
CLIMATE REPORT
NATIONAL WEATHER SERVICE BILLINGS MT
437 AM MDT FRI SEP 01 2023
...................................
...THE BILLINGS MT CLIMATE SUMMARY FOR THE MONTH OF AUGUST 2023...
CLIMATE NORMAL PERIOD 1991 TO 2020
CLIMATE RECORD PERIOD 1934 TO 2023
WEATHER OBSERVED NORMAL DEPART
VALUE DATE(S) VALUE FROM
NORMAL
................................................
TEMPERATURE (F)
HIGHEST 101 08/15
LOWEST 52 08/14
AVG. MAXIMUM 86.1 85.8 0.3
AVG. MINIMUM 60.6 57.5 3.1
MEAN 73.4 71.6 1.8
DAYS MAX >= 90 10
DAYS MAX <= 32 0
DAYS MIN <= 32 0
DAYS MIN <= 0 0
PRECIPITATION (INCHES)
TOTALS 1.29 0.87 0.42
DAYS >= .01 9
DAYS >= .10 5
DAYS >= .50 0
DAYS >= 1.00 0
GREATEST
24 HR. TOTAL 0.37 08/20 TO 08/21
SNOWFALL (INCHES)
TOTALS TR 0.0 0.0
SINCE 7/1 T 0.0 0.0
SNOWDEPTH AVG. 0
DAYS >= TRACE 1
DAYS >= 1.0 0
GREATEST
SNOW DEPTH 0
24 HR TOTAL MM
DEGREE DAYS
HEATING TOTAL 8 24 -16
SINCE 7/1 16 34 -18
COOLING TOTAL 277 230 47
SINCE 1/1 632 595 37
................................................
WIND (MPH)
AVERAGE WIND SPEED 9.0
HIGHEST WIND SPEED/DIRECTION 43/300 DATE 08/30
HIGHEST GUST SPEED/DIRECTION 59/190 DATE 08/21
AVERAGE RH (PERCENT) 49
WEATHER CONDITIONS. NUMBER OF DAYS WITH
THUNDERSTORM 4 MIXED PRECIP 0
HEAVY RAIN 2 RAIN 4
LIGHT RAIN 13 FREEZING RAIN 0
LT FREEZING RAIN 0 HAIL 1
HEAVY SNOW 0 SNOW 0
LIGHT SNOW 0 SLEET 0
FOG 4 FOG W/VIS <= 1/4 MILE 0
HAZE 3
- INDICATES NEGATIVE NUMBERS.
R INDICATES RECORD WAS SET OR TIED.
MM INDICATES DATA IS MISSING.
T INDICATES TRACE AMOUNT.
$$