000
CXUS53 KBIS 010830
CF6BIS
PRELIMINARY LOCAL CLIMATOLOGICAL DATA (WS FORM: F-6)
STATION: BISMARCK ND
MONTH: JUNE
YEAR: 2022
LATITUDE: 46 46 N
LONGITUDE: 100 45 W
TEMPERATURE IN F: :PCPN: SNOW: WIND :SUNSHINE: SKY :PK WND
================================================================================
1 2 3 4 5 6A 6B 7 8 9 10 11 12 13 14 15 16 17 18
12Z AVG MX 2MIN
DY MAX MIN AVG DEP HDD CDD WTR SNW DPTH SPD SPD DIR MIN PSBL S-S WX SPD DR
================================================================================
1 73 37 55 -6 10 0 0.00 0.0 0 9.7 22 310 M M 2 33 290
2 74 38 56 -6 9 0 0.00 0.0 0 13.1 30 320 M M 0 46 330
3 82 35 59 -3 6 0 0.00 0.0 0 5.4 17 290 M M 0 21 290
4 78 40 59 -3 6 0 0.00 0.0 0 3.7 14 110 M M 0 19 120
5 72 43 58 -5 7 0 0.02 0.0 0 6.8 15 60 M M 6 19 70
6 63 51 57 -6 8 0 T 0.0 0 6.8 16 90 M M 10 24 60
7 68 50 59 -4 6 0 T 0.0 0 4.1 10 40 M M 10 12 30
8 77 52 65 1 0 0 0.00 0.0 0 3.4 12 170 M M 7 16 180
9 78 47 63 -1 2 0 0.00 0.0 0 5.2 16 210 M M 2 21 200
10 83 51 67 3 0 2 T 0.0 0 6.1 18 180 M M 2 25 170
11 88 64 76 12 0 11 0.00 0.0 0 8.1 18 330 M M 1 32 330
12 87 55 71 6 0 6 0.04 0.0 0 7.9 20 270 M M 3 3 25 280
13 83 61 72 7 0 7 0.45 0.0 0 10.0 35 100 M M 7 13 45 100
14 75 55 65 0 0 0 0.03 0.0 0 12.8 30 270 M M 5 18 41 280
15 72 45 59 -6 6 0 T 0.0 0 18.6 40 260 M M 5 59 270
16 80 58 69 3 0 4 0.00 0.0 0 16.9 32 270 M M 5 48 280
17 87 50 69 3 0 4 0.00 0.0 M 12.7 26 130 M M 0 36 140
18 101 69 85 19 0 20 0.00 0.0 M 18.1 33 160 M M 0 45 160
19 100 68 84 18 0 19 0.09 0.0 0 13.2 26 230 M M 0 13 43 240
20 82 60 71 4 0 6 0.58 0.0 0 7.6 41 290 M M 4 13 62 280
21 77 56 67 0 0 2 T 0.0 0 14.2 32 280 M M 2 50 280
22 86 52 69 2 0 4 0.00 0.0 0 6.2 17 200 M M 0 24 170
23 95 56 76 9 0 11 0.00 0.0 0 4.4 15 150 M M 0 20 140
24 89 61 75 7 0 10 T 0.0 0 10.3 37 330 M M 2 54 350
25 70 56 63 -5 2 0 T 0.0 0 19.6 33 270 M M 6 49 290
26 79 50 65 -3 0 0 0.00 0.0 0 9.6 22 330 M M 1 30 290
27 88 47 68 0 0 3 0.00 0.0 0 5.2 16 10 M M 1 22 20
28 82 50 66 -2 0 1 0.00 0.0 0 8.7 20 50 M M 0 28 40
29 94 59 77 8 0 12 T 0.0 0 9.0 21 90 M M 0 28 90
30 82 60 71 2 0 6 0.00 0.0 M 11.5 28 340 M M 1 37 340
================================================================================
SM 2445 1576 62 128 1.21 0.0 288.9 M 82
================================================================================
AV 81.5 52.5 9.6 FASTST M M 3 MAX(MPH)
MISC ----> 41 290 62 280
================================================================================
NOTES:
# LAST OF SEVERAL OCCURRENCES
COLUMN 17 PEAK WIND IN M.P.H.
PRELIMINARY LOCAL CLIMATOLOGICAL DATA (WS FORM: F-6) , PAGE 2
STATION: BISMARCK ND
MONTH: JUNE
YEAR: 2022
LATITUDE: 46 46 N
LONGITUDE: 100 45 W
[TEMPERATURE DATA] [PRECIPITATION DATA] SYMBOLS USED IN COLUMN 16
AVERAGE MONTHLY: 67.0 TOTAL FOR MONTH: 1.21 1 = FOG OR MIST
DPTR FM NORMAL: 1.6 DPTR FM NORMAL: -2.15 2 = FOG REDUCING VISIBILITY
HIGHEST: 101 ON 18 GRTST 24HR 0.67 ON 19-20 TO 1/4 MILE OR LESS
LOWEST: 35 ON 3 3 = THUNDER
SNOW, ICE PELLETS, HAIL 4 = ICE PELLETS
TOTAL MONTH: 0.0 INCH 5 = HAIL
GRTST 24HR 0.0 6 = FREEZING RAIN OR DRIZZLE
GRTST DEPTH: 0 7 = DUSTSTORM OR SANDSTORM:
VSBY 1/2 MILE OR LESS
8 = SMOKE OR HAZE
[NO. OF DAYS WITH] [WEATHER - DAYS WITH] 9 = BLOWING SNOW
X = TORNADO
MAX 32 OR BELOW: 0 0.01 INCH OR MORE: 6
MAX 90 OR ABOVE: 4 0.10 INCH OR MORE: 2
MIN 32 OR BELOW: 0 0.50 INCH OR MORE: 1
MIN 0 OR BELOW: 0 1.00 INCH OR MORE: 0
[HDD (BASE 65) ]
TOTAL THIS MO. 62 CLEAR (SCALE 0-3) 20
DPTR FM NORMAL -15 PTCLDY (SCALE 4-7) 8
TOTAL FM JUL 1 8058 CLOUDY (SCALE 8-10) 2
DPTR FM NORMAL -412
[CDD (BASE 65) ]
TOTAL THIS MO. 128
DPTR FM NORMAL 40 [PRESSURE DATA]
TOTAL FM JAN 1 129 HIGHEST SLP 30.32 ON 26
DPTR FM NORMAL 24 LOWEST SLP 29.40 ON 14
[REMARKS]
#FINAL-06-22#