000
CXUS53 KBIS 011624
CLSBIS
CLIMATE REPORT
NATIONAL WEATHER SERVICE BISMARCK, ND
1116 AM CDT FRI SEP 01 2023
...................................
...THE BISMARCK ND CLIMATE SUMMARY FOR THE SEASON, FROM
6/1/2023 TO 8/31/2023...
CLIMATE NORMAL PERIOD: 1991 TO 2020
CLIMATE RECORD PERIOD: 1875 TO 2023
WEATHER OBSERVED NORMAL DEPART LAST YEAR`S
VALUE DATE(S) VALUE FROM VALUE DATE(S)
NORMAL
................................................................
TEMPERATURE (F)
RECORD
HIGH 114 07/06/1936
LOW 30 06/02/1969
HIGHEST 101 07/26 MM MM 103 08/04
LOWEST 44 07/17 MM MM 35 06/03
AVG. MAXIMUM 83.0 82.0 1.0 85.1
AVG. MINIMUM 57.9 55.5 2.4 57.9
MEAN 70.4 68.8 1.6 71.5
DAYS MAX >= 90 21 17.9 3.1 28
DAYS MAX <= 32 0 0.0 0.0 0
DAYS MIN <= 32 0 0.1 -0.1 0
DAYS MIN <= 0 0 0.0 0.0 0
PRECIPITATION (INCHES)
RECORD
MAXIMUM 14.22 2001
MINIMUM 4.25 2021
TOTALS 9.01 8.93 0.08 6.18
DAILY AVG. 0.10 0.10 0.00 0.07
DAYS >= .01 25 29.3 -4.3 19
DAYS >= .10 16 16.8 -0.8 9
DAYS >= .50 8 5.6 2.4 5
DAYS >= 1.00 2 1.8 0.2 2
GREATEST
24 HR. TOTAL 1.72 1.56 07/04 TO 07/04
STORM TOTAL 1.72 1.56
(MM/DD(HH)) MM
SNOWFALL (INCHES)
RECORDS
TOTAL T 2023
TOTALS TR 0.0
SINCE 7/1 T
DEGREE DAYS
HEATING TOTAL 51
COOLING TOTAL 567
................................................................
WIND (MPH)
HIGHEST WIND SPEED/DIRECTION 36/280 DATE 07/28
HIGHEST GUST SPEED/DIRECTION 48/280 DATE 06/24
- INDICATES NEGATIVE NUMBERS.
R INDICATES RECORD WAS SET OR TIED.
MM INDICATES DATA IS MISSING.
T INDICATES TRACE AMOUNT.
...................................