000
CXUS53 KGRR 011017
CF6BIV
PRELIMINARY LOCAL CLIMATOLOGICAL DATA (WS FORM: F-6)
STATION: HOLLAND
MONTH: OCTOBER
YEAR: 2020
LATITUDE: 42 49 N
LONGITUDE: 86 10 W
TEMPERATURE IN F: :PCPN: SNOW: WIND :SUNSHINE: SKY :PK WND
================================================================================
1 2 3 4 5 6A 6B 7 8 9 10 11 12 13 14 15 16 17 18
12Z AVG MX 2MIN
DY MAX MIN AVG DEP HDD CDD WTR SNW DPTH SPD SPD DIR MIN PSBL S-S WX SPD DR
================================================================================
1 58 43 51 -7 14 0 0.44 M M 7.0 15 330 M M 6 1 26 300
2 52 39 46 -11 19 0 0.02 M M 3.3 12 340 M M 9 18 160
3 56 42 49 -8 16 0 0.17 M M 4.2 14 170 M M 10 1 18 170
4 58 40 49 -7 16 0 0.45 M M 3.6 15 340 M M 8 1 25 340
5 60 36 48 -8 17 0 0.00 M M 8.2 21 230 M M 2 30 220
6 66 48 57 1 8 0 0.00 M M 12.8 22 230 M M 0 33 220
7 67 44 56 0 9 0 0.00 M M 9.6 26 230 M M 2 39 240
8 64 41 53 -2 12 0 0.00 M M 3.4 15 300 M M 0 12 24 290
9 77 39 58 3 7 0 0.00 M M 11.5 28 220 M M 0 37 220
10 72 50 61 7 4 0 0.00 M M 11.8 25 220 M M 2 37 220
11 69 48 59 5 6 0 0.00 M M 9.9 17 100 M M 3 24 100
12 70 51 61 7 4 0 0.41 M M 10.5 29 260 M M 5 13 43 260
13 66 43 55 1 10 0 0.00 M M 9.4 24 190 M M 1 35 240
14 69 41 55 2 10 0 0.01 M M 7.6 21 150 M M 3 32 280
15 61 46 54 1 11 0 T M M 11.6 23 250 M M 6 36 280
16 54 32 43 -10 22 0 0.03 M M 11.3 33 250 M M 5 46 240
17 57 31 44 -8 21 0 T M M 11.6 23 180 M M 6 35 180
18 57 36 47 -5 18 0 0.22 M M 5.9 24 190 M M 9 1 34 180
19 50 35 43 -9 22 0 T M M 3.3 12 100 M M 6 16 100
20 52 40 46 -5 19 0 0.20 M M 7.4 17 110 M M 7 13 23 100
21 55 43 49 -2 16 0 0.13 M M 8.8 22 260 M M 7 1 30 290
22 68 43 56 5 9 0 0.52 M M 9.4 17 110 M M 7 18 23 110
23 72 40 56 6 9 0 0.75 M M 12.3 29 220 M M 8 13 40 230
24 47 34 41 -9 24 0 T M M 3.2 9 340 M M 4 15 360
25 48 37 43 -7 22 0 0.00 M M 3.8 12 70 M M 6 15 80
26 42 38 40 -9 25 0 0.05 M M 3.2 12 20 M M 10 1 17 10
27 39 36 38 -11 27 0 0.25 M M 4.0 9 180 M M 10 1 12 190
28 50 34 42 -7 23 0 0.00 M M 10.3 21 240 M M 0 1 28 250
29 48 39 44 -4 21 0 0.00 M M 6.3 16 30 M M 6 26 20
30 39 36 38 -10 27 0 0.00 M M 4.0 9 20 M M 10 15 40
31 55 29 42 -6 23 0 0.01 M M 12.7 30 200 M M 4 42 200
================================================================================
SM 1798 1234 491 0 3.66 M 241.9 M 162
================================================================================
AV 58.0 39.8 7.8 FASTST M M 5 MAX(MPH)
MISC ----> # 33 250 # 46 240
================================================================================
NOTES:
# LAST OF SEVERAL OCCURRENCES
COLUMN 17 PEAK WIND IN M.P.H.
PRELIMINARY LOCAL CLIMATOLOGICAL DATA (WS FORM: F-6) , PAGE 2
STATION: HOLLAND
MONTH: OCTOBER
YEAR: 2020
LATITUDE: 42 49 N
LONGITUDE: 86 10 W
[TEMPERATURE DATA] [PRECIPITATION DATA] SYMBOLS USED IN COLUMN 16
AVERAGE MONTHLY: 48.9 TOTAL FOR MONTH: 3.66 1 = FOG OR MIST
DPTR FM NORMAL: -3.7 DPTR FM NORMAL: 0.07 2 = FOG REDUCING VISIBILITY
HIGHEST: 77 ON 9 GRTST 24HR 0.75 ON 23-23 TO 1/4 MILE OR LESS
LOWEST: 29 ON 31 3 = THUNDER
SNOW, ICE PELLETS, HAIL 4 = ICE PELLETS
TOTAL MONTH: M 5 = HAIL
GRTST 24HR M ON M 6 = FREEZING RAIN OR DRIZZLE
GRTST DEPTH: M ON M 7 = DUSTSTORM OR SANDSTORM:
VSBY 1/2 MILE OR LESS
8 = SMOKE OR HAZE
[NO. OF DAYS WITH] [WEATHER - DAYS WITH] 9 = BLOWING SNOW
X = TORNADO
MAX 32 OR BELOW: 0 0.01 INCH OR MORE: 15
MAX 90 OR ABOVE: 0 0.10 INCH OR MORE: 10
MIN 32 OR BELOW: 3 0.50 INCH OR MORE: 2
MIN 0 OR BELOW: 0 1.00 INCH OR MORE: 0
[HDD (BASE 65) ]
TOTAL THIS MO. 491 CLEAR (SCALE 0-3) 10
DPTR FM NORMAL 96 PTCLDY (SCALE 4-7) 15
TOTAL FM JUL 1 625 CLOUDY (SCALE 8-10) 6
DPTR FM NORMAL 100
[CDD (BASE 65) ]
TOTAL THIS MO. 0
DPTR FM NORMAL -11 [PRESSURE DATA]
TOTAL FM JAN 1 768 HIGHEST SLP 30.39 ON 30
DPTR FM NORMAL 75 LOWEST SLP 29.48 ON 14
[REMARKS]
#FINAL-10-20#