000
CXUS56 KBOI 281002
CF6BKE
PRELIMINARY LOCAL CLIMATOLOGICAL DATA (WS FORM: F-6)
STATION: BAKER OR
MONTH: FEBRUARY
YEAR: 2023
LATITUDE: 44 50 N
LONGITUDE: 117 49 W
TEMPERATURE IN F: :PCPN: SNOW: WIND :SUNSHINE: SKY :PK WND
================================================================================
1 2 3 4 5 6A 6B 7 8 9 10 11 12 13 14 15 16 17 18
12Z AVG MX 2MIN
DY MAX MIN AVG DEP HDD CDD WTR SNW DPTH SPD SPD DIR MIN PSBL S-S WX SPD DR
================================================================================
1 29 13 21 -10 44 0 0.00 M M 5.8 17 120 M M 1 22 120
2 36 9 23 -8 42 0 0.00 M M 10.6 23 110 M M 0 31 120
3 41 26 34 3 31 0 0.00 M M 12.3 26 130 M M 3 40 140
4 44 26 35 4 30 0 0.00 M M 6.9 20 110 M M 8 24 110
5 41 31 36 5 29 0 T M M 8.0 23 130 M M 10 1 30 120
6 42 24 33 1 32 0 0.00 M M 4.1 18 350 M M 7 25 360
7 43 19 31 -1 34 0 0.01 M M 4.6 22 150 M M 5 1 26 150
8 40 14 27 -5 38 0 T M M 3.3 13 20 M M 4 12 16 340
9 40 18 29 -3 36 0 0.00 M M 10.1 24 140 M M 0 33 120
10 40 23 32 0 33 0 0.00 M M 8.6 20 90 M M 0 26 80
11 48 14 31 -1 34 0 0.00 M M 5.0 22 340 M M 0 28 340
12 49 14 32 -1 33 0 0.00 M M 2.4 9 90 M M 0 11 110
13 36 17 27 -6 38 0 0.09 M M 6.1 25 330 M M 4 12 34 330
14 35 21 28 -5 37 0 0.00 M M 13.5 26 330 M M 6 33 330
15 41 17 29 -5 36 0 0.00 M M 5.5 13 330 M M 2 18 300
16 38 12 25 -9 40 0 0.00 M M 9.0 24 130 M M 0 30 130
17 40 19 30 -4 35 0 0.00 M M 5.1 15 90 M M 1 19 140
18 36 19 28 -6 37 0 0.00 M M 2.4 10 60 M M 7 16 60
19 45 20 33 -1 32 0 0.00 M M 1.7 9 10 M M 5 14 20
20 51 26 39 4 26 0 0.00 M M 5.4 16 20 M M 4 22 190
21 49 22 36 1 29 0 0.02 M M 12.5 38 300 M M 5 1 48 300
22 33 14 24 -11 41 0 0.05 M M 7.3 23 340 M M 5 128 31 350
23 26 3 15 -21 50 0 0.07 M M 3.6 15 130 M M 9 12 19 120
24 32 7 20 -16 45 0 0.00 M M 1.7 12 50 M M 4 15 40
25 42 6 24 -12 41 0 0.00 M M 7.8 20 110 M M 0 32 120
26 39 18 29 -7 36 0 0.03 M M 8.5 23 330 M M 5 18 33 320
27 33 13 23 -14 42 0 T M M 9.4 22 120 M M 5 18 30 120
================================================================================
SM 1069 465 981 0 0.27 M 181.2 M 100
================================================================================
AV 39.6 17.2 6.7 FASTST M M 4 MAX(MPH)
MISC ----> 38 300 48 300
================================================================================
NOTES:
# LAST OF SEVERAL OCCURRENCES
COLUMN 17 PEAK WIND IN M.P.H.
PRELIMINARY LOCAL CLIMATOLOGICAL DATA (WS FORM: F-6) , PAGE 2
STATION: BAKER OR
MONTH: FEBRUARY
YEAR: 2023
LATITUDE: 44 50 N
LONGITUDE: 117 49 W
[TEMPERATURE DATA] [PRECIPITATION DATA] SYMBOLS USED IN COLUMN 16
AVERAGE MONTHLY: 28.4 TOTAL FOR MONTH: 0.27 1 = FOG OR MIST
DPTR FM NORMAL: -5.0 DPTR FM NORMAL: -0.30 2 = FOG REDUCING VISIBILITY
HIGHEST: 51 ON 20 GRTST 24HR 0.09 ON 13-13 TO 1/4 MILE OR LESS
LOWEST: 3 ON 23 3 = THUNDER
SNOW, ICE PELLETS, HAIL 4 = ICE PELLETS
TOTAL MONTH: M 5 = HAIL
GRTST 24HR M ON M 6 = FREEZING RAIN OR DRIZZLE
GRTST DEPTH: M ON M 7 = DUSTSTORM OR SANDSTORM:
VSBY 1/2 MILE OR LESS
8 = SMOKE OR HAZE
[NO. OF DAYS WITH] [WEATHER - DAYS WITH] 9 = BLOWING SNOW
X = TORNADO
MAX 32 OR BELOW: 3 0.01 INCH OR MORE: 6
MAX 90 OR ABOVE: 0 0.10 INCH OR MORE: 0
MIN 32 OR BELOW: 27 0.50 INCH OR MORE: 0
MIN 0 OR BELOW: 0 1.00 INCH OR MORE: 0
[HDD (BASE 65) ]
TOTAL THIS MO. 981 CLEAR (SCALE 0-3) 11
DPTR FM NORMAL 129 PTCLDY (SCALE 4-7) 13
TOTAL FM JUL 1 5213 CLOUDY (SCALE 8-10) 3
DPTR FM NORMAL 413
[CDD (BASE 65) ]
TOTAL THIS MO. 0
DPTR FM NORMAL 0 [PRESSURE DATA]
TOTAL FM JAN 1 0 HIGHEST SLP M ON M
DPTR FM NORMAL 0 LOWEST SLP 29.43 ON 21
[REMARKS]