000
CXUS56 KBOI 011002
CF6BKE
PRELIMINARY LOCAL CLIMATOLOGICAL DATA (WS FORM: F-6)
STATION: BAKER OR
MONTH: FEBRUARY
YEAR: 2021
LATITUDE: 44 50 N
LONGITUDE: 117 49 W
TEMPERATURE IN F: :PCPN: SNOW: WIND :SUNSHINE: SKY :PK WND
================================================================================
1 2 3 4 5 6A 6B 7 8 9 10 11 12 13 14 15 16 17 18
12Z AVG MX 2MIN
DY MAX MIN AVG DEP HDD CDD WTR SNW DPTH SPD SPD DIR MIN PSBL S-S WX SPD DR
================================================================================
1 50 38 44 18 21 0 0.00 M M 13.9 22 120 M M 6 31 120
2 50 32 41 14 24 0 0.01 M M 10.4 23 90 M M 7 32 90
3 40 30 35 8 30 0 T M M 7.7 21 180 M M 7 25 180
4 42 24 33 6 32 0 0.00 M M 2.8 8 350 M M 7 11 30
5 51 28 40 13 25 0 T M M 9.0 29 320 M M 5 37 330
6 51 24 38 11 27 0 0.00 M M 11.5 29 330 M M 2 38 330
7 44 25 35 7 30 0 0.00 M M 10.4 26 340 M M 1 38 340
8 40 24 32 4 33 0 T M M 4.4 16 330 M M 7 23 320
9 40 19 30 2 35 0 0.00 M M 3.4 10 310 M M 2 16 320
10 42 13 28 0 37 0 0.00 M M 4.5 16 310 M M 0 24 320
11 32 24 28 0 37 0 0.01 M M 6.7 18 330 M M 10 22 330
12 24 19 22 -6 43 0 0.06 M M 8.1 18 340 M M 10 24 350
13 26 7 17 -12 48 0 0.04 M M 4.7 22 320 M M 8 18 28 320
14 30 5 18 -11 47 0 0.02 M M 2.3 6 290 M M 9 18 7 290
15 39 27 33 4 32 0 0.14 M M 3.2 13 30 M M 10 18 16 20
16 41 29 35 5 30 0 T M M 11.8 28 330 M M 9 40 320
17 38 19 29 -1 36 0 T M M 8.7 21 350 M M 5 26 350
18 34 15 25 -5 40 0 0.03 M M 10.7 24 110 M M 5 33 120
19 37 24 31 1 34 0 0.22 M M 3.0 12 120 M M 10 128 13 310
20 37 16 27 -4 38 0 T M M 2.1 9 140 M M 5 128 14 320
21 37 16 27 -4 38 0 T M M 3.4 10 20 M M 8 128 13 240
22 46 27 37 6 28 0 0.02 M M 6.0 26 300 M M 10 128 34 300
23 43 28 36 4 29 0 0.01 M M 9.1 26 310 M M 4 1 36 320
24 40 19 30 -2 35 0 0.00 M M 10.9 22 330 M M 3 28 330
25 39 17 28 -4 37 0 T M M 6.8 22 100 M M 8 28 90
26 41 25 33 1 32 0 0.02 M M 12.0 33 320 M M 7 45 320
27 38 21 30 -3 35 0 T M M 8.6 28 330 M M 4 8 35 320
28 40 17 29 -4 36 0 0.00 M M 5.0 16 70 M M 3 19 50
================================================================================
SM 1112 612 949 0 0.58 M 201.1 M 172
================================================================================
AV 39.7 21.9 7.2 FASTST M M 6 MAX(MPH)
MISC ----> 33 320 45 320
================================================================================
NOTES:
# LAST OF SEVERAL OCCURRENCES
COLUMN 17 PEAK WIND IN M.P.H.
PRELIMINARY LOCAL CLIMATOLOGICAL DATA (WS FORM: F-6) , PAGE 2
STATION: BAKER OR
MONTH: FEBRUARY
YEAR: 2021
LATITUDE: 44 50 N
LONGITUDE: 117 49 W
[TEMPERATURE DATA] [PRECIPITATION DATA] SYMBOLS USED IN COLUMN 16
AVERAGE MONTHLY: 30.8 TOTAL FOR MONTH: 0.58 1 = FOG OR MIST
DPTR FM NORMAL: 1.4 DPTR FM NORMAL: 0.00 2 = FOG REDUCING VISIBILITY
HIGHEST: 51 ON 6, 5 GRTST 24HR 0.22 ON 18-19 TO 1/4 MILE OR LESS
LOWEST: 5 ON 14 3 = THUNDER
SNOW, ICE PELLETS, HAIL 4 = ICE PELLETS
TOTAL MONTH: M 5 = HAIL
GRTST 24HR M ON M 6 = FREEZING RAIN OR DRIZZLE
GRTST DEPTH: M ON M 7 = DUSTSTORM OR SANDSTORM:
VSBY 1/2 MILE OR LESS
8 = SMOKE OR HAZE
[NO. OF DAYS WITH] [WEATHER - DAYS WITH] 9 = BLOWING SNOW
X = TORNADO
MAX 32 OR BELOW: 4 0.01 INCH OR MORE: 11
MAX 90 OR ABOVE: 0 0.10 INCH OR MORE: 2
MIN 32 OR BELOW: 27 0.50 INCH OR MORE: 0
MIN 0 OR BELOW: 0 1.00 INCH OR MORE: 0
[HDD (BASE 65) ]
TOTAL THIS MO. 949 CLEAR (SCALE 0-3) 6
DPTR FM NORMAL -48 PTCLDY (SCALE 4-7) 13
TOTAL FM JUL 1 4508 CLOUDY (SCALE 8-10) 9
DPTR FM NORMAL -1010
[CDD (BASE 65) ]
TOTAL THIS MO. 0
DPTR FM NORMAL 0 [PRESSURE DATA]
TOTAL FM JAN 1 0 HIGHEST SLP 30.57 ON 24
DPTR FM NORMAL 0 LOWEST SLP 29.66 ON 15
[REMARKS]
#FINAL-02-21#